216.73.216.156 - - [26/Dec/2025:07:29:41 -0500] "GET /3940049355 HTTP/1.1" 500 0 "-" "Mozilla/5.0 AppleWebKit/537.36 (KHTML, like Gecko; compatible; ClaudeBot/1.0; +claudebot@anthropic.com)"
66.249.75.32 - - [26/Dec/2025:07:29:46 -0500] "GET /1083336750 HTTP/1.1" 200 24521 "-" "Mozilla/5.0 (Linux; Android 6.0.1; Nexus 5X Build/MMB29P) AppleWebKit/537.36 (KHTML, like Gecko) Chrome/141.0.7390.122 Mobile Safari/537.36 (compatible; GoogleOther)"
216.73.216.156 - - [26/Dec/2025:07:29:46 -0500] "GET /3930708256 HTTP/1.1" 500 0 "-" "Mozilla/5.0 AppleWebKit/537.36 (KHTML, like Gecko; compatible; ClaudeBot/1.0; +claudebot@anthropic.com)"
17.241.219.218 - - [26/Dec/2025:07:29:47 -0500] "GET /?g=3440092ddfif9 HTTP/1.1" 500 0 "-" "Mozilla/5.0 (Macintosh; Intel Mac OS X 10_15_7) AppleWebKit/605.1.15 (KHTML, like Gecko) Version/17.4 Safari/605.1.15 (Applebot/0.1; +http://www.apple.com/go/applebot)"
216.73.216.156 - - [26/Dec/2025:07:29:51 -0500] "GET /1343572285 HTTP/1.1" 500 0 "-" "Mozilla/5.0 AppleWebKit/537.36 (KHTML, like Gecko; compatible; ClaudeBot/1.0; +claudebot@anthropic.com)"
216.73.216.156 - - [26/Dec/2025:07:29:56 -0500] "GET /124146125 HTTP/1.1" 500 0 "-" "Mozilla/5.0 AppleWebKit/537.36 (KHTML, like Gecko; compatible; ClaudeBot/1.0; +claudebot@anthropic.com)"
216.73.216.156 - - [26/Dec/2025:07:30:01 -0500] "GET /3028293827 HTTP/1.1" 500 0 "-" "Mozilla/5.0 AppleWebKit/537.36 (KHTML, like Gecko; compatible; ClaudeBot/1.0; +claudebot@anthropic.com)"
216.73.216.156 - - [26/Dec/2025:07:30:06 -0500] "GET /2467092541 HTTP/1.1" 500 0 "-" "Mozilla/5.0 AppleWebKit/537.36 (KHTML, like Gecko; compatible; ClaudeBot/1.0; +claudebot@anthropic.com)"
216.73.216.156 - - [26/Dec/2025:07:30:11 -0500] "GET /830680949 HTTP/1.1" 500 0 "-" "Mozilla/5.0 AppleWebKit/537.36 (KHTML, like Gecko; compatible; ClaudeBot/1.0; +claudebot@anthropic.com)"
216.73.216.156 - - [26/Dec/2025:07:30:16 -0500] "GET /614650728 HTTP/1.1" 500 0 "-" "Mozilla/5.0 AppleWebKit/537.36 (KHTML, like Gecko; compatible; ClaudeBot/1.0; +claudebot@anthropic.com)"
216.73.216.156 - - [26/Dec/2025:07:30:21 -0500] "GET /666223786 HTTP/1.1" 500 0 "-" "Mozilla/5.0 AppleWebKit/537.36 (KHTML, like Gecko; compatible; ClaudeBot/1.0; +claudebot@anthropic.com)"
216.73.216.156 - - [26/Dec/2025:07:30:26 -0500] "GET /168920397 HTTP/1.1" 500 0 "-" "Mozilla/5.0 AppleWebKit/537.36 (KHTML, like Gecko; compatible; ClaudeBot/1.0; +claudebot@anthropic.com)"
66.249.75.45 - - [26/Dec/2025:07:30:30 -0500] "GET /?g=3532590c0a1e9 HTTP/1.1" 200 24177 "-" "Mozilla/5.0 (Linux; Android 6.0.1; Nexus 5X Build/MMB29P) AppleWebKit/537.36 (KHTML, like Gecko) Chrome/141.0.7390.122 Mobile Safari/537.36 (compatible; Googlebot/2.1; +http://www.google.com/bot.html)"
216.73.216.156 - - [26/Dec/2025:07:30:32 -0500] "GET /3278730198 HTTP/1.1" 500 0 "-" "Mozilla/5.0 AppleWebKit/537.36 (KHTML, like Gecko; compatible; ClaudeBot/1.0; +claudebot@anthropic.com)"
216.73.216.156 - - [26/Dec/2025:07:30:37 -0500] "GET /1095488634 HTTP/1.1" 500 0 "-" "Mozilla/5.0 AppleWebKit/537.36 (KHTML, like Gecko; compatible; ClaudeBot/1.0; +claudebot@anthropic.com)"
216.73.216.156 - - [26/Dec/2025:07:30:42 -0500] "GET /3956797260 HTTP/1.1" 500 0 "-" "Mozilla/5.0 AppleWebKit/537.36 (KHTML, like Gecko; compatible; ClaudeBot/1.0; +claudebot@anthropic.com)"
216.73.216.156 - - [26/Dec/2025:07:30:47 -0500] "GET /1071469960 HTTP/1.1" 500 0 "-" "Mozilla/5.0 AppleWebKit/537.36 (KHTML, like Gecko; compatible; ClaudeBot/1.0; +claudebot@anthropic.com)"
216.73.216.156 - - [26/Dec/2025:07:30:52 -0500] "GET /1709868929 HTTP/1.1" 500 0 "-" "Mozilla/5.0 AppleWebKit/537.36 (KHTML, like Gecko; compatible; ClaudeBot/1.0; +claudebot@anthropic.com)"
216.73.216.156 - - [26/Dec/2025:07:30:57 -0500] "GET /3065936998 HTTP/1.1" 500 0 "-" "Mozilla/5.0 AppleWebKit/537.36 (KHTML, like Gecko; compatible; ClaudeBot/1.0; +claudebot@anthropic.com)"
216.73.216.156 - - [26/Dec/2025:07:31:02 -0500] "GET /2402193675 HTTP/1.1" 500 0 "-" "Mozilla/5.0 AppleWebKit/537.36 (KHTML, like Gecko; compatible; ClaudeBot/1.0; +claudebot@anthropic.com)"
216.73.216.156 - - [26/Dec/2025:07:31:07 -0500] "GET /2712823440 HTTP/1.1" 500 0 "-" "Mozilla/5.0 AppleWebKit/537.36 (KHTML, like Gecko; compatible; ClaudeBot/1.0; +claudebot@anthropic.com)"
216.73.216.156 - - [26/Dec/2025:07:31:12 -0500] "GET /2819183577 HTTP/1.1" 500 0 "-" "Mozilla/5.0 AppleWebKit/537.36 (KHTML, like Gecko; compatible; ClaudeBot/1.0; +claudebot@anthropic.com)"
216.73.216.156 - - [26/Dec/2025:07:31:17 -0500] "GET /4228987112 HTTP/1.1" 500 0 "-" "Mozilla/5.0 AppleWebKit/537.36 (KHTML, like Gecko; compatible; ClaudeBot/1.0; +claudebot@anthropic.com)"
66.249.75.44 - - [26/Dec/2025:07:31:20 -0500] "GET /3461954802 HTTP/1.1" 200 24709 "-" "Mozilla/5.0 (Linux; Android 6.0.1; Nexus 5X Build/MMB29P) AppleWebKit/537.36 (KHTML, like Gecko) Chrome/141.0.7390.122 Mobile Safari/537.36 (compatible; GoogleOther)"
216.73.216.156 - - [26/Dec/2025:07:31:22 -0500] "GET /2747878874 HTTP/1.1" 500 0 "-" "Mozilla/5.0 AppleWebKit/537.36 (KHTML, like Gecko; compatible; ClaudeBot/1.0; +claudebot@anthropic.com)"
66.249.75.44 - - [26/Dec/2025:07:31:24 -0500] "GET /1448024779 HTTP/1.1" 200 25359 "-" "Mozilla/5.0 (Linux; Android 6.0.1; Nexus 5X Build/MMB29P) AppleWebKit/537.36 (KHTML, like Gecko) Chrome/141.0.7390.122 Mobile Safari/537.36 (compatible; GoogleOther)"
66.249.75.45 - - [26/Dec/2025:07:31:26 -0500] "GET /1455999583 HTTP/1.1" 200 25072 "-" "Mozilla/5.0 (Linux; Android 6.0.1; Nexus 5X Build/MMB29P) AppleWebKit/537.36 (KHTML, like Gecko) Chrome/141.0.7390.122 Mobile Safari/537.36 (compatible; GoogleOther)"
216.73.216.156 - - [26/Dec/2025:07:31:27 -0500] "GET /1614065028 HTTP/1.1" 500 0 "-" "Mozilla/5.0 AppleWebKit/537.36 (KHTML, like Gecko; compatible; ClaudeBot/1.0; +claudebot@anthropic.com)"
66.249.75.44 - - [26/Dec/2025:07:31:29 -0500] "GET /3190119141 HTTP/1.1" 200 26825 "-" "Mozilla/5.0 (Linux; Android 6.0.1; Nexus 5X Build/MMB29P) AppleWebKit/537.36 (KHTML, like Gecko) Chrome/141.0.7390.122 Mobile Safari/537.36 (compatible; GoogleOther)"
216.73.216.156 - - [26/Dec/2025:07:31:32 -0500] "GET /1649120494 HTTP/1.1" 500 0 "-" "Mozilla/5.0 AppleWebKit/537.36 (KHTML, like Gecko; compatible; ClaudeBot/1.0; +claudebot@anthropic.com)"
216.73.216.156 - - [26/Dec/2025:07:31:37 -0500] "GET /3769234833 HTTP/1.1" 500 0 "-" "Mozilla/5.0 AppleWebKit/537.36 (KHTML, like Gecko; compatible; ClaudeBot/1.0; +claudebot@anthropic.com)"
216.73.216.156 - - [26/Dec/2025:07:31:42 -0500] "GET /3643120035 HTTP/1.1" 500 0 "-" "Mozilla/5.0 AppleWebKit/537.36 (KHTML, like Gecko; compatible; ClaudeBot/1.0; +claudebot@anthropic.com)"
216.73.216.156 - - [26/Dec/2025:07:31:47 -0500] "GET /2402357198 HTTP/1.1" 500 0 "-" "Mozilla/5.0 AppleWebKit/537.36 (KHTML, like Gecko; compatible; ClaudeBot/1.0; +claudebot@anthropic.com)"
188.164.197.115 - - [26/Dec/2025:07:31:51 -0500] "GET / HTTP/1.1" 500 0 "-" "Mozilla/5.0 (Windows NT 10.0; Win64; x64) AppleWebKit/537.36 (KHTML, like Gecko) Chrome/101.0.4951.64 Safari/537.36 Edg/101.0.1210.47"
104.155.117.95 - - [26/Dec/2025:07:31:55 -0500] "GET / HTTP/1.1" 500 0 "-" "Mozilla/5.0 (Windows NT 10.0; Win64; x64) AppleWebKit/537.36 (KHTML, like Gecko) Chrome/101.0.4951.64 Safari/537.36 Edg/101.0.1210.47"
216.73.216.156 - - [26/Dec/2025:07:31:59 -0500] "GET /999330897 HTTP/1.1" 500 0 "-" "Mozilla/5.0 AppleWebKit/537.36 (KHTML, like Gecko; compatible; ClaudeBot/1.0; +claudebot@anthropic.com)"
216.73.216.156 - - [26/Dec/2025:07:32:03 -0500] "GET /2801268981 HTTP/1.1" 500 0 "-" "Mozilla/5.0 AppleWebKit/537.36 (KHTML, like Gecko; compatible; ClaudeBot/1.0; +claudebot@anthropic.com)"
216.73.216.156 - - [26/Dec/2025:07:32:08 -0500] "GET /2791927882 HTTP/1.1" 500 0 "-" "Mozilla/5.0 AppleWebKit/537.36 (KHTML, like Gecko; compatible; ClaudeBot/1.0; +claudebot@anthropic.com)"
216.73.216.156 - - [26/Dec/2025:07:32:13 -0500] "GET /2725589690 HTTP/1.1" 500 0 "-" "Mozilla/5.0 AppleWebKit/537.36 (KHTML, like Gecko; compatible; ClaudeBot/1.0; +claudebot@anthropic.com)"
216.73.216.156 - - [26/Dec/2025:07:32:20 -0500] "GET /3646496724 HTTP/1.1" 500 0 "-" "Mozilla/5.0 AppleWebKit/537.36 (KHTML, like Gecko; compatible; ClaudeBot/1.0; +claudebot@anthropic.com)"
216.73.216.156 - - [26/Dec/2025:07:32:24 -0500] "GET /2971527031 HTTP/1.1" 500 0 "-" "Mozilla/5.0 AppleWebKit/537.36 (KHTML, like Gecko; compatible; ClaudeBot/1.0; +claudebot@anthropic.com)"
113.160.224.208 - - [26/Dec/2025:07:32:26 -0500] "GET / HTTP/1.1" 500 0 "-" "Mozilla/5.0 (Windows NT 10.0; Win64; x64) AppleWebKit/537.36 (KHTML, like Gecko) Chrome/100.0.4896.75 Safari/537.36"
216.73.216.156 - - [26/Dec/2025:07:32:29 -0500] "GET /3087391822 HTTP/1.1" 500 0 "-" "Mozilla/5.0 AppleWebKit/537.36 (KHTML, like Gecko; compatible; ClaudeBot/1.0; +claudebot@anthropic.com)"
66.249.75.44 - - [26/Dec/2025:07:32:33 -0500] "GET /4031959094 HTTP/1.1" 200 24906 "-" "Mozilla/5.0 (Linux; Android 6.0.1; Nexus 5X Build/MMB29P) AppleWebKit/537.36 (KHTML, like Gecko) Chrome/141.0.7390.122 Mobile Safari/537.36 (compatible; GoogleOther)"
216.73.216.156 - - [26/Dec/2025:07:32:34 -0500] "GET /3307588742 HTTP/1.1" 500 0 "-" "Mozilla/5.0 AppleWebKit/537.36 (KHTML, like Gecko; compatible; ClaudeBot/1.0; +claudebot@anthropic.com)"
216.73.216.156 - - [26/Dec/2025:07:32:39 -0500] "GET /4080887120 HTTP/1.1" 500 0 "-" "Mozilla/5.0 AppleWebKit/537.36 (KHTML, like Gecko; compatible; ClaudeBot/1.0; +claudebot@anthropic.com)"
66.249.75.45 - - [26/Dec/2025:07:32:41 -0500] "GET /?g=4688036i2e4g HTTP/1.1" 200 24492 "-" "Mozilla/5.0 (Linux; Android 6.0.1; Nexus 5X Build/MMB29P) AppleWebKit/537.36 (KHTML, like Gecko) Chrome/141.0.7390.122 Mobile Safari/537.36 (compatible; Googlebot/2.1; +http://www.google.com/bot.html)"
66.249.75.45 - - [26/Dec/2025:07:32:42 -0500] "GET /?g=1696028hag6bg HTTP/1.1" 200 24413 "-" "Mozilla/5.0 (Linux; Android 6.0.1; Nexus 5X Build/MMB29P) AppleWebKit/537.36 (KHTML, like Gecko) Chrome/141.0.7390.122 Mobile Safari/537.36 (compatible; Googlebot/2.1; +http://www.google.com/bot.html)"
131.72.236.18 - - [26/Dec/2025:07:32:43 -0500] "GET / HTTP/1.1" 500 0 "-" "Mozilla/5.0 (Macintosh; Intel Mac OS X 10_15_7) AppleWebKit/605.1.15 (KHTML, like Gecko) Version/15.3 Safari/605.1.15"
216.73.216.156 - - [26/Dec/2025:07:32:44 -0500] "GET /1341193479 HTTP/1.1" 500 0 "-" "Mozilla/5.0 AppleWebKit/537.36 (KHTML, like Gecko; compatible; ClaudeBot/1.0; +claudebot@anthropic.com)"
216.73.216.156 - - [26/Dec/2025:07:32:49 -0500] "GET /4209469667 HTTP/1.1" 500 0 "-" "Mozilla/5.0 AppleWebKit/537.36 (KHTML, like Gecko; compatible; ClaudeBot/1.0; +claudebot@anthropic.com)"
216.73.216.156 - - [26/Dec/2025:07:32:54 -0500] "GET /3503494385 HTTP/1.1" 500 0 "-" "Mozilla/5.0 AppleWebKit/537.36 (KHTML, like Gecko; compatible; ClaudeBot/1.0; +claudebot@anthropic.com)"
216.73.216.156 - - [26/Dec/2025:07:33:03 -0500] "GET /3345231913 HTTP/1.1" 500 0 "-" "Mozilla/5.0 AppleWebKit/537.36 (KHTML, like Gecko; compatible; ClaudeBot/1.0; +claudebot@anthropic.com)"
216.73.216.156 - - [26/Dec/2025:07:33:08 -0500] "GET /1532346811 HTTP/1.1" 500 0 "-" "Mozilla/5.0 AppleWebKit/537.36 (KHTML, like Gecko; compatible; ClaudeBot/1.0; +claudebot@anthropic.com)"
66.249.75.32 - - [26/Dec/2025:07:33:08 -0500] "GET /931140832 HTTP/1.1" 200 26612 "-" "Mozilla/5.0 (Linux; Android 6.0.1; Nexus 5X Build/MMB29P) AppleWebKit/537.36 (KHTML, like Gecko) Chrome/141.0.7390.122 Mobile Safari/537.36 (compatible; GoogleOther)"
74.234.147.76 - - [26/Dec/2025:07:33:14 -0500] "GET / HTTP/1.1" 500 0 "-" "Mozilla/5.0 (Windows NT 10.0; Win64; x64) AppleWebKit/537.36 (KHTML, like Gecko) Chrome/101.0.4951.67 Safari/537.36"
137.184.136.191 - - [26/Dec/2025:07:33:15 -0500] "GET / HTTP/1.1" 500 0 "-" "Mozilla/5.0 (Windows NT 10.0; Win64; x64) AppleWebKit/537.36 (KHTML, like Gecko) Chrome/107.0.0.0 Safari/537.36"
66.249.75.44 - - [26/Dec/2025:07:33:22 -0500] "GET /?g=2955088a258ja HTTP/1.1" 200 26729 "-" "Mozilla/5.0 (Linux; Android 6.0.1; Nexus 5X Build/MMB29P) AppleWebKit/537.36 (KHTML, like Gecko) Chrome/141.0.7390.122 Mobile Safari/537.36 (compatible; Googlebot/2.1; +http://www.google.com/bot.html)"
216.73.216.156 - - [26/Dec/2025:07:33:22 -0500] "GET /151401820 HTTP/1.1" 500 0 "-" "Mozilla/5.0 AppleWebKit/537.36 (KHTML, like Gecko; compatible; ClaudeBot/1.0; +claudebot@anthropic.com)"
66.249.75.45 - - [26/Dec/2025:07:33:22 -0500] "GET /?g=868196cc3529 HTTP/1.1" 200 26804 "-" "Mozilla/5.0 (Linux; Android 6.0.1; Nexus 5X Build/MMB29P) AppleWebKit/537.36 (KHTML, like Gecko) Chrome/141.0.7390.122 Mobile Safari/537.36 (compatible; Googlebot/2.1; +http://www.google.com/bot.html)"
66.249.75.45 - - [26/Dec/2025:07:33:25 -0500] "GET /?g=2856489bcab55 HTTP/1.1" 200 26250 "-" "Mozilla/5.0 (Linux; Android 6.0.1; Nexus 5X Build/MMB29P) AppleWebKit/537.36 (KHTML, like Gecko) Chrome/141.0.7390.122 Mobile Safari/537.36 (compatible; Googlebot/2.1; +http://www.google.com/bot.html)"
216.73.216.156 - - [26/Dec/2025:07:33:27 -0500] "GET /2623417634 HTTP/1.1" 500 0 "-" "Mozilla/5.0 AppleWebKit/537.36 (KHTML, like Gecko; compatible; ClaudeBot/1.0; +claudebot@anthropic.com)"
66.249.75.44 - - [26/Dec/2025:07:33:27 -0500] "GET /?g=2980905bh2c0i HTTP/1.1" 200 26383 "-" "Mozilla/5.0 (Linux; Android 6.0.1; Nexus 5X Build/MMB29P) AppleWebKit/537.36 (KHTML, like Gecko) Chrome/141.0.7390.122 Mobile Safari/537.36 (compatible; Googlebot/2.1; +http://www.google.com/bot.html)"
66.249.75.44 - - [26/Dec/2025:07:33:28 -0500] "GET /?g=20884224e4eeg HTTP/1.1" 200 24533 "-" "Mozilla/5.0 (Linux; Android 6.0.1; Nexus 5X Build/MMB29P) AppleWebKit/537.36 (KHTML, like Gecko) Chrome/141.0.7390.122 Mobile Safari/537.36 (compatible; Googlebot/2.1; +http://www.google.com/bot.html)"
216.73.216.156 - - [26/Dec/2025:07:33:32 -0500] "GET /3735105820 HTTP/1.1" 500 0 "-" "Mozilla/5.0 AppleWebKit/537.36 (KHTML, like Gecko; compatible; ClaudeBot/1.0; +claudebot@anthropic.com)"
66.249.75.44 - - [26/Dec/2025:07:33:32 -0500] "GET /?g=999339g98abh HTTP/1.1" 200 24716 "-" "Mozilla/5.0 (Linux; Android 6.0.1; Nexus 5X Build/MMB29P) AppleWebKit/537.36 (KHTML, like Gecko) Chrome/141.0.7390.122 Mobile Safari/537.36 (compatible; Googlebot/2.1; +http://www.google.com/bot.html)"
216.73.216.156 - - [26/Dec/2025:07:33:37 -0500] "GET /1599897102 HTTP/1.1" 500 0 "-" "Mozilla/5.0 AppleWebKit/537.36 (KHTML, like Gecko; compatible; ClaudeBot/1.0; +claudebot@anthropic.com)"
216.73.216.156 - - [26/Dec/2025:07:33:42 -0500] "GET /2939682548 HTTP/1.1" 500 0 "-" "Mozilla/5.0 AppleWebKit/537.36 (KHTML, like Gecko; compatible; ClaudeBot/1.0; +claudebot@anthropic.com)"
216.73.216.156 - - [26/Dec/2025:07:33:47 -0500] "GET /2395180689 HTTP/1.1" 500 0 "-" "Mozilla/5.0 AppleWebKit/537.36 (KHTML, like Gecko; compatible; ClaudeBot/1.0; +claudebot@anthropic.com)"
216.73.216.156 - - [26/Dec/2025:07:33:52 -0500] "GET /4043243949 HTTP/1.1" 500 0 "-" "Mozilla/5.0 AppleWebKit/537.36 (KHTML, like Gecko; compatible; ClaudeBot/1.0; +claudebot@anthropic.com)"
216.73.216.156 - - [26/Dec/2025:07:33:57 -0500] "GET /1735516490 HTTP/1.1" 500 0 "-" "Mozilla/5.0 AppleWebKit/537.36 (KHTML, like Gecko; compatible; ClaudeBot/1.0; +claudebot@anthropic.com)"
216.73.216.156 - - [26/Dec/2025:07:34:03 -0500] "GET /3452755687 HTTP/1.1" 500 0 "-" "Mozilla/5.0 AppleWebKit/537.36 (KHTML, like Gecko; compatible; ClaudeBot/1.0; +claudebot@anthropic.com)"
216.73.216.156 - - [26/Dec/2025:07:34:08 -0500] "GET /1850005659 HTTP/1.1" 500 0 "-" "Mozilla/5.0 AppleWebKit/537.36 (KHTML, like Gecko; compatible; ClaudeBot/1.0; +claudebot@anthropic.com)"
216.73.216.156 - - [26/Dec/2025:07:34:13 -0500] "GET /3887309590 HTTP/1.1" 500 0 "-" "Mozilla/5.0 AppleWebKit/537.36 (KHTML, like Gecko; compatible; ClaudeBot/1.0; +claudebot@anthropic.com)"
216.73.216.156 - - [26/Dec/2025:07:34:18 -0500] "GET /1944629826 HTTP/1.1" 500 0 "-" "Mozilla/5.0 AppleWebKit/537.36 (KHTML, like Gecko; compatible; ClaudeBot/1.0; +claudebot@anthropic.com)"
66.249.75.45 - - [26/Dec/2025:07:34:20 -0500] "GET /3152077258 HTTP/1.1" 200 24522 "-" "Mozilla/5.0 (Linux; Android 6.0.1; Nexus 5X Build/MMB29P) AppleWebKit/537.36 (KHTML, like Gecko) Chrome/141.0.7390.122 Mobile Safari/537.36 (compatible; GoogleOther)"
216.73.216.156 - - [26/Dec/2025:07:34:23 -0500] "GET /2345426879 HTTP/1.1" 500 0 "-" "Mozilla/5.0 AppleWebKit/537.36 (KHTML, like Gecko; compatible; ClaudeBot/1.0; +claudebot@anthropic.com)"
66.249.75.45 - - [26/Dec/2025:07:34:27 -0500] "GET /?g=2181865jc9799 HTTP/1.1" 200 24441 "-" "Mozilla/5.0 (Linux; Android 6.0.1; Nexus 5X Build/MMB29P) AppleWebKit/537.36 (KHTML, like Gecko) Chrome/141.0.7390.122 Mobile Safari/537.36 (compatible; Googlebot/2.1; +http://www.google.com/bot.html)"
216.73.216.156 - - [26/Dec/2025:07:34:28 -0500] "GET /1254797483 HTTP/1.1" 500 0 "-" "Mozilla/5.0 AppleWebKit/537.36 (KHTML, like Gecko; compatible; ClaudeBot/1.0; +claudebot@anthropic.com)"
216.73.216.156 - - [26/Dec/2025:07:34:33 -0500] "GET /4083051710 HTTP/1.1" 500 0 "-" "Mozilla/5.0 AppleWebKit/537.36 (KHTML, like Gecko; compatible; ClaudeBot/1.0; +claudebot@anthropic.com)"
216.73.216.156 - - [26/Dec/2025:07:34:38 -0500] "GET /3612064520 HTTP/1.1" 500 0 "-" "Mozilla/5.0 AppleWebKit/537.36 (KHTML, like Gecko; compatible; ClaudeBot/1.0; +claudebot@anthropic.com)"
66.249.75.44 - - [26/Dec/2025:07:34:49 -0500] "GET /1232467520 HTTP/1.1" 200 24717 "-" "Mozilla/5.0 (Linux; Android 6.0.1; Nexus 5X Build/MMB29P) AppleWebKit/537.36 (KHTML, like Gecko) Chrome/141.0.7390.122 Mobile Safari/537.36 (compatible; GoogleOther)"
216.73.216.156 - - [26/Dec/2025:07:34:53 -0500] "GET /2521435123 HTTP/1.1" 500 0 "-" "Mozilla/5.0 AppleWebKit/537.36 (KHTML, like Gecko; compatible; ClaudeBot/1.0; +claudebot@anthropic.com)"
52.167.144.192 - - [26/Dec/2025:07:34:54 -0500] "GET /identifying-termites-with-wings-a-pictorial-guide/ HTTP/1.1" 200 27013 "-" "Mozilla/5.0 AppleWebKit/537.36 (KHTML, like Gecko; compatible; bingbot/2.0; +http://www.bing.com/bingbot.htm) Chrome/116.0.1938.76 Safari/537.36"
216.73.216.156 - - [26/Dec/2025:07:34:58 -0500] "GET /2705646915 HTTP/1.1" 500 0 "-" "Mozilla/5.0 AppleWebKit/537.36 (KHTML, like Gecko; compatible; ClaudeBot/1.0; +claudebot@anthropic.com)"
216.73.216.156 - - [26/Dec/2025:07:35:03 -0500] "GET /3627584229 HTTP/1.1" 500 0 "-" "Mozilla/5.0 AppleWebKit/537.36 (KHTML, like Gecko; compatible; ClaudeBot/1.0; +claudebot@anthropic.com)"
216.73.216.156 - - [26/Dec/2025:07:35:08 -0500] "GET /3093192693 HTTP/1.1" 500 0 "-" "Mozilla/5.0 AppleWebKit/537.36 (KHTML, like Gecko; compatible; ClaudeBot/1.0; +claudebot@anthropic.com)"
216.73.216.156 - - [26/Dec/2025:07:35:13 -0500] "GET /1167791236 HTTP/1.1" 500 0 "-" "Mozilla/5.0 AppleWebKit/537.36 (KHTML, like Gecko; compatible; ClaudeBot/1.0; +claudebot@anthropic.com)"
216.73.216.156 - - [26/Dec/2025:07:35:18 -0500] "GET /2485004051 HTTP/1.1" 500 0 "-" "Mozilla/5.0 AppleWebKit/537.36 (KHTML, like Gecko; compatible; ClaudeBot/1.0; +claudebot@anthropic.com)"
216.73.216.156 - - [26/Dec/2025:07:35:23 -0500] "GET /2286446999 HTTP/1.1" 500 0 "-" "Mozilla/5.0 AppleWebKit/537.36 (KHTML, like Gecko; compatible; ClaudeBot/1.0; +claudebot@anthropic.com)"
216.73.216.156 - - [26/Dec/2025:07:35:28 -0500] "GET /2068460078 HTTP/1.1" 500 0 "-" "Mozilla/5.0 AppleWebKit/537.36 (KHTML, like Gecko; compatible; ClaudeBot/1.0; +claudebot@anthropic.com)"
66.249.75.32 - - [26/Dec/2025:07:35:34 -0500] "GET /3380342390 HTTP/1.1" 200 26681 "-" "Mozilla/5.0 (Linux; Android 6.0.1; Nexus 5X Build/MMB29P) AppleWebKit/537.36 (KHTML, like Gecko) Chrome/141.0.7390.122 Mobile Safari/537.36 (compatible; GoogleOther)"
216.73.216.156 - - [26/Dec/2025:07:35:35 -0500] "GET /1455682632 HTTP/1.1" 500 0 "-" "Mozilla/5.0 AppleWebKit/537.36 (KHTML, like Gecko; compatible; ClaudeBot/1.0; +claudebot@anthropic.com)"
103.20.97.76 - - [26/Dec/2025:07:35:39 -0500] "GET / HTTP/1.1" 500 0 "-" "Mozilla/5.0 (Windows NT 10.0; Win64; x64) AppleWebKit/537.36 (KHTML, like Gecko) Chrome/107.0.0.0 Safari/537.36"
216.73.216.156 - - [26/Dec/2025:07:35:40 -0500] "GET /2977491457 HTTP/1.1" 500 0 "-" "Mozilla/5.0 AppleWebKit/537.36 (KHTML, like Gecko; compatible; ClaudeBot/1.0; +claudebot@anthropic.com)"
216.73.216.156 - - [26/Dec/2025:07:35:45 -0500] "GET /2456309030 HTTP/1.1" 500 0 "-" "Mozilla/5.0 AppleWebKit/537.36 (KHTML, like Gecko; compatible; ClaudeBot/1.0; +claudebot@anthropic.com)"
216.73.216.156 - - [26/Dec/2025:07:35:50 -0500] "GET /1903609966 HTTP/1.1" 500 0 "-" "Mozilla/5.0 AppleWebKit/537.36 (KHTML, like Gecko; compatible; ClaudeBot/1.0; +claudebot@anthropic.com)"
216.73.216.156 - - [26/Dec/2025:07:35:55 -0500] "GET /1688532236 HTTP/1.1" 500 0 "-" "Mozilla/5.0 AppleWebKit/537.36 (KHTML, like Gecko; compatible; ClaudeBot/1.0; +claudebot@anthropic.com)"
66.249.75.45 - - [26/Dec/2025:07:35:56 -0500] "GET /?g=31911669e1e25 HTTP/1.1" 200 24272 "-" "Mozilla/5.0 (Linux; Android 6.0.1; Nexus 5X Build/MMB29P) AppleWebKit/537.36 (KHTML, like Gecko) Chrome/141.0.7390.122 Mobile Safari/537.36 (compatible; Googlebot/2.1; +http://www.google.com/bot.html)"
216.73.216.156 - - [26/Dec/2025:07:36:00 -0500] "GET /1659673692 HTTP/1.1" 500 0 "-" "Mozilla/5.0 AppleWebKit/537.36 (KHTML, like Gecko; compatible; ClaudeBot/1.0; +claudebot@anthropic.com)"
216.73.216.156 - - [26/Dec/2025:07:36:05 -0500] "GET /3615604748 HTTP/1.1" 500 0 "-" "Mozilla/5.0 AppleWebKit/537.36 (KHTML, like Gecko; compatible; ClaudeBot/1.0; +claudebot@anthropic.com)"
216.73.216.156 - - [26/Dec/2025:07:36:10 -0500] "GET /1077788254 HTTP/1.1" 500 0 "-" "Mozilla/5.0 AppleWebKit/537.36 (KHTML, like Gecko; compatible; ClaudeBot/1.0; +claudebot@anthropic.com)"
216.73.216.156 - - [26/Dec/2025:07:36:17 -0500] "GET /1612689422 HTTP/1.1" 500 0 "-" "Mozilla/5.0 AppleWebKit/537.36 (KHTML, like Gecko; compatible; ClaudeBot/1.0; +claudebot@anthropic.com)"
216.73.216.156 - - [26/Dec/2025:07:36:22 -0500] "GET /2208225395 HTTP/1.1" 500 0 "-" "Mozilla/5.0 AppleWebKit/537.36 (KHTML, like Gecko; compatible; ClaudeBot/1.0; +claudebot@anthropic.com)"
216.73.216.156 - - [26/Dec/2025:07:36:27 -0500] "GET /3417143765 HTTP/1.1" 500 0 "-" "Mozilla/5.0 AppleWebKit/537.36 (KHTML, like Gecko; compatible; ClaudeBot/1.0; +claudebot@anthropic.com)"
66.249.75.44 - - [26/Dec/2025:07:36:30 -0500] "GET /4181724172 HTTP/1.1" 200 24912 "-" "Mozilla/5.0 (Linux; Android 6.0.1; Nexus 5X Build/MMB29P) AppleWebKit/537.36 (KHTML, like Gecko) Chrome/141.0.7390.122 Mobile Safari/537.36 (compatible; GoogleOther)"
216.73.216.156 - - [26/Dec/2025:07:36:32 -0500] "GET /2117261381 HTTP/1.1" 500 0 "-" "Mozilla/5.0 AppleWebKit/537.36 (KHTML, like Gecko; compatible; ClaudeBot/1.0; +claudebot@anthropic.com)"
216.73.216.156 - - [26/Dec/2025:07:36:37 -0500] "GET /3695134520 HTTP/1.1" 500 0 "-" "Mozilla/5.0 AppleWebKit/537.36 (KHTML, like Gecko; compatible; ClaudeBot/1.0; +claudebot@anthropic.com)"
216.73.216.156 - - [26/Dec/2025:07:36:42 -0500] "GET /1223118722 HTTP/1.1" 500 0 "-" "Mozilla/5.0 AppleWebKit/537.36 (KHTML, like Gecko; compatible; ClaudeBot/1.0; +claudebot@anthropic.com)"
216.73.216.156 - - [26/Dec/2025:07:36:47 -0500] "GET /3137752781 HTTP/1.1" 500 0 "-" "Mozilla/5.0 AppleWebKit/537.36 (KHTML, like Gecko; compatible; ClaudeBot/1.0; +claudebot@anthropic.com)"
216.73.216.156 - - [26/Dec/2025:07:36:52 -0500] "GET /2648294539 HTTP/1.1" 500 0 "-" "Mozilla/5.0 AppleWebKit/537.36 (KHTML, like Gecko; compatible; ClaudeBot/1.0; +claudebot@anthropic.com)"
113.142.224.100 - - [26/Dec/2025:07:37:13 -0500] "GET /bioadvanced-carpenter-ant-termite-killer-plus-review/ HTTP/1.1" 500 0 "-" "Mozilla/5.0 (Windows NT 10.0; Win64; x64) AppleWebKit/537.36 (KHTML, like Gecko) Chrome/139.0.0.0 Safari/537.36"
180.105.204.142 - - [26/Dec/2025:07:37:14 -0500] "GET /bioadvanced-carpenter-ant-termite-killer-plus-review/ HTTP/1.1" 500 0 "-" "Mozilla/5.0 (Windows NT 10.0; Win64; x64) AppleWebKit/537.36 (KHTML, like Gecko) Chrome/139.0.0.0 Safari/537.36"
102.218.215.27 - - [26/Dec/2025:07:37:31 -0500] "GET / HTTP/1.1" 500 0 "-" "Mozilla/5.0 (Windows NT 10.0; Win64; x64) AppleWebKit/537.36 (KHTML, like Gecko) Chrome/110.0.0.0 Safari/537.36"
66.249.75.44 - - [26/Dec/2025:07:37:33 -0500] "GET /?g=478078ef59a1 HTTP/1.1" 200 24895 "-" "Mozilla/5.0 (Linux; Android 6.0.1; Nexus 5X Build/MMB29P) AppleWebKit/537.36 (KHTML, like Gecko) Chrome/141.0.7390.122 Mobile Safari/537.36 (compatible; Googlebot/2.1; +http://www.google.com/bot.html)"
216.73.216.156 - - [26/Dec/2025:07:37:38 -0500] "GET /1033990312 HTTP/1.1" 500 0 "-" "Mozilla/5.0 AppleWebKit/537.36 (KHTML, like Gecko; compatible; ClaudeBot/1.0; +claudebot@anthropic.com)"
216.73.216.156 - - [26/Dec/2025:07:37:42 -0500] "GET /2507716382 HTTP/1.1" 500 0 "-" "Mozilla/5.0 AppleWebKit/537.36 (KHTML, like Gecko; compatible; ClaudeBot/1.0; +claudebot@anthropic.com)"
216.73.216.156 - - [26/Dec/2025:07:37:47 -0500] "GET /3400395860 HTTP/1.1" 500 0 "-" "Mozilla/5.0 AppleWebKit/537.36 (KHTML, like Gecko; compatible; ClaudeBot/1.0; +claudebot@anthropic.com)"
216.73.216.156 - - [26/Dec/2025:07:37:52 -0500] "GET /3420683977 HTTP/1.1" 500 0 "-" "Mozilla/5.0 AppleWebKit/537.36 (KHTML, like Gecko; compatible; ClaudeBot/1.0; +claudebot@anthropic.com)"
216.73.216.156 - - [26/Dec/2025:07:37:57 -0500] "GET /3274141426 HTTP/1.1" 500 0 "-" "Mozilla/5.0 AppleWebKit/537.36 (KHTML, like Gecko; compatible; ClaudeBot/1.0; +claudebot@anthropic.com)"
17.246.15.87 - - [26/Dec/2025:07:37:59 -0500] "GET /?g=1241701aa7fhi HTTP/1.1" 500 0 "-" "Mozilla/5.0 (Macintosh; Intel Mac OS X 10_15_7) AppleWebKit/605.1.15 (KHTML, like Gecko) Version/17.4 Safari/605.1.15 (Applebot/0.1; +http://www.apple.com/go/applebot)"
216.73.216.156 - - [26/Dec/2025:07:38:02 -0500] "GET /3023705055 HTTP/1.1" 500 0 "-" "Mozilla/5.0 AppleWebKit/537.36 (KHTML, like Gecko; compatible; ClaudeBot/1.0; +claudebot@anthropic.com)"
216.73.216.156 - - [26/Dec/2025:07:38:07 -0500] "GET /3740906691 HTTP/1.1" 500 0 "-" "Mozilla/5.0 AppleWebKit/537.36 (KHTML, like Gecko; compatible; ClaudeBot/1.0; +claudebot@anthropic.com)"
66.249.75.44 - - [26/Dec/2025:07:38:11 -0500] "GET /1823878350 HTTP/1.1" 200 26817 "-" "Mozilla/5.0 (Linux; Android 6.0.1; Nexus 5X Build/MMB29P) AppleWebKit/537.36 (KHTML, like Gecko) Chrome/141.0.7390.122 Mobile Safari/537.36 (compatible; GoogleOther)"
216.73.216.156 - - [26/Dec/2025:07:38:12 -0500] "GET /2622205535 HTTP/1.1" 500 0 "-" "Mozilla/5.0 AppleWebKit/537.36 (KHTML, like Gecko; compatible; ClaudeBot/1.0; +claudebot@anthropic.com)"
216.73.216.156 - - [26/Dec/2025:07:38:19 -0500] "GET /1524217795 HTTP/1.1" 500 0 "-" "Mozilla/5.0 AppleWebKit/537.36 (KHTML, like Gecko; compatible; ClaudeBot/1.0; +claudebot@anthropic.com)"
216.73.216.156 - - [26/Dec/2025:07:38:24 -0500] "GET /3941261454 HTTP/1.1" 500 0 "-" "Mozilla/5.0 AppleWebKit/537.36 (KHTML, like Gecko; compatible; ClaudeBot/1.0; +claudebot@anthropic.com)"
216.73.216.156 - - [26/Dec/2025:07:38:29 -0500] "GET /2288871213 HTTP/1.1" 500 0 "-" "Mozilla/5.0 AppleWebKit/537.36 (KHTML, like Gecko; compatible; ClaudeBot/1.0; +claudebot@anthropic.com)"
216.73.216.156 - - [26/Dec/2025:07:38:34 -0500] "GET /1441800368 HTTP/1.1" 500 0 "-" "Mozilla/5.0 AppleWebKit/537.36 (KHTML, like Gecko; compatible; ClaudeBot/1.0; +claudebot@anthropic.com)"
216.73.216.156 - - [26/Dec/2025:07:38:39 -0500] "GET /2215583739 HTTP/1.1" 500 0 "-" "Mozilla/5.0 AppleWebKit/537.36 (KHTML, like Gecko; compatible; ClaudeBot/1.0; +claudebot@anthropic.com)"
216.73.216.156 - - [26/Dec/2025:07:38:44 -0500] "GET /3777363817 HTTP/1.1" 500 0 "-" "Mozilla/5.0 AppleWebKit/537.36 (KHTML, like Gecko; compatible; ClaudeBot/1.0; +claudebot@anthropic.com)"
216.73.216.156 - - [26/Dec/2025:07:38:49 -0500] "GET /3776151718 HTTP/1.1" 500 0 "-" "Mozilla/5.0 AppleWebKit/537.36 (KHTML, like Gecko; compatible; ClaudeBot/1.0; +claudebot@anthropic.com)"
216.73.216.156 - - [26/Dec/2025:07:38:54 -0500] "GET /2718413197 HTTP/1.1" 500 0 "-" "Mozilla/5.0 AppleWebKit/537.36 (KHTML, like Gecko; compatible; ClaudeBot/1.0; +claudebot@anthropic.com)"
195.250.21.230 - - [26/Dec/2025:07:39:19 -0500] "GET / HTTP/1.1" 500 0 "-" "Mozilla/5.0 (Windows NT 10.0; Win64; x64) AppleWebKit/537.36 (KHTML, like Gecko) Chrome/110.0.0.0 Safari/537.36"
66.249.75.32 - - [26/Dec/2025:07:39:26 -0500] "GET /?g=100924jff092 HTTP/1.1" 200 24977 "-" "Mozilla/5.0 (Linux; Android 6.0.1; Nexus 5X Build/MMB29P) AppleWebKit/537.36 (KHTML, like Gecko) Chrome/141.0.7390.122 Mobile Safari/537.36 (compatible; Googlebot/2.1; +http://www.google.com/bot.html)"
66.249.75.32 - - [26/Dec/2025:07:39:27 -0500] "GET /?g=8672259fbe8 HTTP/1.1" 200 25027 "-" "Mozilla/5.0 (Linux; Android 6.0.1; Nexus 5X Build/MMB29P) AppleWebKit/537.36 (KHTML, like Gecko) Chrome/141.0.7390.122 Mobile Safari/537.36 (compatible; Googlebot/2.1; +http://www.google.com/bot.html)"
66.249.75.44 - - [26/Dec/2025:07:39:44 -0500] "GET /4083171312 HTTP/1.1" 200 26653 "-" "Mozilla/5.0 (Linux; Android 6.0.1; Nexus 5X Build/MMB29P) AppleWebKit/537.36 (KHTML, like Gecko) Chrome/141.0.7390.122 Mobile Safari/537.36 (compatible; GoogleOther)"
66.249.75.44 - - [26/Dec/2025:07:39:53 -0500] "GET /1170609254 HTTP/1.1" 200 26888 "-" "Mozilla/5.0 (Linux; Android 6.0.1; Nexus 5X Build/MMB29P) AppleWebKit/537.36 (KHTML, like Gecko) Chrome/141.0.7390.122 Mobile Safari/537.36 (compatible; GoogleOther)"
66.249.75.44 - - [26/Dec/2025:07:40:13 -0500] "GET /3847877373 HTTP/1.1" 200 24720 "-" "Mozilla/5.0 (Linux; Android 6.0.1; Nexus 5X Build/MMB29P) AppleWebKit/537.36 (KHTML, like Gecko) Chrome/141.0.7390.122 Mobile Safari/537.36 (compatible; GoogleOther)"
66.249.75.45 - - [26/Dec/2025:07:40:46 -0500] "GET /?g=3655736dd993j HTTP/1.1" 200 26302 "-" "Mozilla/5.0 (Linux; Android 6.0.1; Nexus 5X Build/MMB29P) AppleWebKit/537.36 (KHTML, like Gecko) Chrome/141.0.7390.122 Mobile Safari/537.36 (compatible; Googlebot/2.1; +http://www.google.com/bot.html)"
17.22.237.145 - - [26/Dec/2025:07:41:07 -0500] "GET /?g=1782288165c7j HTTP/1.1" 500 0 "-" "Mozilla/5.0 (Macintosh; Intel Mac OS X 10_15_7) AppleWebKit/605.1.15 (KHTML, like Gecko) Version/17.4 Safari/605.1.15 (Applebot/0.1; +http://www.apple.com/go/applebot)"
66.249.75.44 - - [26/Dec/2025:07:41:17 -0500] "GET /?g=4521112affd3 HTTP/1.1" 200 26463 "-" "Mozilla/5.0 (Linux; Android 6.0.1; Nexus 5X Build/MMB29P) AppleWebKit/537.36 (KHTML, like Gecko) Chrome/141.0.7390.122 Mobile Safari/537.36 (compatible; Googlebot/2.1; +http://www.google.com/bot.html)"
66.249.75.44 - - [26/Dec/2025:07:41:34 -0500] "GET /1979538270 HTTP/1.1" 200 26400 "-" "Mozilla/5.0 (Linux; Android 6.0.1; Nexus 5X Build/MMB29P) AppleWebKit/537.36 (KHTML, like Gecko) Chrome/141.0.7390.122 Mobile Safari/537.36 (compatible; GoogleOther)"
66.249.75.44 - - [26/Dec/2025:07:41:36 -0500] "GET /?g=38379033g063a HTTP/1.1" 200 24690 "-" "Mozilla/5.0 (Linux; Android 6.0.1; Nexus 5X Build/MMB29P) AppleWebKit/537.36 (KHTML, like Gecko) Chrome/141.0.7390.122 Mobile Safari/537.36 (compatible; Googlebot/2.1; +http://www.google.com/bot.html)"
66.249.75.44 - - [26/Dec/2025:07:42:42 -0500] "GET /?g=234959d21848 HTTP/1.1" 200 24229 "-" "Mozilla/5.0 (Linux; Android 6.0.1; Nexus 5X Build/MMB29P) AppleWebKit/537.36 (KHTML, like Gecko) Chrome/141.0.7390.122 Mobile Safari/537.36 (compatible; Googlebot/2.1; +http://www.google.com/bot.html)"
66.249.75.44 - - [26/Dec/2025:07:43:15 -0500] "GET /2570166613 HTTP/1.1" 200 26708 "-" "Mozilla/5.0 (Linux; Android 6.0.1; Nexus 5X Build/MMB29P) AppleWebKit/537.36 (KHTML, like Gecko) Chrome/141.0.7390.122 Mobile Safari/537.36 (compatible; GoogleOther)"
66.249.75.44 - - [26/Dec/2025:07:43:54 -0500] "GET /3171129221 HTTP/1.1" 200 24635 "-" "Mozilla/5.0 (Linux; Android 6.0.1; Nexus 5X Build/MMB29P) AppleWebKit/537.36 (KHTML, like Gecko) Chrome/141.0.7390.122 Mobile Safari/537.36 (compatible; GoogleOther)"
101.33.66.34 - - [26/Dec/2025:07:43:59 -0500] "GET / HTTP/1.1" 500 0 "http://termiteswood.com" "Mozilla/5.0 (iPhone; CPU iPhone OS 13_2_3 like Mac OS X) AppleWebKit/605.1.15 (KHTML, like Gecko) Version/13.0.3 Mobile/15E148 Safari/604.1"
13.52.79.116 - - [26/Dec/2025:07:44:14 -0500] "GET /robots.txt HTTP/1.1" 200 81 "-" "TerraCotta https://github.com/CeramicTeam/CeramicTerracotta"
66.249.75.44 - - [26/Dec/2025:07:44:20 -0500] "GET /714716889 HTTP/1.1" 200 24536 "-" "Mozilla/5.0 (Linux; Android 6.0.1; Nexus 5X Build/MMB29P) AppleWebKit/537.36 (KHTML, like Gecko) Chrome/141.0.7390.122 Mobile Safari/537.36 (compatible; GoogleOther)"
66.249.75.45 - - [26/Dec/2025:07:44:56 -0500] "GET /3552317753 HTTP/1.1" 200 26609 "-" "Mozilla/5.0 (Linux; Android 6.0.1; Nexus 5X Build/MMB29P) AppleWebKit/537.36 (KHTML, like Gecko) Chrome/141.0.7390.122 Mobile Safari/537.36 (compatible; GoogleOther)"
66.249.75.44 - - [26/Dec/2025:07:46:37 -0500] "GET /3834032494 HTTP/1.1" 200 24665 "-" "Mozilla/5.0 (Linux; Android 6.0.1; Nexus 5X Build/MMB29P) AppleWebKit/537.36 (KHTML, like Gecko) Chrome/141.0.7390.122 Mobile Safari/537.36 (compatible; GoogleOther)"
159.89.200.230 - - [26/Dec/2025:07:46:51 -0500] "GET /style.php HTTP/1.1" 500 0 "http://termiteswood.com/style.php" "Go-http-client/2.0"
159.89.200.230 - - [26/Dec/2025:07:46:52 -0500] "GET /wp-content/style.php HTTP/1.1" 200 0 "http://termiteswood.com/wp-content/style.php" "Go-http-client/2.0"
159.89.200.230 - - [26/Dec/2025:07:46:53 -0500] "GET /wp-content/themes/style.php HTTP/1.1" 200 0 "http://termiteswood.com/wp-content/themes/style.php" "Go-http-client/2.0"
159.89.200.230 - - [26/Dec/2025:07:46:54 -0500] "GET /wp-admin/style.php HTTP/1.1" 500 0 "http://termiteswood.com/wp-admin/style.php" "Go-http-client/2.0"
159.89.200.230 - - [26/Dec/2025:07:46:56 -0500] "GET /wp-includes/style.php HTTP/1.1" 500 0 "http://termiteswood.com/wp-includes/style.php" "Go-http-client/2.0"
159.89.200.230 - - [26/Dec/2025:07:46:58 -0500] "GET /chosen.php?p= HTTP/1.1" 500 0 "http://termiteswood.com/chosen.php?p=" "Go-http-client/2.0"
159.89.200.230 - - [26/Dec/2025:07:47:00 -0500] "GET /file.php HTTP/1.1" 500 0 "http://termiteswood.com/file.php" "Go-http-client/2.0"
159.89.200.230 - - [26/Dec/2025:07:47:01 -0500] "GET /flower.php HTTP/1.1" 500 0 "http://termiteswood.com/flower.php" "Go-http-client/2.0"
159.89.200.230 - - [26/Dec/2025:07:47:01 -0500] "GET /gifclass.php HTTP/1.1" 500 0 "http://termiteswood.com/gifclass.php#888xyz999" "Go-http-client/2.0"
159.89.200.230 - - [26/Dec/2025:07:47:02 -0500] "GET /bless.php HTTP/1.1" 500 0 "http://termiteswood.com/bless.php#888xyz999" "Go-http-client/2.0"
159.89.200.230 - - [26/Dec/2025:07:47:03 -0500] "GET /class-t.api.php HTTP/1.1" 500 0 "http://termiteswood.com/class-t.api.php#888xyz999" "Go-http-client/2.0"
159.89.200.230 - - [26/Dec/2025:07:47:04 -0500] "GET /blurbs.php HTTP/1.1" 500 0 "http://termiteswood.com/blurbs.php#888xyz999" "Go-http-client/2.0"
159.89.200.230 - - [26/Dec/2025:07:47:04 -0500] "GET /akcc.php HTTP/1.1" 500 0 "http://termiteswood.com/akcc.php" "Go-http-client/2.0"
159.89.200.230 - - [26/Dec/2025:07:47:07 -0500] "GET /abcd.php HTTP/1.1" 500 0 "http://termiteswood.com/abcd.php" "Go-http-client/2.0"
159.89.200.230 - - [26/Dec/2025:07:47:08 -0500] "GET /shelp.php HTTP/1.1" 500 0 "http://termiteswood.com/shelp.php" "Go-http-client/2.0"
159.89.200.230 - - [26/Dec/2025:07:47:08 -0500] "GET /cord.php HTTP/1.1" 500 0 "http://termiteswood.com/cord.php" "Go-http-client/2.0"
159.89.200.230 - - [26/Dec/2025:07:47:09 -0500] "GET /dex.php HTTP/1.1" 500 0 "http://termiteswood.com/dex.php" "Go-http-client/2.0"
159.89.200.230 - - [26/Dec/2025:07:47:10 -0500] "GET /wp-admin/admin-ajax.php HTTP/1.1" 500 0 "http://termiteswood.com/wp-admin/admin-ajax.php" "Go-http-client/2.0"
159.89.200.230 - - [26/Dec/2025:07:47:11 -0500] "GET /file2.php HTTP/1.1" 500 0 "http://termiteswood.com/file2.php#tabFM" "Go-http-client/2.0"
159.89.200.230 - - [26/Dec/2025:07:47:12 -0500] "GET /zwso.php HTTP/1.1" 500 0 "http://termiteswood.com//zwso.php" "Go-http-client/2.0"
159.89.200.230 - - [26/Dec/2025:07:47:12 -0500] "GET /wp-admin/zwso.php HTTP/1.1" 500 0 "http://termiteswood.com/wp-admin/zwso.php" "Go-http-client/2.0"
159.89.200.230 - - [26/Dec/2025:07:47:13 -0500] "GET /wp-content/plugins/hellopress/wp_mna.php HTTP/1.1" 200 0 "http://termiteswood.com/wp-content/plugins/hellopress/wp_mna.php" "Go-http-client/2.0"
159.89.200.230 - - [26/Dec/2025:07:47:14 -0500] "GET /bolt.php HTTP/1.1" 500 0 "http://termiteswood.com/bolt.php" "Go-http-client/2.0"
159.89.200.230 - - [26/Dec/2025:07:47:14 -0500] "GET /shlo.php HTTP/1.1" 500 0 "http://termiteswood.com/shlo.php#lufix" "Go-http-client/2.0"
159.89.200.230 - - [26/Dec/2025:07:47:16 -0500] "GET /133.php HTTP/1.1" 500 0 "http://termiteswood.com/133.php" "Go-http-client/2.0"
179.108.84.136 - - [26/Dec/2025:07:47:16 -0500] "GET / HTTP/1.1" 500 0 "-" "Mozilla/5.0 (Windows NT 10.0; Win64; x64) AppleWebKit/537.36 (KHTML, like Gecko) Chrome/99.0.4844.51 Safari/537.36 Edg/99.0.1150.30"
159.89.200.230 - - [26/Dec/2025:07:47:17 -0500] "GET /ahax.php HTTP/1.1" 500 0 "http://termiteswood.com/ahax.php" "Go-http-client/2.0"
159.89.200.230 - - [26/Dec/2025:07:47:17 -0500] "GET /php8.php HTTP/1.1" 500 0 "http://termiteswood.com/php8.php#xleet" "Go-http-client/2.0"
159.89.200.230 - - [26/Dec/2025:07:47:18 -0500] "GET /lufix1.php HTTP/1.1" 500 0 "http://termiteswood.com/lufix1.php#lufix" "Go-http-client/2.0"
159.89.200.230 - - [26/Dec/2025:07:47:19 -0500] "GET /witmm.php HTTP/1.1" 500 0 "http://termiteswood.com/witmm.php#lufix" "Go-http-client/2.0"
159.89.200.230 - - [26/Dec/2025:07:47:20 -0500] "GET /wp-admin/css/index.php HTTP/1.1" 500 0 "http://termiteswood.com/wp-admin/css/index.php" "Go-http-client/2.0"
159.89.200.230 - - [26/Dec/2025:07:47:20 -0500] "GET /wp-content/plugins/index.php HTTP/1.1" 403 1242 "http://termiteswood.com/wp-content/plugins/index.php" "Go-http-client/2.0"
159.89.200.230 - - [26/Dec/2025:07:47:21 -0500] "GET /wp-content/index.php HTTP/1.1" 200 0 "http://termiteswood.com/wp-content/index.php" "Go-http-client/2.0"
159.89.200.230 - - [26/Dec/2025:07:47:22 -0500] "GET /ioxi-o.php HTTP/1.1" 500 0 "http://termiteswood.com/ioxi-o.php" "Go-http-client/2.0"
159.89.200.230 - - [26/Dec/2025:07:47:22 -0500] "GET /222.php HTTP/1.1" 500 0 "http://termiteswood.com/222.php" "Go-http-client/2.0"
159.89.200.230 - - [26/Dec/2025:07:47:23 -0500] "GET /files.php HTTP/1.1" 500 0 "http://termiteswood.com/files.php#admin@3tu/T?TJ8v?N" "Go-http-client/2.0"
159.89.200.230 - - [26/Dec/2025:07:47:24 -0500] "GET /wp-editor.php HTTP/1.1" 500 0 "http://termiteswood.com/wp-editor.php#lufix" "Go-http-client/2.0"
159.89.200.230 - - [26/Dec/2025:07:47:25 -0500] "GET /txets.php HTTP/1.1" 200 28 "http://termiteswood.com/txets.php" "Go-http-client/2.0"
66.249.75.32 - - [26/Dec/2025:07:47:39 -0500] "GET /?g=992981d31f6 HTTP/1.1" 200 24654 "-" "Mozilla/5.0 (Linux; Android 6.0.1; Nexus 5X Build/MMB29P) AppleWebKit/537.36 (KHTML, like Gecko) Chrome/141.0.7390.122 Mobile Safari/537.36 (compatible; Googlebot/2.1; +http://www.google.com/bot.html)"
17.241.75.215 - - [26/Dec/2025:07:47:54 -0500] "GET /?g=672449a6jb3 HTTP/1.1" 500 0 "-" "Mozilla/5.0 (Macintosh; Intel Mac OS X 10_15_7) AppleWebKit/605.1.15 (KHTML, like Gecko) Version/17.4 Safari/605.1.15 (Applebot/0.1; +http://www.apple.com/go/applebot)"
66.249.75.45 - - [26/Dec/2025:07:48:04 -0500] "GET /526496052 HTTP/1.1" 200 24651 "-" "Mozilla/5.0 (Linux; Android 6.0.1; Nexus 5X Build/MMB29P) AppleWebKit/537.36 (KHTML, like Gecko) Chrome/141.0.7390.122 Mobile Safari/537.36 (compatible; GoogleOther)"
66.249.75.45 - - [26/Dec/2025:07:48:18 -0500] "GET /1798136829 HTTP/1.1" 200 24437 "-" "Mozilla/5.0 (Linux; Android 6.0.1; Nexus 5X Build/MMB29P) AppleWebKit/537.36 (KHTML, like Gecko) Chrome/141.0.7390.122 Mobile Safari/537.36 (compatible; GoogleOther)"
66.249.75.45 - - [26/Dec/2025:07:48:22 -0500] "GET /?g=1671149e372fh HTTP/1.1" 200 27101 "-" "Mozilla/5.0 (Linux; Android 6.0.1; Nexus 5X Build/MMB29P) AppleWebKit/537.36 (KHTML, like Gecko) Chrome/141.0.7390.122 Mobile Safari/537.36 (compatible; Googlebot/2.1; +http://www.google.com/bot.html)"
66.249.75.44 - - [26/Dec/2025:07:48:24 -0500] "GET /?g=7512748ae744 HTTP/1.1" 200 24995 "-" "Mozilla/5.0 (Linux; Android 6.0.1; Nexus 5X Build/MMB29P) AppleWebKit/537.36 (KHTML, like Gecko) Chrome/141.0.7390.122 Mobile Safari/537.36 (compatible; Googlebot/2.1; +http://www.google.com/bot.html)"
66.249.75.44 - - [26/Dec/2025:07:48:25 -0500] "GET /?g=23769613ia0h2 HTTP/1.1" 200 24491 "-" "Mozilla/5.0 (Linux; Android 6.0.1; Nexus 5X Build/MMB29P) AppleWebKit/537.36 (KHTML, like Gecko) Chrome/141.0.7390.122 Mobile Safari/537.36 (compatible; Googlebot/2.1; +http://www.google.com/bot.html)"
66.249.75.44 - - [26/Dec/2025:07:48:27 -0500] "GET /?g=30940931i0a2j HTTP/1.1" 200 24375 "-" "Mozilla/5.0 (Linux; Android 6.0.1; Nexus 5X Build/MMB29P) AppleWebKit/537.36 (KHTML, like Gecko) Chrome/141.0.7390.122 Mobile Safari/537.36 (compatible; Googlebot/2.1; +http://www.google.com/bot.html)"
66.249.75.44 - - [26/Dec/2025:07:48:30 -0500] "GET /?g=1859282f0jc2h HTTP/1.1" 200 24753 "-" "Mozilla/5.0 (Linux; Android 6.0.1; Nexus 5X Build/MMB29P) AppleWebKit/537.36 (KHTML, like Gecko) Chrome/141.0.7390.122 Mobile Safari/537.36 (compatible; Googlebot/2.1; +http://www.google.com/bot.html)"
66.249.75.44 - - [26/Dec/2025:07:48:33 -0500] "GET /?g=2459232h236j0 HTTP/1.1" 200 24554 "-" "Mozilla/5.0 (Linux; Android 6.0.1; Nexus 5X Build/MMB29P) AppleWebKit/537.36 (KHTML, like Gecko) Chrome/141.0.7390.122 Mobile Safari/537.36 (compatible; Googlebot/2.1; +http://www.google.com/bot.html)"
66.249.75.44 - - [26/Dec/2025:07:48:35 -0500] "GET /?g=3488686gh3615 HTTP/1.1" 200 24502 "-" "Mozilla/5.0 (Linux; Android 6.0.1; Nexus 5X Build/MMB29P) AppleWebKit/537.36 (KHTML, like Gecko) Chrome/141.0.7390.122 Mobile Safari/537.36 (compatible; Googlebot/2.1; +http://www.google.com/bot.html)"
120.234.70.21 - - [26/Dec/2025:07:48:48 -0500] "GET /do-all-homes-eventually-get-termites/ HTTP/1.1" 500 0 "-" "Mozilla/5.0 (Windows NT 10.0; Win64; x64) AppleWebKit/537.36 (KHTML, like Gecko) Chrome/139.0.0.0 Safari/537.36"
66.249.75.45 - - [26/Dec/2025:07:49:02 -0500] "GET /2434612995 HTTP/1.1" 200 24956 "-" "Mozilla/5.0 (Linux; Android 6.0.1; Nexus 5X Build/MMB29P) AppleWebKit/537.36 (KHTML, like Gecko) Chrome/141.0.7390.122 Mobile Safari/537.36 (compatible; GoogleOther)"
216.73.216.156 - - [26/Dec/2025:07:49:22 -0500] "GET /3333939799 HTTP/1.1" 500 0 "-" "Mozilla/5.0 AppleWebKit/537.36 (KHTML, like Gecko; compatible; ClaudeBot/1.0; +claudebot@anthropic.com)"
216.73.216.156 - - [26/Dec/2025:07:49:27 -0500] "GET /311577640 HTTP/1.1" 500 0 "-" "Mozilla/5.0 AppleWebKit/537.36 (KHTML, like Gecko; compatible; ClaudeBot/1.0; +claudebot@anthropic.com)"
66.249.75.45 - - [26/Dec/2025:07:49:27 -0500] "GET /?g=29758674d5b5i HTTP/1.1" 200 26446 "-" "Mozilla/5.0 (Linux; Android 6.0.1; Nexus 5X Build/MMB29P) AppleWebKit/537.36 (KHTML, like Gecko) Chrome/141.0.7390.122 Mobile Safari/537.36 (compatible; Googlebot/2.1; +http://www.google.com/bot.html)"
216.73.216.156 - - [26/Dec/2025:07:49:32 -0500] "GET /585447104 HTTP/1.1" 500 0 "-" "Mozilla/5.0 AppleWebKit/537.36 (KHTML, like Gecko; compatible; ClaudeBot/1.0; +claudebot@anthropic.com)"
216.73.216.156 - - [26/Dec/2025:07:49:37 -0500] "GET /76816743 HTTP/1.1" 500 0 "-" "Mozilla/5.0 AppleWebKit/537.36 (KHTML, like Gecko; compatible; ClaudeBot/1.0; +claudebot@anthropic.com)"
216.73.216.156 - - [26/Dec/2025:07:49:42 -0500] "GET /712913637 HTTP/1.1" 500 0 "-" "Mozilla/5.0 AppleWebKit/537.36 (KHTML, like Gecko; compatible; ClaudeBot/1.0; +claudebot@anthropic.com)"
216.73.216.156 - - [26/Dec/2025:07:49:47 -0500] "GET /592200482 HTTP/1.1" 500 0 "-" "Mozilla/5.0 AppleWebKit/537.36 (KHTML, like Gecko; compatible; ClaudeBot/1.0; +claudebot@anthropic.com)"
216.73.216.156 - - [26/Dec/2025:07:49:52 -0500] "GET /3692365226 HTTP/1.1" 500 0 "-" "Mozilla/5.0 AppleWebKit/537.36 (KHTML, like Gecko; compatible; ClaudeBot/1.0; +claudebot@anthropic.com)"
216.73.216.156 - - [26/Dec/2025:07:49:57 -0500] "GET /892903552 HTTP/1.1" 500 0 "-" "Mozilla/5.0 AppleWebKit/537.36 (KHTML, like Gecko; compatible; ClaudeBot/1.0; +claudebot@anthropic.com)"
66.249.75.44 - - [26/Dec/2025:07:49:59 -0500] "GET /1279806157 HTTP/1.1" 200 26477 "-" "Mozilla/5.0 (Linux; Android 6.0.1; Nexus 5X Build/MMB29P) AppleWebKit/537.36 (KHTML, like Gecko) Chrome/141.0.7390.122 Mobile Safari/537.36 (compatible; GoogleOther)"
216.73.216.156 - - [26/Dec/2025:07:50:02 -0500] "GET /3972035561 HTTP/1.1" 500 0 "-" "Mozilla/5.0 AppleWebKit/537.36 (KHTML, like Gecko; compatible; ClaudeBot/1.0; +claudebot@anthropic.com)"
216.73.216.156 - - [26/Dec/2025:07:50:07 -0500] "GET /709277356 HTTP/1.1" 500 0 "-" "Mozilla/5.0 AppleWebKit/537.36 (KHTML, like Gecko; compatible; ClaudeBot/1.0; +claudebot@anthropic.com)"
216.73.216.156 - - [26/Dec/2025:07:50:12 -0500] "GET /2632413621 HTTP/1.1" 500 0 "-" "Mozilla/5.0 AppleWebKit/537.36 (KHTML, like Gecko; compatible; ClaudeBot/1.0; +claudebot@anthropic.com)"
216.73.216.156 - - [26/Dec/2025:07:50:17 -0500] "GET /2332922650 HTTP/1.1" 500 0 "-" "Mozilla/5.0 AppleWebKit/537.36 (KHTML, like Gecko; compatible; ClaudeBot/1.0; +claudebot@anthropic.com)"
216.73.216.156 - - [26/Dec/2025:07:50:22 -0500] "GET /4257944186 HTTP/1.1" 500 0 "-" "Mozilla/5.0 AppleWebKit/537.36 (KHTML, like Gecko; compatible; ClaudeBot/1.0; +claudebot@anthropic.com)"
216.73.216.156 - - [26/Dec/2025:07:50:27 -0500] "GET /889267239 HTTP/1.1" 500 0 "-" "Mozilla/5.0 AppleWebKit/537.36 (KHTML, like Gecko; compatible; ClaudeBot/1.0; +claudebot@anthropic.com)"
216.73.216.156 - - [26/Dec/2025:07:50:32 -0500] "GET /33027359 HTTP/1.1" 500 0 "-" "Mozilla/5.0 AppleWebKit/537.36 (KHTML, like Gecko; compatible; ClaudeBot/1.0; +claudebot@anthropic.com)"
216.73.216.156 - - [26/Dec/2025:07:50:37 -0500] "GET /197877471 HTTP/1.1" 500 0 "-" "Mozilla/5.0 AppleWebKit/537.36 (KHTML, like Gecko; compatible; ClaudeBot/1.0; +claudebot@anthropic.com)"
216.73.216.156 - - [26/Dec/2025:07:50:42 -0500] "GET /857032006 HTTP/1.1" 500 0 "-" "Mozilla/5.0 AppleWebKit/537.36 (KHTML, like Gecko; compatible; ClaudeBot/1.0; +claudebot@anthropic.com)"
216.73.216.156 - - [26/Dec/2025:07:50:47 -0500] "GET /1336096072 HTTP/1.1" 500 0 "-" "Mozilla/5.0 AppleWebKit/537.36 (KHTML, like Gecko; compatible; ClaudeBot/1.0; +claudebot@anthropic.com)"
216.73.216.156 - - [26/Dec/2025:07:50:52 -0500] "GET /8150438 HTTP/1.1" 500 0 "-" "Mozilla/5.0 AppleWebKit/537.36 (KHTML, like Gecko; compatible; ClaudeBot/1.0; +claudebot@anthropic.com)"
216.73.216.156 - - [26/Dec/2025:07:50:57 -0500] "GET /3420175374 HTTP/1.1" 500 0 "-" "Mozilla/5.0 AppleWebKit/537.36 (KHTML, like Gecko; compatible; ClaudeBot/1.0; +claudebot@anthropic.com)"
216.73.216.156 - - [26/Dec/2025:07:51:02 -0500] "GET /1137468 HTTP/1.1" 500 0 "-" "Mozilla/5.0 AppleWebKit/537.36 (KHTML, like Gecko; compatible; ClaudeBot/1.0; +claudebot@anthropic.com)"
66.249.75.32 - - [26/Dec/2025:07:51:06 -0500] "GET /?g=30045315g82c9 HTTP/1.1" 200 26559 "-" "Mozilla/5.0 (Linux; Android 6.0.1; Nexus 5X Build/MMB29P) AppleWebKit/537.36 (KHTML, like Gecko) Chrome/141.0.7390.122 Mobile Safari/537.36 (compatible; Googlebot/2.1; +http://www.google.com/bot.html)"
216.73.216.156 - - [26/Dec/2025:07:51:07 -0500] "GET /2431691995 HTTP/1.1" 500 0 "-" "Mozilla/5.0 AppleWebKit/537.36 (KHTML, like Gecko; compatible; ClaudeBot/1.0; +claudebot@anthropic.com)"
216.73.216.156 - - [26/Dec/2025:07:51:12 -0500] "GET /5726256 HTTP/1.1" 500 0 "-" "Mozilla/5.0 AppleWebKit/537.36 (KHTML, like Gecko; compatible; ClaudeBot/1.0; +claudebot@anthropic.com)"
216.73.216.156 - - [26/Dec/2025:07:51:17 -0500] "GET /173000550 HTTP/1.1" 500 0 "-" "Mozilla/5.0 AppleWebKit/537.36 (KHTML, like Gecko; compatible; ClaudeBot/1.0; +claudebot@anthropic.com)"
216.73.216.156 - - [26/Dec/2025:07:51:22 -0500] "GET /2145006356 HTTP/1.1" 500 0 "-" "Mozilla/5.0 AppleWebKit/537.36 (KHTML, like Gecko; compatible; ClaudeBot/1.0; +claudebot@anthropic.com)"
216.73.216.156 - - [26/Dec/2025:07:51:29 -0500] "GET /689594189 HTTP/1.1" 500 0 "-" "Mozilla/5.0 AppleWebKit/537.36 (KHTML, like Gecko; compatible; ClaudeBot/1.0; +claudebot@anthropic.com)"
216.73.216.156 - - [26/Dec/2025:07:51:34 -0500] "GET /1901889248 HTTP/1.1" 500 0 "-" "Mozilla/5.0 AppleWebKit/537.36 (KHTML, like Gecko; compatible; ClaudeBot/1.0; +claudebot@anthropic.com)"
216.73.216.156 - - [26/Dec/2025:07:51:39 -0500] "GET /121472900 HTTP/1.1" 500 0 "-" "Mozilla/5.0 AppleWebKit/537.36 (KHTML, like Gecko; compatible; ClaudeBot/1.0; +claudebot@anthropic.com)"
66.249.75.45 - - [26/Dec/2025:07:51:40 -0500] "GET /3753099152 HTTP/1.1" 200 25183 "-" "Mozilla/5.0 (Linux; Android 6.0.1; Nexus 5X Build/MMB29P) AppleWebKit/537.36 (KHTML, like Gecko) Chrome/141.0.7390.122 Mobile Safari/537.36 (compatible; GoogleOther)"
216.73.216.156 - - [26/Dec/2025:07:51:44 -0500] "GET /3209546764 HTTP/1.1" 500 0 "-" "Mozilla/5.0 AppleWebKit/537.36 (KHTML, like Gecko; compatible; ClaudeBot/1.0; +claudebot@anthropic.com)"
216.73.216.156 - - [26/Dec/2025:07:51:49 -0500] "GET /1415366268 HTTP/1.1" 500 0 "-" "Mozilla/5.0 AppleWebKit/537.36 (KHTML, like Gecko; compatible; ClaudeBot/1.0; +claudebot@anthropic.com)"
216.73.216.156 - - [26/Dec/2025:07:51:54 -0500] "GET /2449999524 HTTP/1.1" 500 0 "-" "Mozilla/5.0 AppleWebKit/537.36 (KHTML, like Gecko; compatible; ClaudeBot/1.0; +claudebot@anthropic.com)"
216.73.216.156 - - [26/Dec/2025:07:51:59 -0500] "GET /3813286286 HTTP/1.1" 500 0 "-" "Mozilla/5.0 AppleWebKit/537.36 (KHTML, like Gecko; compatible; ClaudeBot/1.0; +claudebot@anthropic.com)"
216.73.216.156 - - [26/Dec/2025:07:52:04 -0500] "GET /3915432304 HTTP/1.1" 500 0 "-" "Mozilla/5.0 AppleWebKit/537.36 (KHTML, like Gecko; compatible; ClaudeBot/1.0; +claudebot@anthropic.com)"
216.73.216.156 - - [26/Dec/2025:07:52:09 -0500] "GET /4096029336 HTTP/1.1" 500 0 "-" "Mozilla/5.0 AppleWebKit/537.36 (KHTML, like Gecko; compatible; ClaudeBot/1.0; +claudebot@anthropic.com)"
216.73.216.156 - - [26/Dec/2025:07:52:14 -0500] "GET /549016032 HTTP/1.1" 500 0 "-" "Mozilla/5.0 AppleWebKit/537.36 (KHTML, like Gecko; compatible; ClaudeBot/1.0; +claudebot@anthropic.com)"
66.249.75.44 - - [26/Dec/2025:07:52:14 -0500] "GET /2434691586 HTTP/1.1" 200 26884 "-" "Mozilla/5.0 (Linux; Android 6.0.1; Nexus 5X Build/MMB29P) AppleWebKit/537.36 (KHTML, like Gecko) Chrome/141.0.7390.122 Mobile Safari/537.36 (compatible; GoogleOther)"
