136.243.228.193 - - [26/Dec/2025:08:10:43 -0500] "GET /?commodity/unsuccessful/broker925814795223 HTTP/1.1" 200 12888 "-" "Mozilla/5.0 (compatible; DataForSeoBot/1.0; +https://dataforseo.com/dataforseo-bot)"
136.243.228.193 - - [26/Dec/2025:08:10:48 -0500] "GET /?commodity/success/stroke925714336259 HTTP/1.1" 200 12888 "-" "Mozilla/5.0 (compatible; DataForSeoBot/1.0; +https://dataforseo.com/dataforseo-bot)"
216.73.216.166 - - [26/Dec/2025:08:10:51 -0500] "GET /shop/persevering/steren4452779972.html HTTP/1.1" 200 12889 "-" "Mozilla/5.0 AppleWebKit/537.36 (KHTML, like Gecko; compatible; ClaudeBot/1.0; +claudebot@anthropic.com)"
216.73.216.166 - - [26/Dec/2025:08:10:51 -0500] "GET /commodity/dirty/adjacent92617721222 HTTP/1.1" 200 12888 "-" "Mozilla/5.0 AppleWebKit/537.36 (KHTML, like Gecko; compatible; ClaudeBot/1.0; +claudebot@anthropic.com)"
136.243.228.193 - - [26/Dec/2025:08:10:51 -0500] "GET /?commodity/roots/sigh925714344059 HTTP/1.1" 200 12888 "-" "Mozilla/5.0 (compatible; DataForSeoBot/1.0; +https://dataforseo.com/dataforseo-bot)"
66.249.77.1 - - [26/Dec/2025:08:10:50 -0500] "GET /?commodity/module/staining92622716854 HTTP/1.1" 200 26243 "-" "Mozilla/5.0 (Linux; Android 6.0.1; Nexus 5X Build/MMB29P) AppleWebKit/537.36 (KHTML, like Gecko) Chrome/141.0.7390.122 Mobile Safari/537.36 (compatible; Googlebot/2.1; +http://www.google.com/bot.html)"
216.73.216.166 - - [26/Dec/2025:08:10:52 -0500] "GET /shop/livevideo/lsocket87276126877.html HTTP/1.1" 200 12888 "-" "Mozilla/5.0 AppleWebKit/537.36 (KHTML, like Gecko; compatible; ClaudeBot/1.0; +claudebot@anthropic.com)"
216.73.216.166 - - [26/Dec/2025:08:10:52 -0500] "GET /commodity/variance/residual92591349552 HTTP/1.1" 200 12888 "-" "Mozilla/5.0 AppleWebKit/537.36 (KHTML, like Gecko; compatible; ClaudeBot/1.0; +claudebot@anthropic.com)"
216.73.216.166 - - [26/Dec/2025:08:10:53 -0500] "GET /shop/wakefield/apologies44527302011.html HTTP/1.1" 200 12888 "-" "Mozilla/5.0 AppleWebKit/537.36 (KHTML, like Gecko; compatible; ClaudeBot/1.0; +claudebot@anthropic.com)"
216.73.216.166 - - [26/Dec/2025:08:10:53 -0500] "GET /shop/breen/secrecy16146158193.html HTTP/1.1" 200 12888 "-" "Mozilla/5.0 AppleWebKit/537.36 (KHTML, like Gecko; compatible; ClaudeBot/1.0; +claudebot@anthropic.com)"
216.73.216.166 - - [26/Dec/2025:08:10:54 -0500] "GET /commodity/faculties/pets92575839166 HTTP/1.1" 200 12888 "-" "Mozilla/5.0 AppleWebKit/537.36 (KHTML, like Gecko; compatible; ClaudeBot/1.0; +claudebot@anthropic.com)"
216.73.216.166 - - [26/Dec/2025:08:10:54 -0500] "GET /shop/dette/runner67030161526.html HTTP/1.1" 200 12888 "-" "Mozilla/5.0 AppleWebKit/537.36 (KHTML, like Gecko; compatible; ClaudeBot/1.0; +claudebot@anthropic.com)"
216.73.216.166 - - [26/Dec/2025:08:10:55 -0500] "GET /shop/vertical/weidner44527135709.html HTTP/1.1" 200 12888 "-" "Mozilla/5.0 AppleWebKit/537.36 (KHTML, like Gecko; compatible; ClaudeBot/1.0; +claudebot@anthropic.com)"
216.73.216.166 - - [26/Dec/2025:08:10:55 -0500] "GET /shop/bouche/bugbear46740287115.html HTTP/1.1" 200 12888 "-" "Mozilla/5.0 AppleWebKit/537.36 (KHTML, like Gecko; compatible; ClaudeBot/1.0; +claudebot@anthropic.com)"
216.73.216.166 - - [26/Dec/2025:08:10:56 -0500] "GET /commodity/kv/jigsaw9258992576 HTTP/1.1" 200 12888 "-" "Mozilla/5.0 AppleWebKit/537.36 (KHTML, like Gecko; compatible; ClaudeBot/1.0; +claudebot@anthropic.com)"
136.243.228.193 - - [26/Dec/2025:08:10:56 -0500] "GET /?commodity/longitude/winters926211209023 HTTP/1.1" 200 12888 "-" "Mozilla/5.0 (compatible; DataForSeoBot/1.0; +https://dataforseo.com/dataforseo-bot)"
66.249.77.1 - - [26/Dec/2025:08:10:55 -0500] "GET /?category/92615 HTTP/1.1" 200 29551 "-" "Mozilla/5.0 (Linux; Android 6.0.1; Nexus 5X Build/MMB29P) AppleWebKit/537.36 (KHTML, like Gecko) Chrome/141.0.7390.122 Mobile Safari/537.36 (compatible; Googlebot/2.1; +http://www.google.com/bot.html)"
216.73.216.166 - - [26/Dec/2025:08:10:56 -0500] "GET /commodity/nowadays/unpublished92576130094 HTTP/1.1" 200 12888 "-" "Mozilla/5.0 AppleWebKit/537.36 (KHTML, like Gecko; compatible; ClaudeBot/1.0; +claudebot@anthropic.com)"
216.73.216.166 - - [26/Dec/2025:08:10:57 -0500] "GET /commodity/fifa/esa92591333022 HTTP/1.1" 200 12888 "-" "Mozilla/5.0 AppleWebKit/537.36 (KHTML, like Gecko; compatible; ClaudeBot/1.0; +claudebot@anthropic.com)"
216.73.216.166 - - [26/Dec/2025:08:10:57 -0500] "GET /commodity/aliens/ami92622674832 HTTP/1.1" 200 12888 "-" "Mozilla/5.0 AppleWebKit/537.36 (KHTML, like Gecko; compatible; ClaudeBot/1.0; +claudebot@anthropic.com)"
216.73.216.166 - - [26/Dec/2025:08:10:58 -0500] "GET /commodity/staind/middot92604549802 HTTP/1.1" 200 12888 "-" "Mozilla/5.0 AppleWebKit/537.36 (KHTML, like Gecko; compatible; ClaudeBot/1.0; +claudebot@anthropic.com)"
216.73.216.166 - - [26/Dec/2025:08:10:58 -0500] "GET /commodity/gamma/lips92591025891 HTTP/1.1" 200 12888 "-" "Mozilla/5.0 AppleWebKit/537.36 (KHTML, like Gecko; compatible; ClaudeBot/1.0; +claudebot@anthropic.com)"
216.73.216.166 - - [26/Dec/2025:08:10:59 -0500] "GET /shop/occurs/deployments86897276573.html HTTP/1.1" 200 12888 "-" "Mozilla/5.0 AppleWebKit/537.36 (KHTML, like Gecko; compatible; ClaudeBot/1.0; +claudebot@anthropic.com)"
216.73.216.166 - - [26/Dec/2025:08:10:59 -0500] "GET /shop/hight/flanked87276283178.html HTTP/1.1" 200 12888 "-" "Mozilla/5.0 AppleWebKit/537.36 (KHTML, like Gecko; compatible; ClaudeBot/1.0; +claudebot@anthropic.com)"
136.243.228.193 - - [26/Dec/2025:08:10:59 -0500] "GET /?commodity/manufacture/mas926211320983 HTTP/1.1" 200 12888 "-" "Mozilla/5.0 (compatible; DataForSeoBot/1.0; +https://dataforseo.com/dataforseo-bot)"
216.73.216.166 - - [26/Dec/2025:08:11:00 -0500] "GET /commodity/abroad/style92615057501 HTTP/1.1" 200 12888 "-" "Mozilla/5.0 AppleWebKit/537.36 (KHTML, like Gecko; compatible; ClaudeBot/1.0; +claudebot@anthropic.com)"
216.73.216.166 - - [26/Dec/2025:08:11:00 -0500] "GET /shop/interventions/tabled44527311566.html HTTP/1.1" 200 12888 "-" "Mozilla/5.0 AppleWebKit/537.36 (KHTML, like Gecko; compatible; ClaudeBot/1.0; +claudebot@anthropic.com)"
216.73.216.166 - - [26/Dec/2025:08:11:01 -0500] "GET /shop/interfaces/dianapost8557067787.html HTTP/1.1" 200 12888 "-" "Mozilla/5.0 AppleWebKit/537.36 (KHTML, like Gecko; compatible; ClaudeBot/1.0; +claudebot@anthropic.com)"
216.73.216.166 - - [26/Dec/2025:08:11:01 -0500] "GET /commodity/definition/observers92594227581 HTTP/1.1" 200 12888 "-" "Mozilla/5.0 AppleWebKit/537.36 (KHTML, like Gecko; compatible; ClaudeBot/1.0; +claudebot@anthropic.com)"
216.73.216.166 - - [26/Dec/2025:08:11:02 -0500] "GET /commodity/mates/fluorescence92604733447 HTTP/1.1" 200 12888 "-" "Mozilla/5.0 AppleWebKit/537.36 (KHTML, like Gecko; compatible; ClaudeBot/1.0; +claudebot@anthropic.com)"
216.73.216.166 - - [26/Dec/2025:08:11:02 -0500] "GET /shop/liquidation/datuk67030148299.html HTTP/1.1" 200 12888 "-" "Mozilla/5.0 AppleWebKit/537.36 (KHTML, like Gecko; compatible; ClaudeBot/1.0; +claudebot@anthropic.com)"
216.73.216.166 - - [26/Dec/2025:08:11:03 -0500] "GET /commodity/enlarged/remote92583599294 HTTP/1.1" 200 12888 "-" "Mozilla/5.0 AppleWebKit/537.36 (KHTML, like Gecko; compatible; ClaudeBot/1.0; +claudebot@anthropic.com)"
216.73.216.166 - - [26/Dec/2025:08:11:03 -0500] "GET /shop/polyunsaturated/phred87276107668.html HTTP/1.1" 200 12888 "-" "Mozilla/5.0 AppleWebKit/537.36 (KHTML, like Gecko; compatible; ClaudeBot/1.0; +claudebot@anthropic.com)"
136.243.228.193 - - [26/Dec/2025:08:11:03 -0500] "GET /?commodity/nom/chapel925918094911 HTTP/1.1" 200 12888 "-" "Mozilla/5.0 (compatible; DataForSeoBot/1.0; +https://dataforseo.com/dataforseo-bot)"
216.73.216.166 - - [26/Dec/2025:08:11:04 -0500] "GET /commodity/beads/tous9258999167 HTTP/1.1" 200 12888 "-" "Mozilla/5.0 AppleWebKit/537.36 (KHTML, like Gecko; compatible; ClaudeBot/1.0; +claudebot@anthropic.com)"
216.73.216.166 - - [26/Dec/2025:08:11:04 -0500] "GET /shop/beaming/dennett86897140209.html HTTP/1.1" 200 12888 "-" "Mozilla/5.0 AppleWebKit/537.36 (KHTML, like Gecko; compatible; ClaudeBot/1.0; +claudebot@anthropic.com)"
216.73.216.166 - - [26/Dec/2025:08:11:05 -0500] "GET /shop/knowhere/wielding67030128465.html HTTP/1.1" 200 12888 "-" "Mozilla/5.0 AppleWebKit/537.36 (KHTML, like Gecko; compatible; ClaudeBot/1.0; +claudebot@anthropic.com)"
216.73.216.166 - - [26/Dec/2025:08:11:05 -0500] "GET /shop/hardcore/romantics86897259283.html HTTP/1.1" 200 12888 "-" "Mozilla/5.0 AppleWebKit/537.36 (KHTML, like Gecko; compatible; ClaudeBot/1.0; +claudebot@anthropic.com)"
216.73.216.166 - - [26/Dec/2025:08:11:06 -0500] "GET /commodity/vigorous/linker92622818019 HTTP/1.1" 200 12888 "-" "Mozilla/5.0 AppleWebKit/537.36 (KHTML, like Gecko; compatible; ClaudeBot/1.0; +claudebot@anthropic.com)"
216.73.216.166 - - [26/Dec/2025:08:11:06 -0500] "GET /commodity/marc/rural92575978669 HTTP/1.1" 200 12888 "-" "Mozilla/5.0 AppleWebKit/537.36 (KHTML, like Gecko; compatible; ClaudeBot/1.0; +claudebot@anthropic.com)"
216.73.216.166 - - [26/Dec/2025:08:11:07 -0500] "GET /commodity/bam/ariel92607629626 HTTP/1.1" 200 12888 "-" "Mozilla/5.0 AppleWebKit/537.36 (KHTML, like Gecko; compatible; ClaudeBot/1.0; +claudebot@anthropic.com)"
216.73.216.166 - - [26/Dec/2025:08:11:07 -0500] "GET /commodity/admire/intro92604822292 HTTP/1.1" 200 12888 "-" "Mozilla/5.0 AppleWebKit/537.36 (KHTML, like Gecko; compatible; ClaudeBot/1.0; +claudebot@anthropic.com)"
216.73.216.166 - - [26/Dec/2025:08:11:08 -0500] "GET /commodity/administrator/ke92622449922 HTTP/1.1" 200 12888 "-" "Mozilla/5.0 AppleWebKit/537.36 (KHTML, like Gecko; compatible; ClaudeBot/1.0; +claudebot@anthropic.com)"
136.243.228.193 - - [26/Dec/2025:08:11:08 -0500] "GET /?commodity/replacement/virginia926211333838 HTTP/1.1" 200 12888 "-" "Mozilla/5.0 (compatible; DataForSeoBot/1.0; +https://dataforseo.com/dataforseo-bot)"
216.73.216.166 - - [26/Dec/2025:08:11:08 -0500] "GET /shop/affordable/wanders44527201737.html HTTP/1.1" 200 12888 "-" "Mozilla/5.0 AppleWebKit/537.36 (KHTML, like Gecko; compatible; ClaudeBot/1.0; +claudebot@anthropic.com)"
216.73.216.166 - - [26/Dec/2025:08:11:09 -0500] "GET /shop/centralisation/liquidation80084149691.html HTTP/1.1" 200 12888 "-" "Mozilla/5.0 AppleWebKit/537.36 (KHTML, like Gecko; compatible; ClaudeBot/1.0; +claudebot@anthropic.com)"
216.73.216.166 - - [26/Dec/2025:08:11:09 -0500] "GET /commodity/damned/trojan92607425641 HTTP/1.1" 200 12888 "-" "Mozilla/5.0 AppleWebKit/537.36 (KHTML, like Gecko; compatible; ClaudeBot/1.0; +claudebot@anthropic.com)"
216.73.216.166 - - [26/Dec/2025:08:11:10 -0500] "GET /commodity/identifiable/thirteen92591272317 HTTP/1.1" 200 12888 "-" "Mozilla/5.0 AppleWebKit/537.36 (KHTML, like Gecko; compatible; ClaudeBot/1.0; +claudebot@anthropic.com)"
216.73.216.166 - - [26/Dec/2025:08:11:10 -0500] "GET /shop/dozen/robison8689798500.html HTTP/1.1" 200 12888 "-" "Mozilla/5.0 AppleWebKit/537.36 (KHTML, like Gecko; compatible; ClaudeBot/1.0; +claudebot@anthropic.com)"
202.76.173.255 - - [26/Dec/2025:08:11:10 -0500] "GET /shop/olympian/excited16146149362.html HTTP/1.1" 200 14464 "-" "Mozilla/5.0 (Windows; U; Windows NT 6.1; he; rv:1.9.2.8) Gecko/20100722 Firefox/3.6.8"
216.73.216.166 - - [26/Dec/2025:08:11:11 -0500] "GET /commodity/peers/procurement92591225211 HTTP/1.1" 200 12888 "-" "Mozilla/5.0 AppleWebKit/537.36 (KHTML, like Gecko; compatible; ClaudeBot/1.0; +claudebot@anthropic.com)"
136.243.228.193 - - [26/Dec/2025:08:11:11 -0500] "GET /?commodity/marshal/cobb925912787074 HTTP/1.1" 200 12888 "-" "Mozilla/5.0 (compatible; DataForSeoBot/1.0; +https://dataforseo.com/dataforseo-bot)"
216.73.216.166 - - [26/Dec/2025:08:11:11 -0500] "GET /commodity/tick/mysterious92596745346 HTTP/1.1" 200 12888 "-" "Mozilla/5.0 AppleWebKit/537.36 (KHTML, like Gecko; compatible; ClaudeBot/1.0; +claudebot@anthropic.com)"
216.73.216.166 - - [26/Dec/2025:08:11:12 -0500] "GET /shop/calpine/improv67030165409.html HTTP/1.1" 200 12888 "-" "Mozilla/5.0 AppleWebKit/537.36 (KHTML, like Gecko; compatible; ClaudeBot/1.0; +claudebot@anthropic.com)"
216.73.216.166 - - [26/Dec/2025:08:11:12 -0500] "GET /shop/vanda/electrification8626342974.html HTTP/1.1" 200 12888 "-" "Mozilla/5.0 AppleWebKit/537.36 (KHTML, like Gecko; compatible; ClaudeBot/1.0; +claudebot@anthropic.com)"
216.73.216.166 - - [26/Dec/2025:08:11:13 -0500] "GET /commodity/nic/romance92575779919 HTTP/1.1" 200 12888 "-" "Mozilla/5.0 AppleWebKit/537.36 (KHTML, like Gecko; compatible; ClaudeBot/1.0; +claudebot@anthropic.com)"
216.73.216.166 - - [26/Dec/2025:08:11:13 -0500] "GET /commodity/republicans/moon92575858987 HTTP/1.1" 200 12888 "-" "Mozilla/5.0 AppleWebKit/537.36 (KHTML, like Gecko; compatible; ClaudeBot/1.0; +claudebot@anthropic.com)"
216.73.216.166 - - [26/Dec/2025:08:11:14 -0500] "GET /commodity/carol/diluted9258795269 HTTP/1.1" 200 12888 "-" "Mozilla/5.0 AppleWebKit/537.36 (KHTML, like Gecko; compatible; ClaudeBot/1.0; +claudebot@anthropic.com)"
216.73.216.166 - - [26/Dec/2025:08:11:14 -0500] "GET /shop/services/blast80084185940.html HTTP/1.1" 200 12888 "-" "Mozilla/5.0 AppleWebKit/537.36 (KHTML, like Gecko; compatible; ClaudeBot/1.0; +claudebot@anthropic.com)"
216.73.216.166 - - [26/Dec/2025:08:11:15 -0500] "GET /commodity/skin/bs92576181019 HTTP/1.1" 200 12888 "-" "Mozilla/5.0 AppleWebKit/537.36 (KHTML, like Gecko; compatible; ClaudeBot/1.0; +claudebot@anthropic.com)"
136.243.228.193 - - [26/Dec/2025:08:11:15 -0500] "GET /?commodity/accessory/plaid925714550018 HTTP/1.1" 200 12888 "-" "Mozilla/5.0 (compatible; DataForSeoBot/1.0; +https://dataforseo.com/dataforseo-bot)"
216.73.216.166 - - [26/Dec/2025:08:11:15 -0500] "GET /commodity/jelsoft/inventions9258956969 HTTP/1.1" 200 12888 "-" "Mozilla/5.0 AppleWebKit/537.36 (KHTML, like Gecko; compatible; ClaudeBot/1.0; +claudebot@anthropic.com)"
216.73.216.166 - - [26/Dec/2025:08:11:16 -0500] "GET /commodity/dude/pinnacle92604628021 HTTP/1.1" 200 12888 "-" "Mozilla/5.0 AppleWebKit/537.36 (KHTML, like Gecko; compatible; ClaudeBot/1.0; +claudebot@anthropic.com)"
216.73.216.166 - - [26/Dec/2025:08:11:16 -0500] "GET /commodity/varying/incur92573075602 HTTP/1.1" 200 12888 "-" "Mozilla/5.0 AppleWebKit/537.36 (KHTML, like Gecko; compatible; ClaudeBot/1.0; +claudebot@anthropic.com)"
216.73.216.166 - - [26/Dec/2025:08:11:17 -0500] "GET /commodity/caicos/ecard92591236866 HTTP/1.1" 200 12888 "-" "Mozilla/5.0 AppleWebKit/537.36 (KHTML, like Gecko; compatible; ClaudeBot/1.0; +claudebot@anthropic.com)"
216.73.216.166 - - [26/Dec/2025:08:11:17 -0500] "GET /commodity/widest/victor92601545437 HTTP/1.1" 200 12888 "-" "Mozilla/5.0 AppleWebKit/537.36 (KHTML, like Gecko; compatible; ClaudeBot/1.0; +claudebot@anthropic.com)"
216.73.216.166 - - [26/Dec/2025:08:11:18 -0500] "GET /commodity/presidency/widescreen92591046312 HTTP/1.1" 200 12888 "-" "Mozilla/5.0 AppleWebKit/537.36 (KHTML, like Gecko; compatible; ClaudeBot/1.0; +claudebot@anthropic.com)"
216.73.216.166 - - [26/Dec/2025:08:11:18 -0500] "GET /shop/ballinger/rdata8946460170.html HTTP/1.1" 200 12888 "-" "Mozilla/5.0 AppleWebKit/537.36 (KHTML, like Gecko; compatible; ClaudeBot/1.0; +claudebot@anthropic.com)"
216.73.216.166 - - [26/Dec/2025:08:11:19 -0500] "GET /commodity/pixar/autobiography92601891562 HTTP/1.1" 200 12888 "-" "Mozilla/5.0 AppleWebKit/537.36 (KHTML, like Gecko; compatible; ClaudeBot/1.0; +claudebot@anthropic.com)"
136.243.228.193 - - [26/Dec/2025:08:11:19 -0500] "GET /?commodity/serving/dvr925714281911 HTTP/1.1" 200 12888 "-" "Mozilla/5.0 (compatible; DataForSeoBot/1.0; +https://dataforseo.com/dataforseo-bot)"
216.73.216.166 - - [26/Dec/2025:08:11:19 -0500] "GET /commodity/scrapbook/pre92572979191 HTTP/1.1" 200 12888 "-" "Mozilla/5.0 AppleWebKit/537.36 (KHTML, like Gecko; compatible; ClaudeBot/1.0; +claudebot@anthropic.com)"
216.73.216.166 - - [26/Dec/2025:08:11:20 -0500] "GET /shop/escapade/satisfactory44527226936.html HTTP/1.1" 200 12888 "-" "Mozilla/5.0 AppleWebKit/537.36 (KHTML, like Gecko; compatible; ClaudeBot/1.0; +claudebot@anthropic.com)"
216.73.216.166 - - [26/Dec/2025:08:11:20 -0500] "GET /commodity/spark/pertinent92573230669 HTTP/1.1" 200 12888 "-" "Mozilla/5.0 AppleWebKit/537.36 (KHTML, like Gecko; compatible; ClaudeBot/1.0; +claudebot@anthropic.com)"
216.73.216.166 - - [26/Dec/2025:08:11:21 -0500] "GET /shop/newyork/whose46740291869.html HTTP/1.1" 200 12888 "-" "Mozilla/5.0 AppleWebKit/537.36 (KHTML, like Gecko; compatible; ClaudeBot/1.0; +claudebot@anthropic.com)"
216.73.216.166 - - [26/Dec/2025:08:11:21 -0500] "GET /shop/murad/floris8557095611.html HTTP/1.1" 200 12888 "-" "Mozilla/5.0 AppleWebKit/537.36 (KHTML, like Gecko; compatible; ClaudeBot/1.0; +claudebot@anthropic.com)"
216.73.216.166 - - [26/Dec/2025:08:11:22 -0500] "GET /commodity/slater/completely92591421411 HTTP/1.1" 200 12888 "-" "Mozilla/5.0 AppleWebKit/537.36 (KHTML, like Gecko; compatible; ClaudeBot/1.0; +claudebot@anthropic.com)"
216.73.216.166 - - [26/Dec/2025:08:11:22 -0500] "GET /commodity/riches/subscribe92604777757 HTTP/1.1" 200 12888 "-" "Mozilla/5.0 AppleWebKit/537.36 (KHTML, like Gecko; compatible; ClaudeBot/1.0; +claudebot@anthropic.com)"
216.73.216.166 - - [26/Dec/2025:08:11:23 -0500] "GET /commodity/achieves/seized92615289401 HTTP/1.1" 200 12888 "-" "Mozilla/5.0 AppleWebKit/537.36 (KHTML, like Gecko; compatible; ClaudeBot/1.0; +claudebot@anthropic.com)"
216.73.216.166 - - [26/Dec/2025:08:11:23 -0500] "GET /shop/suffocate/subscriptions67030260036.html HTTP/1.1" 200 12888 "-" "Mozilla/5.0 AppleWebKit/537.36 (KHTML, like Gecko; compatible; ClaudeBot/1.0; +claudebot@anthropic.com)"
136.243.228.193 - - [26/Dec/2025:08:11:23 -0500] "GET /?commodity/distributor/forests926211239536 HTTP/1.1" 200 12888 "-" "Mozilla/5.0 (compatible; DataForSeoBot/1.0; +https://dataforseo.com/dataforseo-bot)"
216.73.216.166 - - [26/Dec/2025:08:11:24 -0500] "GET /commodity/syrup/ingram92625374262 HTTP/1.1" 200 12888 "-" "Mozilla/5.0 AppleWebKit/537.36 (KHTML, like Gecko; compatible; ClaudeBot/1.0; +claudebot@anthropic.com)"
66.249.77.1 - - [26/Dec/2025:08:11:23 -0500] "GET /?commodity/surgical/bryce92601637749 HTTP/1.1" 200 26711 "-" "Mozilla/5.0 (Linux; Android 6.0.1; Nexus 5X Build/MMB29P) AppleWebKit/537.36 (KHTML, like Gecko) Chrome/141.0.7390.122 Mobile Safari/537.36 (compatible; Googlebot/2.1; +http://www.google.com/bot.html)"
216.73.216.166 - - [26/Dec/2025:08:11:24 -0500] "GET /commodity/maestro/ignoring92572911406 HTTP/1.1" 200 12888 "-" "Mozilla/5.0 AppleWebKit/537.36 (KHTML, like Gecko; compatible; ClaudeBot/1.0; +claudebot@anthropic.com)"
216.73.216.166 - - [26/Dec/2025:08:11:25 -0500] "GET /shop/configcache/agrippa16146276345.html HTTP/1.1" 200 12888 "-" "Mozilla/5.0 AppleWebKit/537.36 (KHTML, like Gecko; compatible; ClaudeBot/1.0; +claudebot@anthropic.com)"
216.73.216.166 - - [26/Dec/2025:08:11:25 -0500] "GET /shop/refuses/halitosis6703092450.html HTTP/1.1" 200 12888 "-" "Mozilla/5.0 AppleWebKit/537.36 (KHTML, like Gecko; compatible; ClaudeBot/1.0; +claudebot@anthropic.com)"
216.73.216.166 - - [26/Dec/2025:08:11:26 -0500] "GET /commodity/standpoint/paragon92583516266 HTTP/1.1" 200 12888 "-" "Mozilla/5.0 AppleWebKit/537.36 (KHTML, like Gecko; compatible; ClaudeBot/1.0; +claudebot@anthropic.com)"
216.73.216.166 - - [26/Dec/2025:08:11:26 -0500] "GET /commodity/suitability/filth92594194419 HTTP/1.1" 200 12888 "-" "Mozilla/5.0 AppleWebKit/537.36 (KHTML, like Gecko; compatible; ClaudeBot/1.0; +claudebot@anthropic.com)"
216.73.216.166 - - [26/Dec/2025:08:11:27 -0500] "GET /commodity/surely/phones9258800672 HTTP/1.1" 200 12888 "-" "Mozilla/5.0 AppleWebKit/537.36 (KHTML, like Gecko; compatible; ClaudeBot/1.0; +claudebot@anthropic.com)"
136.243.228.193 - - [26/Dec/2025:08:11:27 -0500] "GET /?commodity/quilts/labelling925711550399 HTTP/1.1" 200 12888 "-" "Mozilla/5.0 (compatible; DataForSeoBot/1.0; +https://dataforseo.com/dataforseo-bot)"
216.73.216.166 - - [26/Dec/2025:08:11:27 -0500] "GET /shop/loons/collation4674052143.html HTTP/1.1" 200 12888 "-" "Mozilla/5.0 AppleWebKit/537.36 (KHTML, like Gecko; compatible; ClaudeBot/1.0; +claudebot@anthropic.com)"
216.73.216.166 - - [26/Dec/2025:08:11:28 -0500] "GET /shop/tasker/kilroy6703074594.html HTTP/1.1" 200 12888 "-" "Mozilla/5.0 AppleWebKit/537.36 (KHTML, like Gecko; compatible; ClaudeBot/1.0; +claudebot@anthropic.com)"
216.73.216.166 - - [26/Dec/2025:08:11:28 -0500] "GET /commodity/clothing/candy92607280132 HTTP/1.1" 200 12888 "-" "Mozilla/5.0 AppleWebKit/537.36 (KHTML, like Gecko; compatible; ClaudeBot/1.0; +claudebot@anthropic.com)"
216.73.216.166 - - [26/Dec/2025:08:11:29 -0500] "GET /commodity/translating/budget92622579702 HTTP/1.1" 200 12888 "-" "Mozilla/5.0 AppleWebKit/537.36 (KHTML, like Gecko; compatible; ClaudeBot/1.0; +claudebot@anthropic.com)"
216.73.216.166 - - [26/Dec/2025:08:11:29 -0500] "GET /commodity/solar/attempting92591447394 HTTP/1.1" 200 12888 "-" "Mozilla/5.0 AppleWebKit/537.36 (KHTML, like Gecko; compatible; ClaudeBot/1.0; +claudebot@anthropic.com)"
216.73.216.166 - - [26/Dec/2025:08:11:30 -0500] "GET /commodity/amusing/slovenia92604404044 HTTP/1.1" 200 12888 "-" "Mozilla/5.0 AppleWebKit/537.36 (KHTML, like Gecko; compatible; ClaudeBot/1.0; +claudebot@anthropic.com)"
216.73.216.166 - - [26/Dec/2025:08:11:30 -0500] "GET /commodity/institutions/temper92622617511 HTTP/1.1" 200 12888 "-" "Mozilla/5.0 AppleWebKit/537.36 (KHTML, like Gecko; compatible; ClaudeBot/1.0; +claudebot@anthropic.com)"
216.73.216.166 - - [26/Dec/2025:08:11:31 -0500] "GET /shop/usable/probly16146158457.html HTTP/1.1" 200 12888 "-" "Mozilla/5.0 AppleWebKit/537.36 (KHTML, like Gecko; compatible; ClaudeBot/1.0; +claudebot@anthropic.com)"
216.73.216.166 - - [26/Dec/2025:08:11:31 -0500] "GET /shop/juggernaut/stuffed44527213269.html HTTP/1.1" 200 12888 "-" "Mozilla/5.0 AppleWebKit/537.36 (KHTML, like Gecko; compatible; ClaudeBot/1.0; +claudebot@anthropic.com)"
136.243.228.193 - - [26/Dec/2025:08:11:31 -0500] "GET /?commodity/aac/marty925918300354 HTTP/1.1" 200 12888 "-" "Mozilla/5.0 (compatible; DataForSeoBot/1.0; +https://dataforseo.com/dataforseo-bot)"
114.119.159.19 - - [26/Dec/2025:08:11:31 -0500] "GET /commodity/sometime/superstar92578789174 HTTP/1.1" 200 14464 "https://pandaexpressketo.com/sitemap509.xml" "Mozilla/5.0 (Linux; Android 7.0;) AppleWebKit/537.36 (KHTML, like Gecko) Mobile Safari/537.36 (compatible; PetalBot;+https://webmaster.petalsearch.com/site/petalbot)"
216.73.216.166 - - [26/Dec/2025:08:11:32 -0500] "GET /commodity/killing/em92601881191 HTTP/1.1" 200 12888 "-" "Mozilla/5.0 AppleWebKit/537.36 (KHTML, like Gecko; compatible; ClaudeBot/1.0; +claudebot@anthropic.com)"
216.73.216.166 - - [26/Dec/2025:08:11:32 -0500] "GET /commodity/compliments/soundtrack92622604872 HTTP/1.1" 200 12888 "-" "Mozilla/5.0 AppleWebKit/537.36 (KHTML, like Gecko; compatible; ClaudeBot/1.0; +claudebot@anthropic.com)"
216.73.216.166 - - [26/Dec/2025:08:11:33 -0500] "GET /commodity/mel/attainment92622791661 HTTP/1.1" 200 12888 "-" "Mozilla/5.0 AppleWebKit/537.36 (KHTML, like Gecko; compatible; ClaudeBot/1.0; +claudebot@anthropic.com)"
216.73.216.166 - - [26/Dec/2025:08:11:33 -0500] "GET /commodity/traded/shining92591091669 HTTP/1.1" 200 12888 "-" "Mozilla/5.0 AppleWebKit/537.36 (KHTML, like Gecko; compatible; ClaudeBot/1.0; +claudebot@anthropic.com)"
216.73.216.166 - - [26/Dec/2025:08:11:34 -0500] "GET /shop/webex/robins46740142287.html HTTP/1.1" 200 12888 "-" "Mozilla/5.0 AppleWebKit/537.36 (KHTML, like Gecko; compatible; ClaudeBot/1.0; +claudebot@anthropic.com)"
216.73.216.166 - - [26/Dec/2025:08:11:34 -0500] "GET /commodity/mrs/result92594177892 HTTP/1.1" 200 12888 "-" "Mozilla/5.0 AppleWebKit/537.36 (KHTML, like Gecko; compatible; ClaudeBot/1.0; +claudebot@anthropic.com)"
216.73.216.166 - - [26/Dec/2025:08:11:35 -0500] "GET /shop/papillary/fugitive6703021758.html HTTP/1.1" 200 12888 "-" "Mozilla/5.0 AppleWebKit/537.36 (KHTML, like Gecko; compatible; ClaudeBot/1.0; +claudebot@anthropic.com)"
136.243.228.193 - - [26/Dec/2025:08:11:35 -0500] "GET /?commodity/eps/warcraft925915318786 HTTP/1.1" 200 12888 "-" "Mozilla/5.0 (compatible; DataForSeoBot/1.0; +https://dataforseo.com/dataforseo-bot)"
216.73.216.166 - - [26/Dec/2025:08:11:35 -0500] "GET /commodity/creamy/tactic92586575402 HTTP/1.1" 200 12888 "-" "Mozilla/5.0 AppleWebKit/537.36 (KHTML, like Gecko; compatible; ClaudeBot/1.0; +claudebot@anthropic.com)"
216.73.216.166 - - [26/Dec/2025:08:11:36 -0500] "GET /shop/squeezing/tenfold44527167625.html HTTP/1.1" 200 12888 "-" "Mozilla/5.0 AppleWebKit/537.36 (KHTML, like Gecko; compatible; ClaudeBot/1.0; +claudebot@anthropic.com)"
216.73.216.166 - - [26/Dec/2025:08:11:36 -0500] "GET /shop/conveniences/grass87276257829.html HTTP/1.1" 200 12888 "-" "Mozilla/5.0 AppleWebKit/537.36 (KHTML, like Gecko; compatible; ClaudeBot/1.0; +claudebot@anthropic.com)"
216.73.216.166 - - [26/Dec/2025:08:11:37 -0500] "GET /shop/ecriture/isaiah87276123775.html HTTP/1.1" 200 12888 "-" "Mozilla/5.0 AppleWebKit/537.36 (KHTML, like Gecko; compatible; ClaudeBot/1.0; +claudebot@anthropic.com)"
216.73.216.166 - - [26/Dec/2025:08:11:37 -0500] "GET /commodity/surely/phones9258740711 HTTP/1.1" 200 12888 "-" "Mozilla/5.0 AppleWebKit/537.36 (KHTML, like Gecko; compatible; ClaudeBot/1.0; +claudebot@anthropic.com)"
216.73.216.166 - - [26/Dec/2025:08:11:38 -0500] "GET /commodity/recognise/forbes92596885122 HTTP/1.1" 200 12888 "-" "Mozilla/5.0 AppleWebKit/537.36 (KHTML, like Gecko; compatible; ClaudeBot/1.0; +claudebot@anthropic.com)"
216.73.216.166 - - [26/Dec/2025:08:11:38 -0500] "GET /commodity/andersen/insightful92601933406 HTTP/1.1" 200 12888 "-" "Mozilla/5.0 AppleWebKit/537.36 (KHTML, like Gecko; compatible; ClaudeBot/1.0; +claudebot@anthropic.com)"
216.73.216.166 - - [26/Dec/2025:08:11:39 -0500] "GET /commodity/kansas/til92583606896 HTTP/1.1" 200 12888 "-" "Mozilla/5.0 AppleWebKit/537.36 (KHTML, like Gecko; compatible; ClaudeBot/1.0; +claudebot@anthropic.com)"
136.243.228.193 - - [26/Dec/2025:08:11:39 -0500] "GET /?commodity/exposing/warm926013134813 HTTP/1.1" 200 12888 "-" "Mozilla/5.0 (compatible; DataForSeoBot/1.0; +https://dataforseo.com/dataforseo-bot)"
216.73.216.166 - - [26/Dec/2025:08:11:39 -0500] "GET /commodity/peggy/capable92614921061 HTTP/1.1" 200 12888 "-" "Mozilla/5.0 AppleWebKit/537.36 (KHTML, like Gecko; compatible; ClaudeBot/1.0; +claudebot@anthropic.com)"
66.249.77.1 - - [26/Dec/2025:08:11:38 -0500] "GET /?commodity/legal/rating9257100284 HTTP/1.1" 200 26859 "-" "Mozilla/5.0 (Linux; Android 6.0.1; Nexus 5X Build/MMB29P) AppleWebKit/537.36 (KHTML, like Gecko) Chrome/141.0.7390.122 Mobile Safari/537.36 (compatible; Googlebot/2.1; +http://www.google.com/bot.html)"
216.73.216.166 - - [26/Dec/2025:08:11:40 -0500] "GET /commodity/memorable/liberal92594161401 HTTP/1.1" 200 12888 "-" "Mozilla/5.0 AppleWebKit/537.36 (KHTML, like Gecko; compatible; ClaudeBot/1.0; +claudebot@anthropic.com)"
216.73.216.166 - - [26/Dec/2025:08:11:40 -0500] "GET /commodity/mechanics/secular92591171892 HTTP/1.1" 200 12888 "-" "Mozilla/5.0 AppleWebKit/537.36 (KHTML, like Gecko; compatible; ClaudeBot/1.0; +claudebot@anthropic.com)"
216.73.216.166 - - [26/Dec/2025:08:11:41 -0500] "GET /commodity/kb/specially92622567171 HTTP/1.1" 200 12888 "-" "Mozilla/5.0 AppleWebKit/537.36 (KHTML, like Gecko; compatible; ClaudeBot/1.0; +claudebot@anthropic.com)"
216.73.216.166 - - [26/Dec/2025:08:11:41 -0500] "GET /shop/flavors/rectify8727633163.html HTTP/1.1" 200 12888 "-" "Mozilla/5.0 AppleWebKit/537.36 (KHTML, like Gecko; compatible; ClaudeBot/1.0; +claudebot@anthropic.com)"
216.73.216.166 - - [26/Dec/2025:08:11:42 -0500] "GET /shop/solano/rorschach67030164158.html HTTP/1.1" 200 12888 "-" "Mozilla/5.0 AppleWebKit/537.36 (KHTML, like Gecko; compatible; ClaudeBot/1.0; +claudebot@anthropic.com)"
216.73.216.166 - - [26/Dec/2025:08:11:42 -0500] "GET /commodity/bipolar/inquiries92596702644 HTTP/1.1" 200 12888 "-" "Mozilla/5.0 AppleWebKit/537.36 (KHTML, like Gecko; compatible; ClaudeBot/1.0; +claudebot@anthropic.com)"
216.73.216.166 - - [26/Dec/2025:08:11:43 -0500] "GET /commodity/robbins/heavy92591341269 HTTP/1.1" 200 12888 "-" "Mozilla/5.0 AppleWebKit/537.36 (KHTML, like Gecko; compatible; ClaudeBot/1.0; +claudebot@anthropic.com)"
216.73.216.166 - - [26/Dec/2025:08:11:43 -0500] "GET /commodity/login/belgrade92597114127 HTTP/1.1" 200 12888 "-" "Mozilla/5.0 AppleWebKit/537.36 (KHTML, like Gecko; compatible; ClaudeBot/1.0; +claudebot@anthropic.com)"
136.243.228.193 - - [26/Dec/2025:08:11:43 -0500] "GET /?commodity/portable/aces925817604993 HTTP/1.1" 200 12888 "-" "Mozilla/5.0 (compatible; DataForSeoBot/1.0; +https://dataforseo.com/dataforseo-bot)"
216.73.216.166 - - [26/Dec/2025:08:11:44 -0500] "GET /commodity/igor/butterflies9258833846 HTTP/1.1" 200 12888 "-" "Mozilla/5.0 AppleWebKit/537.36 (KHTML, like Gecko; compatible; ClaudeBot/1.0; +claudebot@anthropic.com)"
216.73.216.166 - - [26/Dec/2025:08:11:44 -0500] "GET /shop/texting/demanding67030264045.html HTTP/1.1" 200 12888 "-" "Mozilla/5.0 AppleWebKit/537.36 (KHTML, like Gecko; compatible; ClaudeBot/1.0; +claudebot@anthropic.com)"
216.73.216.166 - - [26/Dec/2025:08:11:45 -0500] "GET /commodity/timor/gprs92586407762 HTTP/1.1" 200 12888 "-" "Mozilla/5.0 AppleWebKit/537.36 (KHTML, like Gecko; compatible; ClaudeBot/1.0; +claudebot@anthropic.com)"
216.73.216.166 - - [26/Dec/2025:08:11:45 -0500] "GET /commodity/ramon/dart92622474336 HTTP/1.1" 200 12888 "-" "Mozilla/5.0 AppleWebKit/537.36 (KHTML, like Gecko; compatible; ClaudeBot/1.0; +claudebot@anthropic.com)"
216.73.216.166 - - [26/Dec/2025:08:11:46 -0500] "GET /commodity/si/saga92591190732 HTTP/1.1" 200 12888 "-" "Mozilla/5.0 AppleWebKit/537.36 (KHTML, like Gecko; compatible; ClaudeBot/1.0; +claudebot@anthropic.com)"
216.73.216.166 - - [26/Dec/2025:08:11:46 -0500] "GET /shop/intersects/topline89464105947.html HTTP/1.1" 200 12888 "-" "Mozilla/5.0 AppleWebKit/537.36 (KHTML, like Gecko; compatible; ClaudeBot/1.0; +claudebot@anthropic.com)"
216.73.216.166 - - [26/Dec/2025:08:11:47 -0500] "GET /shop/webde/conclusion6703023159.html HTTP/1.1" 200 12888 "-" "Mozilla/5.0 AppleWebKit/537.36 (KHTML, like Gecko; compatible; ClaudeBot/1.0; +claudebot@anthropic.com)"
216.73.216.166 - - [26/Dec/2025:08:11:47 -0500] "GET /commodity/turf/opteron92596734657 HTTP/1.1" 200 12888 "-" "Mozilla/5.0 AppleWebKit/537.36 (KHTML, like Gecko; compatible; ClaudeBot/1.0; +claudebot@anthropic.com)"
136.243.228.193 - - [26/Dec/2025:08:11:48 -0500] "GET /?commodity/fractional/credits925812054618 HTTP/1.1" 200 12888 "-" "Mozilla/5.0 (compatible; DataForSeoBot/1.0; +https://dataforseo.com/dataforseo-bot)"
216.73.216.166 - - [26/Dec/2025:08:11:48 -0500] "GET /shop/hammering/waitrose86263215860.html HTTP/1.1" 200 12888 "-" "Mozilla/5.0 AppleWebKit/537.36 (KHTML, like Gecko; compatible; ClaudeBot/1.0; +claudebot@anthropic.com)"
216.73.216.166 - - [26/Dec/2025:08:11:48 -0500] "GET /shop/endsection/percentile4452715683.html HTTP/1.1" 200 12888 "-" "Mozilla/5.0 AppleWebKit/537.36 (KHTML, like Gecko; compatible; ClaudeBot/1.0; +claudebot@anthropic.com)"
216.73.216.166 - - [26/Dec/2025:08:11:49 -0500] "GET /shop/jessops/romulus1614679305.html HTTP/1.1" 200 12888 "-" "Mozilla/5.0 AppleWebKit/537.36 (KHTML, like Gecko; compatible; ClaudeBot/1.0; +claudebot@anthropic.com)"
216.73.216.166 - - [26/Dec/2025:08:11:49 -0500] "GET /commodity/lane/elevation9258848051 HTTP/1.1" 200 12888 "-" "Mozilla/5.0 AppleWebKit/537.36 (KHTML, like Gecko; compatible; ClaudeBot/1.0; +claudebot@anthropic.com)"
216.73.216.166 - - [26/Dec/2025:08:11:50 -0500] "GET /shop/herniated/munications6703058530.html HTTP/1.1" 200 12888 "-" "Mozilla/5.0 AppleWebKit/537.36 (KHTML, like Gecko; compatible; ClaudeBot/1.0; +claudebot@anthropic.com)"
216.73.216.166 - - [26/Dec/2025:08:11:50 -0500] "GET /shop/interconnectedness/showerheads85570210440.html HTTP/1.1" 200 12888 "-" "Mozilla/5.0 AppleWebKit/537.36 (KHTML, like Gecko; compatible; ClaudeBot/1.0; +claudebot@anthropic.com)"
216.73.216.166 - - [26/Dec/2025:08:11:51 -0500] "GET /commodity/stripped/isnt92586293846 HTTP/1.1" 200 12888 "-" "Mozilla/5.0 AppleWebKit/537.36 (KHTML, like Gecko; compatible; ClaudeBot/1.0; +claudebot@anthropic.com)"
216.73.216.166 - - [26/Dec/2025:08:11:51 -0500] "GET /commodity/ec/cohort92583831269 HTTP/1.1" 200 12888 "-" "Mozilla/5.0 AppleWebKit/537.36 (KHTML, like Gecko; compatible; ClaudeBot/1.0; +claudebot@anthropic.com)"
136.243.228.193 - - [26/Dec/2025:08:11:51 -0500] "GET /?commodity/pdt/agencies925812253794 HTTP/1.1" 200 12888 "-" "Mozilla/5.0 (compatible; DataForSeoBot/1.0; +https://dataforseo.com/dataforseo-bot)"
216.73.216.166 - - [26/Dec/2025:08:11:52 -0500] "GET /shop/singlet/racist4674072231.html HTTP/1.1" 200 12888 "-" "Mozilla/5.0 AppleWebKit/537.36 (KHTML, like Gecko; compatible; ClaudeBot/1.0; +claudebot@anthropic.com)"
202.76.189.112 - - [26/Dec/2025:08:11:52 -0500] "GET /shop/ordinates/nanak862639517.html HTTP/1.1" 200 14464 "-" "Mozilla/5.0 (X11; Linux x86_64) AppleWebKit/534.30 (KHTML, like Gecko) Ubuntu/11.04 Chromium/12.0.742.112 Chrome/12.0.742.112 Safari/534.30"
216.73.216.166 - - [26/Dec/2025:08:11:52 -0500] "GET /commodity/petersen/quarters92591067057 HTTP/1.1" 200 12888 "-" "Mozilla/5.0 AppleWebKit/537.36 (KHTML, like Gecko; compatible; ClaudeBot/1.0; +claudebot@anthropic.com)"
216.73.216.166 - - [26/Dec/2025:08:11:53 -0500] "GET /shop/rupture/transferability44527297433.html HTTP/1.1" 200 12888 "-" "Mozilla/5.0 AppleWebKit/537.36 (KHTML, like Gecko; compatible; ClaudeBot/1.0; +claudebot@anthropic.com)"
216.73.216.166 - - [26/Dec/2025:08:11:53 -0500] "GET /commodity/day/enterprise92591460507 HTTP/1.1" 200 12888 "-" "Mozilla/5.0 AppleWebKit/537.36 (KHTML, like Gecko; compatible; ClaudeBot/1.0; +claudebot@anthropic.com)"
216.73.216.166 - - [26/Dec/2025:08:11:54 -0500] "GET /shop/rewritable/henshaw8557090045.html HTTP/1.1" 200 12888 "-" "Mozilla/5.0 AppleWebKit/537.36 (KHTML, like Gecko; compatible; ClaudeBot/1.0; +claudebot@anthropic.com)"
216.73.216.166 - - [26/Dec/2025:08:11:54 -0500] "GET /commodity/sweden/val92573223526 HTTP/1.1" 200 12888 "-" "Mozilla/5.0 AppleWebKit/537.36 (KHTML, like Gecko; compatible; ClaudeBot/1.0; +claudebot@anthropic.com)"
216.73.216.166 - - [26/Dec/2025:08:11:55 -0500] "GET /shop/begone/jayhawk8689734896.html HTTP/1.1" 200 12888 "-" "Mozilla/5.0 AppleWebKit/537.36 (KHTML, like Gecko; compatible; ClaudeBot/1.0; +claudebot@anthropic.com)"
136.243.228.193 - - [26/Dec/2025:08:11:55 -0500] "GET /?commodity/fm/motive925912668634 HTTP/1.1" 200 12888 "-" "Mozilla/5.0 (compatible; DataForSeoBot/1.0; +https://dataforseo.com/dataforseo-bot)"
216.73.216.166 - - [26/Dec/2025:08:11:55 -0500] "GET /commodity/invented/microsystems92612389517 HTTP/1.1" 200 12888 "-" "Mozilla/5.0 AppleWebKit/537.36 (KHTML, like Gecko; compatible; ClaudeBot/1.0; +claudebot@anthropic.com)"
216.73.216.166 - - [26/Dec/2025:08:11:56 -0500] "GET /commodity/cst/withholding92615233232 HTTP/1.1" 200 12888 "-" "Mozilla/5.0 AppleWebKit/537.36 (KHTML, like Gecko; compatible; ClaudeBot/1.0; +claudebot@anthropic.com)"
216.73.216.166 - - [26/Dec/2025:08:11:56 -0500] "GET /commodity/borrow/justified92594327931 HTTP/1.1" 200 12888 "-" "Mozilla/5.0 AppleWebKit/537.36 (KHTML, like Gecko; compatible; ClaudeBot/1.0; +claudebot@anthropic.com)"
216.73.216.166 - - [26/Dec/2025:08:11:57 -0500] "GET /commodity/marvel/sennheiser9258758456 HTTP/1.1" 200 12888 "-" "Mozilla/5.0 AppleWebKit/537.36 (KHTML, like Gecko; compatible; ClaudeBot/1.0; +claudebot@anthropic.com)"
216.73.216.166 - - [26/Dec/2025:08:11:57 -0500] "GET /commodity/ballistic/hilton92576140261 HTTP/1.1" 200 12888 "-" "Mozilla/5.0 AppleWebKit/537.36 (KHTML, like Gecko; compatible; ClaudeBot/1.0; +claudebot@anthropic.com)"
216.73.216.166 - - [26/Dec/2025:08:11:58 -0500] "GET /commodity/providence/stimulation92594128527 HTTP/1.1" 200 12888 "-" "Mozilla/5.0 AppleWebKit/537.36 (KHTML, like Gecko; compatible; ClaudeBot/1.0; +claudebot@anthropic.com)"
216.73.216.166 - - [26/Dec/2025:08:11:58 -0500] "GET /shop/ofcom/influenced8689778458.html HTTP/1.1" 200 12888 "-" "Mozilla/5.0 AppleWebKit/537.36 (KHTML, like Gecko; compatible; ClaudeBot/1.0; +claudebot@anthropic.com)"
66.249.77.1 - - [26/Dec/2025:08:11:58 -0500] "GET /?commodity/calculate/fastest9258926434 HTTP/1.1" 200 25942 "-" "Mozilla/5.0 (Linux; Android 6.0.1; Nexus 5X Build/MMB29P) AppleWebKit/537.36 (KHTML, like Gecko) Chrome/141.0.7390.122 Mobile Safari/537.36 (compatible; Googlebot/2.1; +http://www.google.com/bot.html)"
216.73.216.166 - - [26/Dec/2025:08:11:59 -0500] "GET /shop/fisted/guard44527138434.html HTTP/1.1" 200 12888 "-" "Mozilla/5.0 AppleWebKit/537.36 (KHTML, like Gecko; compatible; ClaudeBot/1.0; +claudebot@anthropic.com)"
136.243.228.193 - - [26/Dec/2025:08:11:59 -0500] "GET /?commodity/machine/err926211244039 HTTP/1.1" 200 12888 "-" "Mozilla/5.0 (compatible; DataForSeoBot/1.0; +https://dataforseo.com/dataforseo-bot)"
216.73.216.166 - - [26/Dec/2025:08:11:59 -0500] "GET /shop/bernards/fuego872769080.html HTTP/1.1" 200 12888 "-" "Mozilla/5.0 AppleWebKit/537.36 (KHTML, like Gecko; compatible; ClaudeBot/1.0; +claudebot@anthropic.com)"
216.73.216.166 - - [26/Dec/2025:08:12:00 -0500] "GET /commodity/situated/dwell92591116722 HTTP/1.1" 200 12888 "-" "Mozilla/5.0 AppleWebKit/537.36 (KHTML, like Gecko; compatible; ClaudeBot/1.0; +claudebot@anthropic.com)"
216.73.216.166 - - [26/Dec/2025:08:12:00 -0500] "GET /shop/fwrite/amateurs46740145301.html HTTP/1.1" 200 12888 "-" "Mozilla/5.0 AppleWebKit/537.36 (KHTML, like Gecko; compatible; ClaudeBot/1.0; +claudebot@anthropic.com)"
216.73.216.166 - - [26/Dec/2025:08:12:01 -0500] "GET /commodity/wat/paced92583792044 HTTP/1.1" 200 12888 "-" "Mozilla/5.0 AppleWebKit/537.36 (KHTML, like Gecko; compatible; ClaudeBot/1.0; +claudebot@anthropic.com)"
216.73.216.166 - - [26/Dec/2025:08:12:01 -0500] "GET /shop/domestically/millis8008447736.html HTTP/1.1" 200 12888 "-" "Mozilla/5.0 AppleWebKit/537.36 (KHTML, like Gecko; compatible; ClaudeBot/1.0; +claudebot@anthropic.com)"
216.73.216.166 - - [26/Dec/2025:08:12:02 -0500] "GET /commodity/enjoy/ste92604724612 HTTP/1.1" 200 12888 "-" "Mozilla/5.0 AppleWebKit/537.36 (KHTML, like Gecko; compatible; ClaudeBot/1.0; +claudebot@anthropic.com)"
136.243.228.193 - - [26/Dec/2025:08:12:04 -0500] "GET /?commodity/nelly/definately926013210539 HTTP/1.1" 200 12888 "-" "Mozilla/5.0 (compatible; DataForSeoBot/1.0; +https://dataforseo.com/dataforseo-bot)"
136.243.228.193 - - [26/Dec/2025:08:12:08 -0500] "GET /?commodity/closeouts/descendants925714485998 HTTP/1.1" 200 12888 "-" "Mozilla/5.0 (compatible; DataForSeoBot/1.0; +https://dataforseo.com/dataforseo-bot)"
136.243.228.193 - - [26/Dec/2025:08:12:11 -0500] "GET /?commodity/forex/pharma926113805463 HTTP/1.1" 200 12888 "-" "Mozilla/5.0 (compatible; DataForSeoBot/1.0; +https://dataforseo.com/dataforseo-bot)"
66.249.77.3 - - [26/Dec/2025:08:12:14 -0500] "GET /?commodity/saskatchewan/ata92601648287 HTTP/1.1" 200 26595 "-" "Mozilla/5.0 (Linux; Android 6.0.1; Nexus 5X Build/MMB29P) AppleWebKit/537.36 (KHTML, like Gecko) Chrome/141.0.7390.122 Mobile Safari/537.36 (compatible; Googlebot/2.1; +http://www.google.com/bot.html)"
136.243.228.193 - - [26/Dec/2025:08:12:16 -0500] "GET /?commodity/borough/foregoing925817583138 HTTP/1.1" 200 12888 "-" "Mozilla/5.0 (compatible; DataForSeoBot/1.0; +https://dataforseo.com/dataforseo-bot)"
136.243.228.193 - - [26/Dec/2025:08:12:19 -0500] "GET /?commodity/aimed/johannesburg925711824113 HTTP/1.1" 200 12888 "-" "Mozilla/5.0 (compatible; DataForSeoBot/1.0; +https://dataforseo.com/dataforseo-bot)"
136.243.228.193 - - [26/Dec/2025:08:12:24 -0500] "GET /?commodity/skeptical/watts925912559524 HTTP/1.1" 200 12888 "-" "Mozilla/5.0 (compatible; DataForSeoBot/1.0; +https://dataforseo.com/dataforseo-bot)"
136.243.228.193 - - [26/Dec/2025:08:12:28 -0500] "GET /?commodity/hp/beads926214136618 HTTP/1.1" 200 12888 "-" "Mozilla/5.0 (compatible; DataForSeoBot/1.0; +https://dataforseo.com/dataforseo-bot)"
216.73.216.166 - - [26/Dec/2025:08:12:28 -0500] "GET /commodity/graduated/yup92586355847 HTTP/1.1" 200 12888 "-" "Mozilla/5.0 AppleWebKit/537.36 (KHTML, like Gecko; compatible; ClaudeBot/1.0; +claudebot@anthropic.com)"
216.73.216.166 - - [26/Dec/2025:08:12:28 -0500] "GET /commodity/widening/pilates92601794491 HTTP/1.1" 200 12888 "-" "Mozilla/5.0 AppleWebKit/537.36 (KHTML, like Gecko; compatible; ClaudeBot/1.0; +claudebot@anthropic.com)"
216.73.216.166 - - [26/Dec/2025:08:12:29 -0500] "GET /commodity/durham/receive92625517317 HTTP/1.1" 200 12888 "-" "Mozilla/5.0 AppleWebKit/537.36 (KHTML, like Gecko; compatible; ClaudeBot/1.0; +claudebot@anthropic.com)"
216.73.216.166 - - [26/Dec/2025:08:12:29 -0500] "GET /shop/commending/blumenthal8946436168.html HTTP/1.1" 200 12888 "-" "Mozilla/5.0 AppleWebKit/537.36 (KHTML, like Gecko; compatible; ClaudeBot/1.0; +claudebot@anthropic.com)"
216.73.216.166 - - [26/Dec/2025:08:12:30 -0500] "GET /commodity/shopping/rifles92604654256 HTTP/1.1" 200 12888 "-" "Mozilla/5.0 AppleWebKit/537.36 (KHTML, like Gecko; compatible; ClaudeBot/1.0; +claudebot@anthropic.com)"
216.73.216.166 - - [26/Dec/2025:08:12:30 -0500] "GET /commodity/hulk/trailer92612242442 HTTP/1.1" 200 12888 "-" "Mozilla/5.0 AppleWebKit/537.36 (KHTML, like Gecko; compatible; ClaudeBot/1.0; +claudebot@anthropic.com)"
216.73.216.166 - - [26/Dec/2025:08:12:31 -0500] "GET /commodity/graffiti/intensity92622824631 HTTP/1.1" 200 12888 "-" "Mozilla/5.0 AppleWebKit/537.36 (KHTML, like Gecko; compatible; ClaudeBot/1.0; +claudebot@anthropic.com)"
136.243.228.193 - - [26/Dec/2025:08:12:31 -0500] "GET /?commodity/sie/deb925812367161 HTTP/1.1" 200 12888 "-" "Mozilla/5.0 (compatible; DataForSeoBot/1.0; +https://dataforseo.com/dataforseo-bot)"
216.73.216.166 - - [26/Dec/2025:08:12:31 -0500] "GET /shop/looting/stencil85570279362.html HTTP/1.1" 200 12888 "-" "Mozilla/5.0 AppleWebKit/537.36 (KHTML, like Gecko; compatible; ClaudeBot/1.0; +claudebot@anthropic.com)"
216.73.216.166 - - [26/Dec/2025:08:12:32 -0500] "GET /shop/gadolinium/routh8946450776.html HTTP/1.1" 200 12888 "-" "Mozilla/5.0 AppleWebKit/537.36 (KHTML, like Gecko; compatible; ClaudeBot/1.0; +claudebot@anthropic.com)"
216.73.216.166 - - [26/Dec/2025:08:12:32 -0500] "GET /shop/granulation/steamer87276339636.html HTTP/1.1" 200 12888 "-" "Mozilla/5.0 AppleWebKit/537.36 (KHTML, like Gecko; compatible; ClaudeBot/1.0; +claudebot@anthropic.com)"
216.73.216.166 - - [26/Dec/2025:08:12:33 -0500] "GET /commodity/matt/discuss92601540886 HTTP/1.1" 200 12889 "-" "Mozilla/5.0 AppleWebKit/537.36 (KHTML, like Gecko; compatible; ClaudeBot/1.0; +claudebot@anthropic.com)"
216.73.216.166 - - [26/Dec/2025:08:12:33 -0500] "GET /commodity/donations/vibrator92615103431 HTTP/1.1" 200 12888 "-" "Mozilla/5.0 AppleWebKit/537.36 (KHTML, like Gecko; compatible; ClaudeBot/1.0; +claudebot@anthropic.com)"
104.244.72.22 - - [26/Dec/2025:08:12:33 -0500] "GET /testsitemap.xml HTTP/1.1" 200 37 "-" "google,yahoo,bot,googlebot"
66.249.77.1 - - [26/Dec/2025:08:12:32 -0500] "GET /?commodity/reports/aggregator9258536476 HTTP/1.1" 200 26871 "-" "Mozilla/5.0 (Linux; Android 6.0.1; Nexus 5X Build/MMB29P) AppleWebKit/537.36 (KHTML, like Gecko) Chrome/141.0.7390.122 Mobile Safari/537.36 (compatible; Googlebot/2.1; +http://www.google.com/bot.html)"
216.73.216.166 - - [26/Dec/2025:08:12:34 -0500] "GET /commodity/dissolved/initiated92604804451 HTTP/1.1" 200 12888 "-" "Mozilla/5.0 AppleWebKit/537.36 (KHTML, like Gecko; compatible; ClaudeBot/1.0; +claudebot@anthropic.com)"
216.73.216.166 - - [26/Dec/2025:08:12:34 -0500] "GET /commodity/flyers/forbes9258889022 HTTP/1.1" 200 12888 "-" "Mozilla/5.0 AppleWebKit/537.36 (KHTML, like Gecko; compatible; ClaudeBot/1.0; +claudebot@anthropic.com)"
216.73.216.166 - - [26/Dec/2025:08:12:35 -0500] "GET /commodity/mateo/exquisite92572891246 HTTP/1.1" 200 12888 "-" "Mozilla/5.0 AppleWebKit/537.36 (KHTML, like Gecko; compatible; ClaudeBot/1.0; +claudebot@anthropic.com)"
202.76.188.232 - - [26/Dec/2025:08:12:34 -0500] "GET /shop/outputting/delish161462625.html HTTP/1.1" 200 14464 "-" "Mozilla/5.0 (Windows; U; Windows NT 5.1; en-US) AppleWebKit/534.14 (KHTML, like Gecko) Chrome/9.0.600.0 Safari/534.14"
216.73.216.166 - - [26/Dec/2025:08:12:35 -0500] "GET /commodity/spokane/clearinghouse92591036061 HTTP/1.1" 200 12888 "-" "Mozilla/5.0 AppleWebKit/537.36 (KHTML, like Gecko; compatible; ClaudeBot/1.0; +claudebot@anthropic.com)"
136.243.228.193 - - [26/Dec/2025:08:12:36 -0500] "GET /?commodity/nuke/edinburgh925812036936 HTTP/1.1" 200 12888 "-" "Mozilla/5.0 (compatible; DataForSeoBot/1.0; +https://dataforseo.com/dataforseo-bot)"
216.73.216.166 - - [26/Dec/2025:08:12:36 -0500] "GET /shop/foals/upload67030236520.html HTTP/1.1" 200 12888 "-" "Mozilla/5.0 AppleWebKit/537.36 (KHTML, like Gecko; compatible; ClaudeBot/1.0; +claudebot@anthropic.com)"
216.73.216.166 - - [26/Dec/2025:08:12:36 -0500] "GET /commodity/stunt/charm92615002682 HTTP/1.1" 200 12888 "-" "Mozilla/5.0 AppleWebKit/537.36 (KHTML, like Gecko; compatible; ClaudeBot/1.0; +claudebot@anthropic.com)"
216.73.216.166 - - [26/Dec/2025:08:12:37 -0500] "GET /commodity/diner/hasbro92625336456 HTTP/1.1" 200 12888 "-" "Mozilla/5.0 AppleWebKit/537.36 (KHTML, like Gecko; compatible; ClaudeBot/1.0; +claudebot@anthropic.com)"
216.73.216.166 - - [26/Dec/2025:08:12:37 -0500] "GET /shop/lederer/brians89464189373.html HTTP/1.1" 200 12888 "-" "Mozilla/5.0 AppleWebKit/537.36 (KHTML, like Gecko; compatible; ClaudeBot/1.0; +claudebot@anthropic.com)"
216.73.216.166 - - [26/Dec/2025:08:12:38 -0500] "GET /shop/bolting/fandom85570244891.html HTTP/1.1" 200 12888 "-" "Mozilla/5.0 AppleWebKit/537.36 (KHTML, like Gecko; compatible; ClaudeBot/1.0; +claudebot@anthropic.com)"
216.73.216.166 - - [26/Dec/2025:08:12:38 -0500] "GET /commodity/mf/ombudsman92583434327 HTTP/1.1" 200 12888 "-" "Mozilla/5.0 AppleWebKit/537.36 (KHTML, like Gecko; compatible; ClaudeBot/1.0; +claudebot@anthropic.com)"
216.73.216.166 - - [26/Dec/2025:08:12:39 -0500] "GET /commodity/prefer/prenatal92614894016 HTTP/1.1" 200 12888 "-" "Mozilla/5.0 AppleWebKit/537.36 (KHTML, like Gecko; compatible; ClaudeBot/1.0; +claudebot@anthropic.com)"
216.73.216.166 - - [26/Dec/2025:08:12:39 -0500] "GET /shop/howards/serie8626366338.html HTTP/1.1" 200 12888 "-" "Mozilla/5.0 AppleWebKit/537.36 (KHTML, like Gecko; compatible; ClaudeBot/1.0; +claudebot@anthropic.com)"
136.243.228.193 - - [26/Dec/2025:08:12:40 -0500] "GET /?commodity/lodges/dsm925711669994 HTTP/1.1" 200 12888 "-" "Mozilla/5.0 (compatible; DataForSeoBot/1.0; +https://dataforseo.com/dataforseo-bot)"
216.73.216.166 - - [26/Dec/2025:08:12:40 -0500] "GET /shop/steyn/briscoe89464274850.html HTTP/1.1" 200 12888 "-" "Mozilla/5.0 AppleWebKit/537.36 (KHTML, like Gecko; compatible; ClaudeBot/1.0; +claudebot@anthropic.com)"
216.73.216.166 - - [26/Dec/2025:08:12:40 -0500] "GET /commodity/assay/fares92601628894 HTTP/1.1" 200 12888 "-" "Mozilla/5.0 AppleWebKit/537.36 (KHTML, like Gecko; compatible; ClaudeBot/1.0; +claudebot@anthropic.com)"
216.73.216.166 - - [26/Dec/2025:08:12:41 -0500] "GET /commodity/billing/fetal92583691112 HTTP/1.1" 200 12888 "-" "Mozilla/5.0 AppleWebKit/537.36 (KHTML, like Gecko; compatible; ClaudeBot/1.0; +claudebot@anthropic.com)"
216.73.216.166 - - [26/Dec/2025:08:12:41 -0500] "GET /shop/provera/roxio868978853.html HTTP/1.1" 200 12888 "-" "Mozilla/5.0 AppleWebKit/537.36 (KHTML, like Gecko; compatible; ClaudeBot/1.0; +claudebot@anthropic.com)"
216.73.216.166 - - [26/Dec/2025:08:12:42 -0500] "GET /commodity/hemp/collector92593862811 HTTP/1.1" 200 12888 "-" "Mozilla/5.0 AppleWebKit/537.36 (KHTML, like Gecko; compatible; ClaudeBot/1.0; +claudebot@anthropic.com)"
216.73.216.166 - - [26/Dec/2025:08:12:42 -0500] "GET /shop/crested/christopherson6703090918.html HTTP/1.1" 200 12888 "-" "Mozilla/5.0 AppleWebKit/537.36 (KHTML, like Gecko; compatible; ClaudeBot/1.0; +claudebot@anthropic.com)"
216.73.216.166 - - [26/Dec/2025:08:12:43 -0500] "GET /commodity/cumberland/attachment92615020919 HTTP/1.1" 200 12888 "-" "Mozilla/5.0 AppleWebKit/537.36 (KHTML, like Gecko; compatible; ClaudeBot/1.0; +claudebot@anthropic.com)"
216.73.216.166 - - [26/Dec/2025:08:12:43 -0500] "GET /commodity/beat/rally92625642936 HTTP/1.1" 200 12888 "-" "Mozilla/5.0 AppleWebKit/537.36 (KHTML, like Gecko; compatible; ClaudeBot/1.0; +claudebot@anthropic.com)"
216.73.216.166 - - [26/Dec/2025:08:12:44 -0500] "GET /shop/dividing/specialized86897254090.html HTTP/1.1" 200 12888 "-" "Mozilla/5.0 AppleWebKit/537.36 (KHTML, like Gecko; compatible; ClaudeBot/1.0; +claudebot@anthropic.com)"
136.243.228.193 - - [26/Dec/2025:08:12:44 -0500] "GET /?commodity/skilled/montenegro925817959569 HTTP/1.1" 200 12888 "-" "Mozilla/5.0 (compatible; DataForSeoBot/1.0; +https://dataforseo.com/dataforseo-bot)"
216.73.216.166 - - [26/Dec/2025:08:12:44 -0500] "GET /shop/cinemas/technicalities16146176342.html HTTP/1.1" 200 12888 "-" "Mozilla/5.0 AppleWebKit/537.36 (KHTML, like Gecko; compatible; ClaudeBot/1.0; +claudebot@anthropic.com)"
216.73.216.166 - - [26/Dec/2025:08:12:45 -0500] "GET /shop/baltic/testa8946413651.html HTTP/1.1" 200 12888 "-" "Mozilla/5.0 AppleWebKit/537.36 (KHTML, like Gecko; compatible; ClaudeBot/1.0; +claudebot@anthropic.com)"
66.249.77.1 - - [26/Dec/2025:08:12:44 -0500] "GET /?commodity/economics/defaults9257251896 HTTP/1.1" 200 26858 "-" "Mozilla/5.0 (Linux; Android 6.0.1; Nexus 5X Build/MMB29P) AppleWebKit/537.36 (KHTML, like Gecko) Chrome/141.0.7390.122 Mobile Safari/537.36 (compatible; Googlebot/2.1; +http://www.google.com/bot.html)"
216.73.216.166 - - [26/Dec/2025:08:12:45 -0500] "GET /commodity/arena/wears92591175642 HTTP/1.1" 200 12888 "-" "Mozilla/5.0 AppleWebKit/537.36 (KHTML, like Gecko; compatible; ClaudeBot/1.0; +claudebot@anthropic.com)"
216.73.216.166 - - [26/Dec/2025:08:12:46 -0500] "GET /shop/adonis/faribault8626385693.html HTTP/1.1" 200 12888 "-" "Mozilla/5.0 AppleWebKit/537.36 (KHTML, like Gecko; compatible; ClaudeBot/1.0; +claudebot@anthropic.com)"
216.73.216.166 - - [26/Dec/2025:08:12:46 -0500] "GET /shop/subitem/diritto87276297932.html HTTP/1.1" 200 12888 "-" "Mozilla/5.0 AppleWebKit/537.36 (KHTML, like Gecko; compatible; ClaudeBot/1.0; +claudebot@anthropic.com)"
