216.73.216.166 - - [26/Dec/2025:07:24:52 -0500] "GET /commodity/studied/lexmark925888710274 HTTP/1.1" 200 12888 "-" "Mozilla/5.0 AppleWebKit/537.36 (KHTML, like Gecko; compatible; ClaudeBot/1.0; +claudebot@anthropic.com)"
216.73.216.166 - - [26/Dec/2025:07:24:53 -0500] "GET /commodity/well/topical92607286288 HTTP/1.1" 200 12888 "-" "Mozilla/5.0 AppleWebKit/537.36 (KHTML, like Gecko; compatible; ClaudeBot/1.0; +claudebot@anthropic.com)"
216.73.216.166 - - [26/Dec/2025:07:24:53 -0500] "GET /commodity/fa/plastics926193288109 HTTP/1.1" 200 12888 "-" "Mozilla/5.0 AppleWebKit/537.36 (KHTML, like Gecko; compatible; ClaudeBot/1.0; +claudebot@anthropic.com)"
136.243.228.193 - - [26/Dec/2025:07:24:53 -0500] "GET /?commodity/savings/blanc92583811510 HTTP/1.1" 200 12888 "-" "Mozilla/5.0 (compatible; DataForSeoBot/1.0; +https://dataforseo.com/dataforseo-bot)"
216.73.216.166 - - [26/Dec/2025:07:24:54 -0500] "GET /commodity/nfl/ims92596732476 HTTP/1.1" 200 12888 "-" "Mozilla/5.0 AppleWebKit/537.36 (KHTML, like Gecko; compatible; ClaudeBot/1.0; +claudebot@anthropic.com)"
216.73.216.166 - - [26/Dec/2025:07:24:54 -0500] "GET /commodity/facials/sv92586464726 HTTP/1.1" 200 12888 "-" "Mozilla/5.0 AppleWebKit/537.36 (KHTML, like Gecko; compatible; ClaudeBot/1.0; +claudebot@anthropic.com)"
216.73.216.166 - - [26/Dec/2025:07:24:55 -0500] "GET /commodity/at/rapid92589217811 HTTP/1.1" 200 12888 "-" "Mozilla/5.0 AppleWebKit/537.36 (KHTML, like Gecko; compatible; ClaudeBot/1.0; +claudebot@anthropic.com)"
216.73.216.166 - - [26/Dec/2025:07:24:55 -0500] "GET /commodity/cracker/steals925992099632 HTTP/1.1" 200 12888 "-" "Mozilla/5.0 AppleWebKit/537.36 (KHTML, like Gecko; compatible; ClaudeBot/1.0; +claudebot@anthropic.com)"
216.73.216.166 - - [26/Dec/2025:07:24:56 -0500] "GET /commodity/millenium/allies926010183496 HTTP/1.1" 200 12888 "-" "Mozilla/5.0 AppleWebKit/537.36 (KHTML, like Gecko; compatible; ClaudeBot/1.0; +claudebot@anthropic.com)"
216.73.216.166 - - [26/Dec/2025:07:24:56 -0500] "GET /commodity/tuning/coldplay926287937435 HTTP/1.1" 200 12888 "-" "Mozilla/5.0 AppleWebKit/537.36 (KHTML, like Gecko; compatible; ClaudeBot/1.0; +claudebot@anthropic.com)"
216.73.216.166 - - [26/Dec/2025:07:24:57 -0500] "GET /commodity/upgrading/qq92596813095 HTTP/1.1" 200 12888 "-" "Mozilla/5.0 AppleWebKit/537.36 (KHTML, like Gecko; compatible; ClaudeBot/1.0; +claudebot@anthropic.com)"
202.76.184.205 - - [26/Dec/2025:07:24:57 -0500] "GET /shop/dubarry/lifeline89464274945.html HTTP/1.1" 200 14464 "-" "Mozilla/5.0 (Windows; U; Windows NT 6.0; en-US) AppleWebKit/535.1 (KHTML, like Gecko) Chrome/13.0.782.107 Safari/535.1"
216.73.216.166 - - [26/Dec/2025:07:24:57 -0500] "GET /commodity/baskets/rising925989286709 HTTP/1.1" 200 12888 "-" "Mozilla/5.0 AppleWebKit/537.36 (KHTML, like Gecko; compatible; ClaudeBot/1.0; +claudebot@anthropic.com)"
216.73.216.166 - - [26/Dec/2025:07:24:58 -0500] "GET /commodity/interestingly/ned92589127505 HTTP/1.1" 200 12888 "-" "Mozilla/5.0 AppleWebKit/537.36 (KHTML, like Gecko; compatible; ClaudeBot/1.0; +claudebot@anthropic.com)"
136.243.228.193 - - [26/Dec/2025:07:24:58 -0500] "GET /?commodity/energy/viagra92583700483 HTTP/1.1" 200 12888 "-" "Mozilla/5.0 (compatible; DataForSeoBot/1.0; +https://dataforseo.com/dataforseo-bot)"
216.73.216.166 - - [26/Dec/2025:07:24:58 -0500] "GET /commodity/overly/assistant925912813980 HTTP/1.1" 200 12888 "-" "Mozilla/5.0 AppleWebKit/537.36 (KHTML, like Gecko; compatible; ClaudeBot/1.0; +claudebot@anthropic.com)"
216.73.216.166 - - [26/Dec/2025:07:24:59 -0500] "GET /commodity/led/kn925986741257 HTTP/1.1" 200 12888 "-" "Mozilla/5.0 AppleWebKit/537.36 (KHTML, like Gecko; compatible; ClaudeBot/1.0; +claudebot@anthropic.com)"
216.73.216.166 - - [26/Dec/2025:07:24:59 -0500] "GET /commodity/lo/hawks92589187565 HTTP/1.1" 200 12888 "-" "Mozilla/5.0 AppleWebKit/537.36 (KHTML, like Gecko; compatible; ClaudeBot/1.0; +claudebot@anthropic.com)"
216.73.216.166 - - [26/Dec/2025:07:25:00 -0500] "GET /commodity/ho/bbc925989264794 HTTP/1.1" 200 12888 "-" "Mozilla/5.0 AppleWebKit/537.36 (KHTML, like Gecko; compatible; ClaudeBot/1.0; +claudebot@anthropic.com)"
216.73.216.166 - - [26/Dec/2025:07:25:00 -0500] "GET /commodity/duo/commentary92589038495 HTTP/1.1" 200 12888 "-" "Mozilla/5.0 AppleWebKit/537.36 (KHTML, like Gecko; compatible; ClaudeBot/1.0; +claudebot@anthropic.com)"
216.73.216.166 - - [26/Dec/2025:07:25:01 -0500] "GET /commodity/fourth/respect926086885185 HTTP/1.1" 200 12888 "-" "Mozilla/5.0 AppleWebKit/537.36 (KHTML, like Gecko; compatible; ClaudeBot/1.0; +claudebot@anthropic.com)"
136.243.228.193 - - [26/Dec/2025:07:25:01 -0500] "GET /?commodity/flowing/submarine92583772027 HTTP/1.1" 200 12888 "-" "Mozilla/5.0 (compatible; DataForSeoBot/1.0; +https://dataforseo.com/dataforseo-bot)"
216.73.216.166 - - [26/Dec/2025:07:25:01 -0500] "GET /commodity/adipex/ordering926291003645 HTTP/1.1" 200 12888 "-" "Mozilla/5.0 AppleWebKit/537.36 (KHTML, like Gecko; compatible; ClaudeBot/1.0; +claudebot@anthropic.com)"
216.73.216.166 - - [26/Dec/2025:07:25:03 -0500] "GET /commodity/tapes/corner926087105559 HTTP/1.1" 200 12888 "-" "Mozilla/5.0 AppleWebKit/537.36 (KHTML, like Gecko; compatible; ClaudeBot/1.0; +claudebot@anthropic.com)"
216.73.216.166 - - [26/Dec/2025:07:25:03 -0500] "GET /commodity/massacre/esp92589504413 HTTP/1.1" 200 12888 "-" "Mozilla/5.0 AppleWebKit/537.36 (KHTML, like Gecko; compatible; ClaudeBot/1.0; +claudebot@anthropic.com)"
216.73.216.166 - - [26/Dec/2025:07:25:04 -0500] "GET /commodity/basel/ally926087276484 HTTP/1.1" 200 12888 "-" "Mozilla/5.0 AppleWebKit/537.36 (KHTML, like Gecko; compatible; ClaudeBot/1.0; +claudebot@anthropic.com)"
216.73.216.166 - - [26/Dec/2025:07:25:04 -0500] "GET /commodity/quest/cereal925888776439 HTTP/1.1" 200 12888 "-" "Mozilla/5.0 AppleWebKit/537.36 (KHTML, like Gecko; compatible; ClaudeBot/1.0; +claudebot@anthropic.com)"
216.73.216.166 - - [26/Dec/2025:07:25:05 -0500] "GET /commodity/cpan/retractable926087280657 HTTP/1.1" 200 12888 "-" "Mozilla/5.0 AppleWebKit/537.36 (KHTML, like Gecko; compatible; ClaudeBot/1.0; +claudebot@anthropic.com)"
216.73.216.166 - - [26/Dec/2025:07:25:05 -0500] "GET /commodity/salons/dvds92599995363 HTTP/1.1" 200 12888 "-" "Mozilla/5.0 AppleWebKit/537.36 (KHTML, like Gecko; compatible; ClaudeBot/1.0; +claudebot@anthropic.com)"
136.243.228.193 - - [26/Dec/2025:07:25:06 -0500] "GET /?commodity/collectable/piazza92583517087 HTTP/1.1" 200 12888 "-" "Mozilla/5.0 (compatible; DataForSeoBot/1.0; +https://dataforseo.com/dataforseo-bot)"
136.243.228.193 - - [26/Dec/2025:07:25:09 -0500] "GET /?commodity/daemon/svc92594252822 HTTP/1.1" 200 12888 "-" "Mozilla/5.0 (compatible; DataForSeoBot/1.0; +https://dataforseo.com/dataforseo-bot)"
136.243.228.193 - - [26/Dec/2025:07:25:14 -0500] "GET /?commodity/mans/regulatory92573341260 HTTP/1.1" 200 12888 "-" "Mozilla/5.0 (compatible; DataForSeoBot/1.0; +https://dataforseo.com/dataforseo-bot)"
136.243.228.193 - - [26/Dec/2025:07:25:17 -0500] "GET /?commodity/bugs/dhtml92586292285 HTTP/1.1" 200 12888 "-" "Mozilla/5.0 (compatible; DataForSeoBot/1.0; +https://dataforseo.com/dataforseo-bot)"
136.243.228.193 - - [26/Dec/2025:07:25:21 -0500] "GET /?commodity/ashanti/charles92604738762 HTTP/1.1" 200 12888 "-" "Mozilla/5.0 (compatible; DataForSeoBot/1.0; +https://dataforseo.com/dataforseo-bot)"
136.243.228.193 - - [26/Dec/2025:07:25:26 -0500] "GET /?commodity/cfo/prolonged92594231312 HTTP/1.1" 200 12888 "-" "Mozilla/5.0 (compatible; DataForSeoBot/1.0; +https://dataforseo.com/dataforseo-bot)"
216.73.216.166 - - [26/Dec/2025:07:25:28 -0500] "GET /commodity/controlling/mona926293697375 HTTP/1.1" 200 12888 "-" "Mozilla/5.0 AppleWebKit/537.36 (KHTML, like Gecko; compatible; ClaudeBot/1.0; +claudebot@anthropic.com)"
216.73.216.166 - - [26/Dec/2025:07:25:28 -0500] "GET /commodity/enya/differentiated92586354665 HTTP/1.1" 200 12888 "-" "Mozilla/5.0 AppleWebKit/537.36 (KHTML, like Gecko; compatible; ClaudeBot/1.0; +claudebot@anthropic.com)"
216.73.216.166 - - [26/Dec/2025:07:25:28 -0500] "GET /commodity/strive/oclc92586481745 HTTP/1.1" 200 12888 "-" "Mozilla/5.0 AppleWebKit/537.36 (KHTML, like Gecko; compatible; ClaudeBot/1.0; +claudebot@anthropic.com)"
136.243.228.193 - - [26/Dec/2025:07:25:29 -0500] "GET /?commodity/millennium/arm92614880053 HTTP/1.1" 200 12888 "-" "Mozilla/5.0 (compatible; DataForSeoBot/1.0; +https://dataforseo.com/dataforseo-bot)"
216.73.216.166 - - [26/Dec/2025:07:25:29 -0500] "GET /commodity/battle/admins926092955964 HTTP/1.1" 200 12888 "-" "Mozilla/5.0 AppleWebKit/537.36 (KHTML, like Gecko; compatible; ClaudeBot/1.0; +claudebot@anthropic.com)"
216.73.216.166 - - [26/Dec/2025:07:25:29 -0500] "GET /commodity/notes/topographic925912551288 HTTP/1.1" 200 12888 "-" "Mozilla/5.0 AppleWebKit/537.36 (KHTML, like Gecko; compatible; ClaudeBot/1.0; +claudebot@anthropic.com)"
216.73.216.166 - - [26/Dec/2025:07:25:30 -0500] "GET /commodity/dss/moved926193021745 HTTP/1.1" 200 12888 "-" "Mozilla/5.0 AppleWebKit/537.36 (KHTML, like Gecko; compatible; ClaudeBot/1.0; +claudebot@anthropic.com)"
216.73.216.166 - - [26/Dec/2025:07:25:30 -0500] "GET /commodity/asus/lab925891522735 HTTP/1.1" 200 12888 "-" "Mozilla/5.0 AppleWebKit/537.36 (KHTML, like Gecko; compatible; ClaudeBot/1.0; +claudebot@anthropic.com)"
216.73.216.166 - - [26/Dec/2025:07:25:31 -0500] "GET /commodity/suggesting/daily92586616451 HTTP/1.1" 200 12888 "-" "Mozilla/5.0 AppleWebKit/537.36 (KHTML, like Gecko; compatible; ClaudeBot/1.0; +claudebot@anthropic.com)"
216.73.216.166 - - [26/Dec/2025:07:25:32 -0500] "GET /commodity/lectures/govt92586467540 HTTP/1.1" 200 12888 "-" "Mozilla/5.0 AppleWebKit/537.36 (KHTML, like Gecko; compatible; ClaudeBot/1.0; +claudebot@anthropic.com)"
216.73.216.166 - - [26/Dec/2025:07:25:32 -0500] "GET /commodity/figured/scarf926012924965 HTTP/1.1" 200 12888 "-" "Mozilla/5.0 AppleWebKit/537.36 (KHTML, like Gecko; compatible; ClaudeBot/1.0; +claudebot@anthropic.com)"
216.73.216.166 - - [26/Dec/2025:07:25:33 -0500] "GET /commodity/readers/sofa92597183691 HTTP/1.1" 200 12888 "-" "Mozilla/5.0 AppleWebKit/537.36 (KHTML, like Gecko; compatible; ClaudeBot/1.0; +claudebot@anthropic.com)"
216.73.216.166 - - [26/Dec/2025:07:25:33 -0500] "GET /commodity/projector/macau92599944810 HTTP/1.1" 200 12888 "-" "Mozilla/5.0 AppleWebKit/537.36 (KHTML, like Gecko; compatible; ClaudeBot/1.0; +claudebot@anthropic.com)"
136.243.228.193 - - [26/Dec/2025:07:25:33 -0500] "GET /?commodity/protestant/mfc92604653853 HTTP/1.1" 200 12888 "-" "Mozilla/5.0 (compatible; DataForSeoBot/1.0; +https://dataforseo.com/dataforseo-bot)"
216.73.216.166 - - [26/Dec/2025:07:25:34 -0500] "GET /commodity/models/incoming926288030714 HTTP/1.1" 200 12888 "-" "Mozilla/5.0 AppleWebKit/537.36 (KHTML, like Gecko; compatible; ClaudeBot/1.0; +claudebot@anthropic.com)"
216.73.216.166 - - [26/Dec/2025:07:25:34 -0500] "GET /commodity/duplicate/paw92586613196 HTTP/1.1" 200 12888 "-" "Mozilla/5.0 AppleWebKit/537.36 (KHTML, like Gecko; compatible; ClaudeBot/1.0; +claudebot@anthropic.com)"
216.73.216.166 - - [26/Dec/2025:07:25:35 -0500] "GET /commodity/holmes/biggest925989345545 HTTP/1.1" 200 12888 "-" "Mozilla/5.0 AppleWebKit/537.36 (KHTML, like Gecko; compatible; ClaudeBot/1.0; +claudebot@anthropic.com)"
216.73.216.166 - - [26/Dec/2025:07:25:35 -0500] "GET /commodity/baptist/clive92586330800 HTTP/1.1" 200 12888 "-" "Mozilla/5.0 AppleWebKit/537.36 (KHTML, like Gecko; compatible; ClaudeBot/1.0; +claudebot@anthropic.com)"
216.73.216.166 - - [26/Dec/2025:07:25:36 -0500] "GET /commodity/glassware/abusive925989495155 HTTP/1.1" 200 12888 "-" "Mozilla/5.0 AppleWebKit/537.36 (KHTML, like Gecko; compatible; ClaudeBot/1.0; +claudebot@anthropic.com)"
216.73.216.166 - - [26/Dec/2025:07:25:36 -0500] "GET /commodity/discourse/drag925791407157 HTTP/1.1" 200 12888 "-" "Mozilla/5.0 AppleWebKit/537.36 (KHTML, like Gecko; compatible; ClaudeBot/1.0; +claudebot@anthropic.com)"
216.73.216.166 - - [26/Dec/2025:07:25:37 -0500] "GET /commodity/pointing/brave926010323056 HTTP/1.1" 200 12888 "-" "Mozilla/5.0 AppleWebKit/537.36 (KHTML, like Gecko; compatible; ClaudeBot/1.0; +claudebot@anthropic.com)"
114.119.159.19 - - [26/Dec/2025:07:25:37 -0500] "GET /commodity/span/pill926231024977 HTTP/1.1" 200 14464 "https://pandaexpressketo.com/sitemap509.xml" "Mozilla/5.0 (Linux; Android 7.0;) AppleWebKit/537.36 (KHTML, like Gecko) Mobile Safari/537.36 (compatible; PetalBot;+https://webmaster.petalsearch.com/site/petalbot)"
136.243.228.193 - - [26/Dec/2025:07:25:37 -0500] "GET /?commodity/evident/attn92596992233 HTTP/1.1" 200 12888 "-" "Mozilla/5.0 (compatible; DataForSeoBot/1.0; +https://dataforseo.com/dataforseo-bot)"
216.73.216.166 - - [26/Dec/2025:07:25:37 -0500] "GET /commodity/palau/affection926089957479 HTTP/1.1" 200 12888 "-" "Mozilla/5.0 AppleWebKit/537.36 (KHTML, like Gecko; compatible; ClaudeBot/1.0; +claudebot@anthropic.com)"
216.73.216.166 - - [26/Dec/2025:07:25:38 -0500] "GET /commodity/nip/rex926193109957 HTTP/1.1" 200 12888 "-" "Mozilla/5.0 AppleWebKit/537.36 (KHTML, like Gecko; compatible; ClaudeBot/1.0; +claudebot@anthropic.com)"
216.73.216.166 - - [26/Dec/2025:07:25:38 -0500] "GET /commodity/never/solo926290785665 HTTP/1.1" 200 12888 "-" "Mozilla/5.0 AppleWebKit/537.36 (KHTML, like Gecko; compatible; ClaudeBot/1.0; +claudebot@anthropic.com)"
216.73.216.166 - - [26/Dec/2025:07:25:39 -0500] "GET /commodity/foreign/lasts925788517179 HTTP/1.1" 200 12888 "-" "Mozilla/5.0 AppleWebKit/537.36 (KHTML, like Gecko; compatible; ClaudeBot/1.0; +claudebot@anthropic.com)"
216.73.216.166 - - [26/Dec/2025:07:25:39 -0500] "GET /commodity/backstage/stores925986564245 HTTP/1.1" 200 12888 "-" "Mozilla/5.0 AppleWebKit/537.36 (KHTML, like Gecko; compatible; ClaudeBot/1.0; +claudebot@anthropic.com)"
216.73.216.166 - - [26/Dec/2025:07:25:40 -0500] "GET /commodity/description/blink926290830650 HTTP/1.1" 200 12888 "-" "Mozilla/5.0 AppleWebKit/537.36 (KHTML, like Gecko; compatible; ClaudeBot/1.0; +claudebot@anthropic.com)"
216.73.216.166 - - [26/Dec/2025:07:25:40 -0500] "GET /commodity/rep/cohort925992253757 HTTP/1.1" 200 12888 "-" "Mozilla/5.0 AppleWebKit/537.36 (KHTML, like Gecko; compatible; ClaudeBot/1.0; +claudebot@anthropic.com)"
216.73.216.166 - - [26/Dec/2025:07:25:41 -0500] "GET /commodity/eb/theta926086853490 HTTP/1.1" 200 12888 "-" "Mozilla/5.0 AppleWebKit/537.36 (KHTML, like Gecko; compatible; ClaudeBot/1.0; +claudebot@anthropic.com)"
216.73.216.166 - - [26/Dec/2025:07:25:41 -0500] "GET /commodity/news/started925711413613 HTTP/1.1" 200 12888 "-" "Mozilla/5.0 AppleWebKit/537.36 (KHTML, like Gecko; compatible; ClaudeBot/1.0; +claudebot@anthropic.com)"
216.73.216.166 - - [26/Dec/2025:07:25:42 -0500] "GET /commodity/spiders/correctional925989617435 HTTP/1.1" 200 12888 "-" "Mozilla/5.0 AppleWebKit/537.36 (KHTML, like Gecko; compatible; ClaudeBot/1.0; +claudebot@anthropic.com)"
136.243.228.193 - - [26/Dec/2025:07:25:42 -0500] "GET /?commodity/secular/ornamental92625296213 HTTP/1.1" 200 12888 "-" "Mozilla/5.0 (compatible; DataForSeoBot/1.0; +https://dataforseo.com/dataforseo-bot)"
216.73.216.166 - - [26/Dec/2025:07:25:42 -0500] "GET /commodity/dsm/commonwealth926092685364 HTTP/1.1" 200 12888 "-" "Mozilla/5.0 AppleWebKit/537.36 (KHTML, like Gecko; compatible; ClaudeBot/1.0; +claudebot@anthropic.com)"
216.73.216.166 - - [26/Dec/2025:07:25:43 -0500] "GET /commodity/ole/search926092879629 HTTP/1.1" 200 12888 "-" "Mozilla/5.0 AppleWebKit/537.36 (KHTML, like Gecko; compatible; ClaudeBot/1.0; +claudebot@anthropic.com)"
216.73.216.166 - - [26/Dec/2025:07:25:43 -0500] "GET /commodity/calf/idc92589090260 HTTP/1.1" 200 12888 "-" "Mozilla/5.0 AppleWebKit/537.36 (KHTML, like Gecko; compatible; ClaudeBot/1.0; +claudebot@anthropic.com)"
216.73.216.166 - - [26/Dec/2025:07:25:44 -0500] "GET /commodity/mutual/impacted926288058644 HTTP/1.1" 200 12888 "-" "Mozilla/5.0 AppleWebKit/537.36 (KHTML, like Gecko; compatible; ClaudeBot/1.0; +claudebot@anthropic.com)"
216.73.216.166 - - [26/Dec/2025:07:25:44 -0500] "GET /commodity/multicast/elsewhere925788467055 HTTP/1.1" 200 12888 "-" "Mozilla/5.0 AppleWebKit/537.36 (KHTML, like Gecko; compatible; ClaudeBot/1.0; +claudebot@anthropic.com)"
216.73.216.166 - - [26/Dec/2025:07:25:45 -0500] "GET /commodity/jasmine/bufing925986732950 HTTP/1.1" 200 12888 "-" "Mozilla/5.0 AppleWebKit/537.36 (KHTML, like Gecko; compatible; ClaudeBot/1.0; +claudebot@anthropic.com)"
216.73.216.166 - - [26/Dec/2025:07:25:45 -0500] "GET /commodity/concluding/challenge926290643225 HTTP/1.1" 200 12888 "-" "Mozilla/5.0 AppleWebKit/537.36 (KHTML, like Gecko; compatible; ClaudeBot/1.0; +claudebot@anthropic.com)"
216.73.216.166 - - [26/Dec/2025:07:25:46 -0500] "GET /commodity/maintained/skin925992441380 HTTP/1.1" 200 12888 "-" "Mozilla/5.0 AppleWebKit/537.36 (KHTML, like Gecko; compatible; ClaudeBot/1.0; +claudebot@anthropic.com)"
136.243.228.193 - - [26/Dec/2025:07:25:46 -0500] "GET /?commodity/bw/cfs92622575660 HTTP/1.1" 200 12888 "-" "Mozilla/5.0 (compatible; DataForSeoBot/1.0; +https://dataforseo.com/dataforseo-bot)"
216.73.216.166 - - [26/Dec/2025:07:25:46 -0500] "GET /commodity/constrained/chickens92596832025 HTTP/1.1" 200 12888 "-" "Mozilla/5.0 AppleWebKit/537.36 (KHTML, like Gecko; compatible; ClaudeBot/1.0; +claudebot@anthropic.com)"
216.73.216.166 - - [26/Dec/2025:07:25:47 -0500] "GET /commodity/hs/general926092599960 HTTP/1.1" 200 12888 "-" "Mozilla/5.0 AppleWebKit/537.36 (KHTML, like Gecko; compatible; ClaudeBot/1.0; +claudebot@anthropic.com)"
216.73.216.166 - - [26/Dec/2025:07:25:47 -0500] "GET /commodity/hinge/filters926013115705 HTTP/1.1" 200 12888 "-" "Mozilla/5.0 AppleWebKit/537.36 (KHTML, like Gecko; compatible; ClaudeBot/1.0; +claudebot@anthropic.com)"
216.73.216.166 - - [26/Dec/2025:07:25:48 -0500] "GET /commodity/seth/backward925912583841 HTTP/1.1" 200 12888 "-" "Mozilla/5.0 AppleWebKit/537.36 (KHTML, like Gecko; compatible; ClaudeBot/1.0; +claudebot@anthropic.com)"
216.73.216.166 - - [26/Dec/2025:07:25:48 -0500] "GET /commodity/fireplace/webdesign925788460830 HTTP/1.1" 200 12888 "-" "Mozilla/5.0 AppleWebKit/537.36 (KHTML, like Gecko; compatible; ClaudeBot/1.0; +claudebot@anthropic.com)"
216.73.216.166 - - [26/Dec/2025:07:25:49 -0500] "GET /commodity/becoming/undergoing92617870370 HTTP/1.1" 200 12888 "-" "Mozilla/5.0 AppleWebKit/537.36 (KHTML, like Gecko; compatible; ClaudeBot/1.0; +claudebot@anthropic.com)"
136.243.228.193 - - [26/Dec/2025:07:25:49 -0500] "GET /?commodity/emerson/cheney92594048285 HTTP/1.1" 200 12888 "-" "Mozilla/5.0 (compatible; DataForSeoBot/1.0; +https://dataforseo.com/dataforseo-bot)"
216.73.216.166 - - [26/Dec/2025:07:25:49 -0500] "GET /commodity/xtc/stronger92586402488 HTTP/1.1" 200 12888 "-" "Mozilla/5.0 AppleWebKit/537.36 (KHTML, like Gecko; compatible; ClaudeBot/1.0; +claudebot@anthropic.com)"
216.73.216.166 - - [26/Dec/2025:07:25:50 -0500] "GET /commodity/evident/attn92599770426 HTTP/1.1" 200 12888 "-" "Mozilla/5.0 AppleWebKit/537.36 (KHTML, like Gecko; compatible; ClaudeBot/1.0; +claudebot@anthropic.com)"
216.73.216.166 - - [26/Dec/2025:07:25:50 -0500] "GET /commodity/griffin/coll92578807471 HTTP/1.1" 200 12888 "-" "Mozilla/5.0 AppleWebKit/537.36 (KHTML, like Gecko; compatible; ClaudeBot/1.0; +claudebot@anthropic.com)"
216.73.216.166 - - [26/Dec/2025:07:25:51 -0500] "GET /commodity/amazingly/managers925986766664 HTTP/1.1" 200 12888 "-" "Mozilla/5.0 AppleWebKit/537.36 (KHTML, like Gecko; compatible; ClaudeBot/1.0; +claudebot@anthropic.com)"
216.73.216.166 - - [26/Dec/2025:07:25:51 -0500] "GET /commodity/cinemas/printer925788523485 HTTP/1.1" 200 12888 "-" "Mozilla/5.0 AppleWebKit/537.36 (KHTML, like Gecko; compatible; ClaudeBot/1.0; +claudebot@anthropic.com)"
216.73.216.166 - - [26/Dec/2025:07:25:52 -0500] "GET /commodity/liz/csv926290839674 HTTP/1.1" 200 12888 "-" "Mozilla/5.0 AppleWebKit/537.36 (KHTML, like Gecko; compatible; ClaudeBot/1.0; +claudebot@anthropic.com)"
216.73.216.166 - - [26/Dec/2025:07:25:52 -0500] "GET /commodity/mixes/startup925891947532 HTTP/1.1" 200 12888 "-" "Mozilla/5.0 AppleWebKit/537.36 (KHTML, like Gecko; compatible; ClaudeBot/1.0; +claudebot@anthropic.com)"
216.73.216.166 - - [26/Dec/2025:07:25:53 -0500] "GET /commodity/deficiency/tel92597076735 HTTP/1.1" 200 12888 "-" "Mozilla/5.0 AppleWebKit/537.36 (KHTML, like Gecko; compatible; ClaudeBot/1.0; +claudebot@anthropic.com)"
216.73.216.166 - - [26/Dec/2025:07:25:53 -0500] "GET /commodity/edges/prophet92617824566 HTTP/1.1" 200 12888 "-" "Mozilla/5.0 AppleWebKit/537.36 (KHTML, like Gecko; compatible; ClaudeBot/1.0; +claudebot@anthropic.com)"
136.243.228.193 - - [26/Dec/2025:07:25:54 -0500] "GET /?commodity/newcastle/prestigious92601810588 HTTP/1.1" 200 12888 "-" "Mozilla/5.0 (compatible; DataForSeoBot/1.0; +https://dataforseo.com/dataforseo-bot)"
216.73.216.166 - - [26/Dec/2025:07:25:54 -0500] "GET /commodity/pervasive/buchanan92596890165 HTTP/1.1" 200 12888 "-" "Mozilla/5.0 AppleWebKit/537.36 (KHTML, like Gecko; compatible; ClaudeBot/1.0; +claudebot@anthropic.com)"
216.73.216.166 - - [26/Dec/2025:07:25:54 -0500] "GET /commodity/unexpected/plc925986769532 HTTP/1.1" 200 12888 "-" "Mozilla/5.0 AppleWebKit/537.36 (KHTML, like Gecko; compatible; ClaudeBot/1.0; +claudebot@anthropic.com)"
216.73.216.166 - - [26/Dec/2025:07:25:55 -0500] "GET /commodity/saunders/bilateral92607267310 HTTP/1.1" 200 12889 "-" "Mozilla/5.0 AppleWebKit/537.36 (KHTML, like Gecko; compatible; ClaudeBot/1.0; +claudebot@anthropic.com)"
202.76.182.82 - - [26/Dec/2025:07:25:54 -0500] "GET /shop/elantra/allready6703087472.html HTTP/1.1" 200 14464 "-" "Mozilla/5.0 (Macintosh; U; Intel Mac OS X 10_6_5; en-US) AppleWebKit/534.16 (KHTML, like Gecko) Chrome/10.0.648.204"
216.73.216.166 - - [26/Dec/2025:07:25:55 -0500] "GET /commodity/notebooks/bra926092706805 HTTP/1.1" 200 12888 "-" "Mozilla/5.0 AppleWebKit/537.36 (KHTML, like Gecko; compatible; ClaudeBot/1.0; +claudebot@anthropic.com)"
216.73.216.166 - - [26/Dec/2025:07:25:56 -0500] "GET /commodity/inserts/iceland925912638276 HTTP/1.1" 200 12888 "-" "Mozilla/5.0 AppleWebKit/537.36 (KHTML, like Gecko; compatible; ClaudeBot/1.0; +claudebot@anthropic.com)"
216.73.216.166 - - [26/Dec/2025:07:25:56 -0500] "GET /commodity/complying/basket926092901394 HTTP/1.1" 200 12888 "-" "Mozilla/5.0 AppleWebKit/537.36 (KHTML, like Gecko; compatible; ClaudeBot/1.0; +claudebot@anthropic.com)"
216.73.216.166 - - [26/Dec/2025:07:25:57 -0500] "GET /commodity/creatine/arrest92628302121 HTTP/1.1" 200 12888 "-" "Mozilla/5.0 AppleWebKit/537.36 (KHTML, like Gecko; compatible; ClaudeBot/1.0; +claudebot@anthropic.com)"
216.73.216.166 - - [26/Dec/2025:07:25:57 -0500] "GET /commodity/fled/squadron92607329515 HTTP/1.1" 200 12888 "-" "Mozilla/5.0 AppleWebKit/537.36 (KHTML, like Gecko; compatible; ClaudeBot/1.0; +claudebot@anthropic.com)"
136.243.228.193 - - [26/Dec/2025:07:25:57 -0500] "GET /?commodity/doll/dooyoo92612078083 HTTP/1.1" 200 12888 "-" "Mozilla/5.0 (compatible; DataForSeoBot/1.0; +https://dataforseo.com/dataforseo-bot)"
216.73.216.166 - - [26/Dec/2025:07:25:58 -0500] "GET /commodity/acrylic/integers92589172496 HTTP/1.1" 200 12888 "-" "Mozilla/5.0 AppleWebKit/537.36 (KHTML, like Gecko; compatible; ClaudeBot/1.0; +claudebot@anthropic.com)"
216.73.216.166 - - [26/Dec/2025:07:25:58 -0500] "GET /commodity/betty/isolate925986700532 HTTP/1.1" 200 12888 "-" "Mozilla/5.0 AppleWebKit/537.36 (KHTML, like Gecko; compatible; ClaudeBot/1.0; +claudebot@anthropic.com)"
136.243.228.193 - - [26/Dec/2025:07:26:01 -0500] "GET /?commodity/spotting/simpler92573230167 HTTP/1.1" 200 12888 "-" "Mozilla/5.0 (compatible; DataForSeoBot/1.0; +https://dataforseo.com/dataforseo-bot)"
136.243.228.193 - - [26/Dec/2025:07:26:06 -0500] "GET /?commodity/benign/opportunities92601700035 HTTP/1.1" 200 12888 "-" "Mozilla/5.0 (compatible; DataForSeoBot/1.0; +https://dataforseo.com/dataforseo-bot)"
136.243.228.193 - - [26/Dec/2025:07:26:09 -0500] "GET /?commodity/timely/illustrations92572985373 HTTP/1.1" 200 12888 "-" "Mozilla/5.0 (compatible; DataForSeoBot/1.0; +https://dataforseo.com/dataforseo-bot)"
136.243.228.193 - - [26/Dec/2025:07:26:14 -0500] "GET /?commodity/inhabitants/cap92578657398 HTTP/1.1" 200 12888 "-" "Mozilla/5.0 (compatible; DataForSeoBot/1.0; +https://dataforseo.com/dataforseo-bot)"
136.243.228.193 - - [26/Dec/2025:07:26:17 -0500] "GET /?commodity/enabled/maxtor92622453998 HTTP/1.1" 200 12888 "-" "Mozilla/5.0 (compatible; DataForSeoBot/1.0; +https://dataforseo.com/dataforseo-bot)"
216.73.216.166 - - [26/Dec/2025:07:26:19 -0500] "GET /commodity/lee/sparc92586405095 HTTP/1.1" 200 12888 "-" "Mozilla/5.0 AppleWebKit/537.36 (KHTML, like Gecko; compatible; ClaudeBot/1.0; +claudebot@anthropic.com)"
216.73.216.166 - - [26/Dec/2025:07:26:20 -0500] "GET /commodity/fighting/refuge926287794632 HTTP/1.1" 200 12888 "-" "Mozilla/5.0 AppleWebKit/537.36 (KHTML, like Gecko; compatible; ClaudeBot/1.0; +claudebot@anthropic.com)"
216.73.216.166 - - [26/Dec/2025:07:26:20 -0500] "GET /commodity/maestro/enough926187524032 HTTP/1.1" 200 12888 "-" "Mozilla/5.0 AppleWebKit/537.36 (KHTML, like Gecko; compatible; ClaudeBot/1.0; +claudebot@anthropic.com)"
216.73.216.166 - - [26/Dec/2025:07:26:21 -0500] "GET /commodity/recommends/blogthis92578545100 HTTP/1.1" 200 12888 "-" "Mozilla/5.0 AppleWebKit/537.36 (KHTML, like Gecko; compatible; ClaudeBot/1.0; +claudebot@anthropic.com)"
136.243.228.193 - - [26/Dec/2025:07:26:21 -0500] "GET /?commodity/indexes/hughes92625363617 HTTP/1.1" 200 12888 "-" "Mozilla/5.0 (compatible; DataForSeoBot/1.0; +https://dataforseo.com/dataforseo-bot)"
216.73.216.166 - - [26/Dec/2025:07:26:21 -0500] "GET /commodity/outbreak/wn926087132250 HTTP/1.1" 200 12888 "-" "Mozilla/5.0 AppleWebKit/537.36 (KHTML, like Gecko; compatible; ClaudeBot/1.0; +claudebot@anthropic.com)"
216.73.216.166 - - [26/Dec/2025:07:26:22 -0500] "GET /commodity/prints/suggestions92596898070 HTTP/1.1" 200 12888 "-" "Mozilla/5.0 AppleWebKit/537.36 (KHTML, like Gecko; compatible; ClaudeBot/1.0; +claudebot@anthropic.com)"
216.73.216.166 - - [26/Dec/2025:07:26:22 -0500] "GET /commodity/aged/access925711472860 HTTP/1.1" 200 12888 "-" "Mozilla/5.0 AppleWebKit/537.36 (KHTML, like Gecko; compatible; ClaudeBot/1.0; +claudebot@anthropic.com)"
216.73.216.166 - - [26/Dec/2025:07:26:23 -0500] "GET /commodity/into/directs926290976114 HTTP/1.1" 200 12888 "-" "Mozilla/5.0 AppleWebKit/537.36 (KHTML, like Gecko; compatible; ClaudeBot/1.0; +claudebot@anthropic.com)"
216.73.216.166 - - [26/Dec/2025:07:26:23 -0500] "GET /commodity/mail/consoles926089749882 HTTP/1.1" 200 12888 "-" "Mozilla/5.0 AppleWebKit/537.36 (KHTML, like Gecko; compatible; ClaudeBot/1.0; +claudebot@anthropic.com)"
216.73.216.166 - - [26/Dec/2025:07:26:24 -0500] "GET /commodity/regarded/plc925791086724 HTTP/1.1" 200 12888 "-" "Mozilla/5.0 AppleWebKit/537.36 (KHTML, like Gecko; compatible; ClaudeBot/1.0; +claudebot@anthropic.com)"
216.73.216.166 - - [26/Dec/2025:07:26:24 -0500] "GET /commodity/chooses/singh92607483988 HTTP/1.1" 200 12888 "-" "Mozilla/5.0 AppleWebKit/537.36 (KHTML, like Gecko; compatible; ClaudeBot/1.0; +claudebot@anthropic.com)"
216.73.216.166 - - [26/Dec/2025:07:26:25 -0500] "GET /commodity/undertaking/stair925891757779 HTTP/1.1" 200 12888 "-" "Mozilla/5.0 AppleWebKit/537.36 (KHTML, like Gecko; compatible; ClaudeBot/1.0; +claudebot@anthropic.com)"
216.73.216.166 - - [26/Dec/2025:07:26:25 -0500] "GET /commodity/hour/tf926092589325 HTTP/1.1" 200 12888 "-" "Mozilla/5.0 AppleWebKit/537.36 (KHTML, like Gecko; compatible; ClaudeBot/1.0; +claudebot@anthropic.com)"
136.243.228.193 - - [26/Dec/2025:07:26:25 -0500] "GET /?commodity/networked/critical92615138437 HTTP/1.1" 200 12888 "-" "Mozilla/5.0 (compatible; DataForSeoBot/1.0; +https://dataforseo.com/dataforseo-bot)"
216.73.216.166 - - [26/Dec/2025:07:26:26 -0500] "GET /commodity/kappa/crosses925791114579 HTTP/1.1" 200 12888 "-" "Mozilla/5.0 AppleWebKit/537.36 (KHTML, like Gecko; compatible; ClaudeBot/1.0; +claudebot@anthropic.com)"
216.73.216.166 - - [26/Dec/2025:07:26:26 -0500] "GET /commodity/mcafee/suv925888952680 HTTP/1.1" 200 12888 "-" "Mozilla/5.0 AppleWebKit/537.36 (KHTML, like Gecko; compatible; ClaudeBot/1.0; +claudebot@anthropic.com)"
216.73.216.166 - - [26/Dec/2025:07:26:27 -0500] "GET /commodity/ufo/datasheet926010305485 HTTP/1.1" 200 12888 "-" "Mozilla/5.0 AppleWebKit/537.36 (KHTML, like Gecko; compatible; ClaudeBot/1.0; +claudebot@anthropic.com)"
216.73.216.166 - - [26/Dec/2025:07:26:27 -0500] "GET /commodity/balancing/shortcuts925986651854 HTTP/1.1" 200 12888 "-" "Mozilla/5.0 AppleWebKit/537.36 (KHTML, like Gecko; compatible; ClaudeBot/1.0; +claudebot@anthropic.com)"
216.73.216.166 - - [26/Dec/2025:07:26:28 -0500] "GET /commodity/cafe/bar926110774031 HTTP/1.1" 200 12888 "-" "Mozilla/5.0 AppleWebKit/537.36 (KHTML, like Gecko; compatible; ClaudeBot/1.0; +claudebot@anthropic.com)"
216.73.216.166 - - [26/Dec/2025:07:26:28 -0500] "GET /commodity/wind/cockpit92596954413 HTTP/1.1" 200 12888 "-" "Mozilla/5.0 AppleWebKit/537.36 (KHTML, like Gecko; compatible; ClaudeBot/1.0; +claudebot@anthropic.com)"
216.73.216.166 - - [26/Dec/2025:07:26:29 -0500] "GET /commodity/acknowledges/allocation925788567879 HTTP/1.1" 200 12888 "-" "Mozilla/5.0 AppleWebKit/537.36 (KHTML, like Gecko; compatible; ClaudeBot/1.0; +claudebot@anthropic.com)"
136.243.228.193 - - [26/Dec/2025:07:26:29 -0500] "GET /?commodity/resistant/gary92612242093 HTTP/1.1" 200 12888 "-" "Mozilla/5.0 (compatible; DataForSeoBot/1.0; +https://dataforseo.com/dataforseo-bot)"
216.73.216.166 - - [26/Dec/2025:07:26:29 -0500] "GET /commodity/carnegie/maya925791311832 HTTP/1.1" 200 12888 "-" "Mozilla/5.0 AppleWebKit/537.36 (KHTML, like Gecko; compatible; ClaudeBot/1.0; +claudebot@anthropic.com)"
216.73.216.166 - - [26/Dec/2025:07:26:30 -0500] "GET /commodity/serials/kart92597012520 HTTP/1.1" 200 12888 "-" "Mozilla/5.0 AppleWebKit/537.36 (KHTML, like Gecko; compatible; ClaudeBot/1.0; +claudebot@anthropic.com)"
216.73.216.166 - - [26/Dec/2025:07:26:30 -0500] "GET /commodity/lesbos/supper926087098014 HTTP/1.1" 200 12888 "-" "Mozilla/5.0 AppleWebKit/537.36 (KHTML, like Gecko; compatible; ClaudeBot/1.0; +claudebot@anthropic.com)"
216.73.216.166 - - [26/Dec/2025:07:26:31 -0500] "GET /commodity/title/blink92617864613 HTTP/1.1" 200 12888 "-" "Mozilla/5.0 AppleWebKit/537.36 (KHTML, like Gecko; compatible; ClaudeBot/1.0; +claudebot@anthropic.com)"
216.73.216.166 - - [26/Dec/2025:07:26:31 -0500] "GET /commodity/ana/highest925812293780 HTTP/1.1" 200 12888 "-" "Mozilla/5.0 AppleWebKit/537.36 (KHTML, like Gecko; compatible; ClaudeBot/1.0; +claudebot@anthropic.com)"
216.73.216.166 - - [26/Dec/2025:07:26:32 -0500] "GET /commodity/vietnamese/oj92599869588 HTTP/1.1" 200 12888 "-" "Mozilla/5.0 AppleWebKit/537.36 (KHTML, like Gecko; compatible; ClaudeBot/1.0; +claudebot@anthropic.com)"
216.73.216.166 - - [26/Dec/2025:07:26:32 -0500] "GET /commodity/dalton/returns925912572981 HTTP/1.1" 200 12888 "-" "Mozilla/5.0 AppleWebKit/537.36 (KHTML, like Gecko; compatible; ClaudeBot/1.0; +claudebot@anthropic.com)"
216.73.216.166 - - [26/Dec/2025:07:26:33 -0500] "GET /commodity/miracle/eq925986690014 HTTP/1.1" 200 12888 "-" "Mozilla/5.0 AppleWebKit/537.36 (KHTML, like Gecko; compatible; ClaudeBot/1.0; +claudebot@anthropic.com)"
216.73.216.166 - - [26/Dec/2025:07:26:33 -0500] "GET /commodity/smallest/innocent925992347204 HTTP/1.1" 200 12888 "-" "Mozilla/5.0 AppleWebKit/537.36 (KHTML, like Gecko; compatible; ClaudeBot/1.0; +claudebot@anthropic.com)"
216.73.216.166 - - [26/Dec/2025:07:26:34 -0500] "GET /commodity/robust/neighbors925891767685 HTTP/1.1" 200 12888 "-" "Mozilla/5.0 AppleWebKit/537.36 (KHTML, like Gecko; compatible; ClaudeBot/1.0; +claudebot@anthropic.com)"
136.243.228.193 - - [26/Dec/2025:07:26:34 -0500] "GET /?commodity/served/pumps92573184363 HTTP/1.1" 200 12888 "-" "Mozilla/5.0 (compatible; DataForSeoBot/1.0; +https://dataforseo.com/dataforseo-bot)"
216.73.216.166 - - [26/Dec/2025:07:26:34 -0500] "GET /commodity/rebels/carry926288025155 HTTP/1.1" 200 12888 "-" "Mozilla/5.0 AppleWebKit/537.36 (KHTML, like Gecko; compatible; ClaudeBot/1.0; +claudebot@anthropic.com)"
216.73.216.166 - - [26/Dec/2025:07:26:35 -0500] "GET /commodity/mainly/hey925711835146 HTTP/1.1" 200 12888 "-" "Mozilla/5.0 AppleWebKit/537.36 (KHTML, like Gecko; compatible; ClaudeBot/1.0; +claudebot@anthropic.com)"
216.73.216.166 - - [26/Dec/2025:07:26:35 -0500] "GET /commodity/fsa/drawn92607319846 HTTP/1.1" 200 12888 "-" "Mozilla/5.0 AppleWebKit/537.36 (KHTML, like Gecko; compatible; ClaudeBot/1.0; +claudebot@anthropic.com)"
216.73.216.166 - - [26/Dec/2025:07:26:36 -0500] "GET /commodity/accuracy/hercules925889078257 HTTP/1.1" 200 12888 "-" "Mozilla/5.0 AppleWebKit/537.36 (KHTML, like Gecko; compatible; ClaudeBot/1.0; +claudebot@anthropic.com)"
216.73.216.166 - - [26/Dec/2025:07:26:36 -0500] "GET /commodity/burning/boyle926110590941 HTTP/1.1" 200 12888 "-" "Mozilla/5.0 AppleWebKit/537.36 (KHTML, like Gecko; compatible; ClaudeBot/1.0; +claudebot@anthropic.com)"
216.73.216.166 - - [26/Dec/2025:07:26:37 -0500] "GET /commodity/b/lara92597050806 HTTP/1.1" 200 12888 "-" "Mozilla/5.0 AppleWebKit/537.36 (KHTML, like Gecko; compatible; ClaudeBot/1.0; +claudebot@anthropic.com)"
136.243.228.193 - - [26/Dec/2025:07:26:37 -0500] "GET /?commodity/cologne/tents92601870627 HTTP/1.1" 200 12888 "-" "Mozilla/5.0 (compatible; DataForSeoBot/1.0; +https://dataforseo.com/dataforseo-bot)"
216.73.216.166 - - [26/Dec/2025:07:26:37 -0500] "GET /commodity/reinforcement/der92589317105 HTTP/1.1" 200 12888 "-" "Mozilla/5.0 AppleWebKit/537.36 (KHTML, like Gecko; compatible; ClaudeBot/1.0; +claudebot@anthropic.com)"
216.73.216.166 - - [26/Dec/2025:07:26:38 -0500] "GET /commodity/connection/grassroots926086917780 HTTP/1.1" 200 12888 "-" "Mozilla/5.0 AppleWebKit/537.36 (KHTML, like Gecko; compatible; ClaudeBot/1.0; +claudebot@anthropic.com)"
216.73.216.166 - - [26/Dec/2025:07:26:38 -0500] "GET /commodity/economic/diners926087223054 HTTP/1.1" 200 12888 "-" "Mozilla/5.0 AppleWebKit/537.36 (KHTML, like Gecko; compatible; ClaudeBot/1.0; +claudebot@anthropic.com)"
216.73.216.166 - - [26/Dec/2025:07:26:39 -0500] "GET /commodity/correctness/critique925891571275 HTTP/1.1" 200 12888 "-" "Mozilla/5.0 AppleWebKit/537.36 (KHTML, like Gecko; compatible; ClaudeBot/1.0; +claudebot@anthropic.com)"
216.73.216.166 - - [26/Dec/2025:07:26:39 -0500] "GET /commodity/reflections/owners92586597056 HTTP/1.1" 200 12888 "-" "Mozilla/5.0 AppleWebKit/537.36 (KHTML, like Gecko; compatible; ClaudeBot/1.0; +claudebot@anthropic.com)"
216.73.216.166 - - [26/Dec/2025:07:26:40 -0500] "GET /commodity/expand/bizarre926110700363 HTTP/1.1" 200 12888 "-" "Mozilla/5.0 AppleWebKit/537.36 (KHTML, like Gecko; compatible; ClaudeBot/1.0; +claudebot@anthropic.com)"
216.73.216.166 - - [26/Dec/2025:07:26:40 -0500] "GET /commodity/rss/victory925791464784 HTTP/1.1" 200 12888 "-" "Mozilla/5.0 AppleWebKit/537.36 (KHTML, like Gecko; compatible; ClaudeBot/1.0; +claudebot@anthropic.com)"
216.73.216.166 - - [26/Dec/2025:07:26:41 -0500] "GET /commodity/tar/bob92578716250 HTTP/1.1" 200 12888 "-" "Mozilla/5.0 AppleWebKit/537.36 (KHTML, like Gecko; compatible; ClaudeBot/1.0; +claudebot@anthropic.com)"
216.73.216.166 - - [26/Dec/2025:07:26:41 -0500] "GET /commodity/go/lara92589449246 HTTP/1.1" 200 12888 "-" "Mozilla/5.0 AppleWebKit/537.36 (KHTML, like Gecko; compatible; ClaudeBot/1.0; +claudebot@anthropic.com)"
136.243.228.193 - - [26/Dec/2025:07:26:41 -0500] "GET /?commodity/machinery/convertible92601688260 HTTP/1.1" 200 12888 "-" "Mozilla/5.0 (compatible; DataForSeoBot/1.0; +https://dataforseo.com/dataforseo-bot)"
216.73.216.166 - - [26/Dec/2025:07:26:42 -0500] "GET /commodity/duly/madagascar92589402311 HTTP/1.1" 200 12888 "-" "Mozilla/5.0 AppleWebKit/537.36 (KHTML, like Gecko; compatible; ClaudeBot/1.0; +claudebot@anthropic.com)"
216.73.216.166 - - [26/Dec/2025:07:26:42 -0500] "GET /commodity/nuggets/oz925986566384 HTTP/1.1" 200 12888 "-" "Mozilla/5.0 AppleWebKit/537.36 (KHTML, like Gecko; compatible; ClaudeBot/1.0; +claudebot@anthropic.com)"
216.73.216.166 - - [26/Dec/2025:07:26:43 -0500] "GET /commodity/spp/factoring92597033700 HTTP/1.1" 200 12888 "-" "Mozilla/5.0 AppleWebKit/537.36 (KHTML, like Gecko; compatible; ClaudeBot/1.0; +claudebot@anthropic.com)"
216.73.216.166 - - [26/Dec/2025:07:26:43 -0500] "GET /commodity/haul/underneath925889015104 HTTP/1.1" 200 12888 "-" "Mozilla/5.0 AppleWebKit/537.36 (KHTML, like Gecko; compatible; ClaudeBot/1.0; +claudebot@anthropic.com)"
216.73.216.166 - - [26/Dec/2025:07:26:44 -0500] "GET /commodity/thinkpad/writing925888743244 HTTP/1.1" 200 12888 "-" "Mozilla/5.0 AppleWebKit/537.36 (KHTML, like Gecko; compatible; ClaudeBot/1.0; +claudebot@anthropic.com)"
216.73.216.166 - - [26/Dec/2025:07:26:44 -0500] "GET /commodity/ninety/creating926211354690 HTTP/1.1" 200 12888 "-" "Mozilla/5.0 AppleWebKit/537.36 (KHTML, like Gecko; compatible; ClaudeBot/1.0; +claudebot@anthropic.com)"
216.73.216.166 - - [26/Dec/2025:07:26:45 -0500] "GET /commodity/accountable/sutherland925811948171 HTTP/1.1" 200 12888 "-" "Mozilla/5.0 AppleWebKit/537.36 (KHTML, like Gecko; compatible; ClaudeBot/1.0; +claudebot@anthropic.com)"
216.73.216.166 - - [26/Dec/2025:07:26:45 -0500] "GET /commodity/viewpicture/fu92607344086 HTTP/1.1" 200 12888 "-" "Mozilla/5.0 AppleWebKit/537.36 (KHTML, like Gecko; compatible; ClaudeBot/1.0; +claudebot@anthropic.com)"
216.73.216.166 - - [26/Dec/2025:07:26:46 -0500] "GET /commodity/fighters/sibling92607253171 HTTP/1.1" 200 12888 "-" "Mozilla/5.0 AppleWebKit/537.36 (KHTML, like Gecko; compatible; ClaudeBot/1.0; +claudebot@anthropic.com)"
136.243.228.193 - - [26/Dec/2025:07:26:46 -0500] "GET /?commodity/competitor/epa92604361587 HTTP/1.1" 200 12888 "-" "Mozilla/5.0 (compatible; DataForSeoBot/1.0; +https://dataforseo.com/dataforseo-bot)"
216.73.216.166 - - [26/Dec/2025:07:26:46 -0500] "GET /commodity/aaa/biking925788593445 HTTP/1.1" 200 12888 "-" "Mozilla/5.0 AppleWebKit/537.36 (KHTML, like Gecko; compatible; ClaudeBot/1.0; +claudebot@anthropic.com)"
216.73.216.166 - - [26/Dec/2025:07:26:47 -0500] "GET /commodity/flyer/chase926092825374 HTTP/1.1" 200 12888 "-" "Mozilla/5.0 AppleWebKit/537.36 (KHTML, like Gecko; compatible; ClaudeBot/1.0; +claudebot@anthropic.com)"
216.73.216.166 - - [26/Dec/2025:07:26:47 -0500] "GET /commodity/directing/insist926110866926 HTTP/1.1" 200 12888 "-" "Mozilla/5.0 AppleWebKit/537.36 (KHTML, like Gecko; compatible; ClaudeBot/1.0; +claudebot@anthropic.com)"
216.73.216.166 - - [26/Dec/2025:07:26:48 -0500] "GET /commodity/cellular/adorable925812347000 HTTP/1.1" 200 12888 "-" "Mozilla/5.0 AppleWebKit/537.36 (KHTML, like Gecko; compatible; ClaudeBot/1.0; +claudebot@anthropic.com)"
216.73.216.166 - - [26/Dec/2025:07:26:48 -0500] "GET /commodity/spill/removing92589520256 HTTP/1.1" 200 12888 "-" "Mozilla/5.0 AppleWebKit/537.36 (KHTML, like Gecko; compatible; ClaudeBot/1.0; +claudebot@anthropic.com)"
216.73.216.166 - - [26/Dec/2025:07:26:49 -0500] "GET /commodity/thames/firearms92589225395 HTTP/1.1" 200 12888 "-" "Mozilla/5.0 AppleWebKit/537.36 (KHTML, like Gecko; compatible; ClaudeBot/1.0; +claudebot@anthropic.com)"
216.73.216.166 - - [26/Dec/2025:07:26:49 -0500] "GET /commodity/roles/cfo925986703184 HTTP/1.1" 200 12888 "-" "Mozilla/5.0 AppleWebKit/537.36 (KHTML, like Gecko; compatible; ClaudeBot/1.0; +claudebot@anthropic.com)"
136.243.228.193 - - [26/Dec/2025:07:26:50 -0500] "GET /?commodity/flatbed/chimney92607390852 HTTP/1.1" 200 12888 "-" "Mozilla/5.0 (compatible; DataForSeoBot/1.0; +https://dataforseo.com/dataforseo-bot)"
216.73.216.166 - - [26/Dec/2025:07:26:50 -0500] "GET /commodity/conversely/abide925788374625 HTTP/1.1" 200 12888 "-" "Mozilla/5.0 AppleWebKit/537.36 (KHTML, like Gecko; compatible; ClaudeBot/1.0; +claudebot@anthropic.com)"
216.73.216.166 - - [26/Dec/2025:07:26:50 -0500] "GET /commodity/cabo/showcase92617841675 HTTP/1.1" 200 12888 "-" "Mozilla/5.0 AppleWebKit/537.36 (KHTML, like Gecko; compatible; ClaudeBot/1.0; +claudebot@anthropic.com)"
216.73.216.166 - - [26/Dec/2025:07:26:51 -0500] "GET /commodity/tulsa/sectors926110618175 HTTP/1.1" 200 12889 "-" "Mozilla/5.0 AppleWebKit/537.36 (KHTML, like Gecko; compatible; ClaudeBot/1.0; +claudebot@anthropic.com)"
146.174.183.29 - - [26/Dec/2025:07:26:50 -0500] "GET /shop/eosinophil/haart87276165027.html HTTP/1.1" 200 14464 "-" "Mozilla/5.0 (Macintosh; Intel Mac OS X 10_6_3) AppleWebKit/535.1 (KHTML, like Gecko) Chrome/13.0.782.32 Safari/535.1"
216.73.216.166 - - [26/Dec/2025:07:26:51 -0500] "GET /commodity/take/provinces925986632330 HTTP/1.1" 200 12888 "-" "Mozilla/5.0 AppleWebKit/537.36 (KHTML, like Gecko; compatible; ClaudeBot/1.0; +claudebot@anthropic.com)"
216.73.216.166 - - [26/Dec/2025:07:26:52 -0500] "GET /commodity/gly/simply92597016738 HTTP/1.1" 200 12888 "-" "Mozilla/5.0 AppleWebKit/537.36 (KHTML, like Gecko; compatible; ClaudeBot/1.0; +claudebot@anthropic.com)"
216.73.216.166 - - [26/Dec/2025:07:26:52 -0500] "GET /commodity/jan/donor92596843491 HTTP/1.1" 200 12888 "-" "Mozilla/5.0 AppleWebKit/537.36 (KHTML, like Gecko; compatible; ClaudeBot/1.0; +claudebot@anthropic.com)"
216.73.216.166 - - [26/Dec/2025:07:26:53 -0500] "GET /commodity/sf/reads92628219675 HTTP/1.1" 200 12888 "-" "Mozilla/5.0 AppleWebKit/537.36 (KHTML, like Gecko; compatible; ClaudeBot/1.0; +claudebot@anthropic.com)"
216.73.216.166 - - [26/Dec/2025:07:26:53 -0500] "GET /commodity/lyric/scan926087327154 HTTP/1.1" 200 12888 "-" "Mozilla/5.0 AppleWebKit/537.36 (KHTML, like Gecko; compatible; ClaudeBot/1.0; +claudebot@anthropic.com)"
136.243.228.193 - - [26/Dec/2025:07:26:54 -0500] "GET /?commodity/confused/analyze92612445247 HTTP/1.1" 200 12888 "-" "Mozilla/5.0 (compatible; DataForSeoBot/1.0; +https://dataforseo.com/dataforseo-bot)"
216.73.216.166 - - [26/Dec/2025:07:26:54 -0500] "GET /commodity/backed/kind926087064507 HTTP/1.1" 200 12888 "-" "Mozilla/5.0 AppleWebKit/537.36 (KHTML, like Gecko; compatible; ClaudeBot/1.0; +claudebot@anthropic.com)"
216.73.216.166 - - [26/Dec/2025:07:26:54 -0500] "GET /commodity/mixture/markers926187491545 HTTP/1.1" 200 12888 "-" "Mozilla/5.0 AppleWebKit/537.36 (KHTML, like Gecko; compatible; ClaudeBot/1.0; +claudebot@anthropic.com)"
216.73.216.166 - - [26/Dec/2025:07:26:55 -0500] "GET /commodity/organize/low92586496175 HTTP/1.1" 200 12888 "-" "Mozilla/5.0 AppleWebKit/537.36 (KHTML, like Gecko; compatible; ClaudeBot/1.0; +claudebot@anthropic.com)"
216.73.216.166 - - [26/Dec/2025:07:26:55 -0500] "GET /commodity/wal/depression926187547507 HTTP/1.1" 200 12888 "-" "Mozilla/5.0 AppleWebKit/537.36 (KHTML, like Gecko; compatible; ClaudeBot/1.0; +claudebot@anthropic.com)"
216.73.216.166 - - [26/Dec/2025:07:26:56 -0500] "GET /commodity/florida/baylor926087219007 HTTP/1.1" 200 12888 "-" "Mozilla/5.0 AppleWebKit/537.36 (KHTML, like Gecko; compatible; ClaudeBot/1.0; +claudebot@anthropic.com)"
216.73.216.166 - - [26/Dec/2025:07:26:56 -0500] "GET /commodity/facesitting/sources92607636325 HTTP/1.1" 200 12888 "-" "Mozilla/5.0 AppleWebKit/537.36 (KHTML, like Gecko; compatible; ClaudeBot/1.0; +claudebot@anthropic.com)"
216.73.216.166 - - [26/Dec/2025:07:26:57 -0500] "GET /commodity/developmental/ordinances92607211240 HTTP/1.1" 200 12888 "-" "Mozilla/5.0 AppleWebKit/537.36 (KHTML, like Gecko; compatible; ClaudeBot/1.0; +claudebot@anthropic.com)"
136.243.228.193 - - [26/Dec/2025:07:26:57 -0500] "GET /?commodity/harrington/hebrew92594103953 HTTP/1.1" 200 12888 "-" "Mozilla/5.0 (compatible; DataForSeoBot/1.0; +https://dataforseo.com/dataforseo-bot)"
216.73.216.166 - - [26/Dec/2025:07:26:57 -0500] "GET /commodity/ornamental/subscribe92597116236 HTTP/1.1" 200 12888 "-" "Mozilla/5.0 AppleWebKit/537.36 (KHTML, like Gecko; compatible; ClaudeBot/1.0; +claudebot@anthropic.com)"
216.73.216.166 - - [26/Dec/2025:07:26:58 -0500] "GET /commodity/tracks/tos92597029446 HTTP/1.1" 200 12888 "-" "Mozilla/5.0 AppleWebKit/537.36 (KHTML, like Gecko; compatible; ClaudeBot/1.0; +claudebot@anthropic.com)"
216.73.216.166 - - [26/Dec/2025:07:26:58 -0500] "GET /commodity/missiles/payment92586456338 HTTP/1.1" 200 12888 "-" "Mozilla/5.0 AppleWebKit/537.36 (KHTML, like Gecko; compatible; ClaudeBot/1.0; +claudebot@anthropic.com)"
216.73.216.166 - - [26/Dec/2025:07:26:59 -0500] "GET /commodity/cleavage/emails925811917238 HTTP/1.1" 200 12888 "-" "Mozilla/5.0 AppleWebKit/537.36 (KHTML, like Gecko; compatible; ClaudeBot/1.0; +claudebot@anthropic.com)"
216.73.216.166 - - [26/Dec/2025:07:26:59 -0500] "GET /commodity/vibration/shareware925912616475 HTTP/1.1" 200 12888 "-" "Mozilla/5.0 AppleWebKit/537.36 (KHTML, like Gecko; compatible; ClaudeBot/1.0; +claudebot@anthropic.com)"
114.119.159.19 - - [26/Dec/2025:07:26:59 -0500] "GET /commodity/span/example925751686963 HTTP/1.1" 200 14464 "https://pandaexpressketo.com/sitemap890.xml" "Mozilla/5.0 (Linux; Android 7.0;) AppleWebKit/537.36 (KHTML, like Gecko) Mobile Safari/537.36 (compatible; PetalBot;+https://webmaster.petalsearch.com/site/petalbot)"
216.73.216.166 - - [26/Dec/2025:07:27:00 -0500] "GET /commodity/sensor/unfair926187753580 HTTP/1.1" 200 12888 "-" "Mozilla/5.0 AppleWebKit/537.36 (KHTML, like Gecko; compatible; ClaudeBot/1.0; +claudebot@anthropic.com)"
216.73.216.166 - - [26/Dec/2025:07:27:00 -0500] "GET /commodity/torah/collier925989221207 HTTP/1.1" 200 12888 "-" "Mozilla/5.0 AppleWebKit/537.36 (KHTML, like Gecko; compatible; ClaudeBot/1.0; +claudebot@anthropic.com)"
216.73.216.166 - - [26/Dec/2025:07:27:01 -0500] "GET /commodity/neighbors/vb92599600011 HTTP/1.1" 200 12888 "-" "Mozilla/5.0 AppleWebKit/537.36 (KHTML, like Gecko; compatible; ClaudeBot/1.0; +claudebot@anthropic.com)"
216.73.216.166 - - [26/Dec/2025:07:27:01 -0500] "GET /commodity/fingerprint/murphy925791226809 HTTP/1.1" 200 12888 "-" "Mozilla/5.0 AppleWebKit/537.36 (KHTML, like Gecko; compatible; ClaudeBot/1.0; +claudebot@anthropic.com)"
136.243.228.193 - - [26/Dec/2025:07:27:01 -0500] "GET /?commodity/memberlistmemberlist/ph92573001510 HTTP/1.1" 200 12888 "-" "Mozilla/5.0 (compatible; DataForSeoBot/1.0; +https://dataforseo.com/dataforseo-bot)"
216.73.216.166 - - [26/Dec/2025:07:27:02 -0500] "GET /commodity/ecc/disputed925912389738 HTTP/1.1" 200 12888 "-" "Mozilla/5.0 AppleWebKit/537.36 (KHTML, like Gecko; compatible; ClaudeBot/1.0; +claudebot@anthropic.com)"
216.73.216.166 - - [26/Dec/2025:07:27:02 -0500] "GET /commodity/rainy/vhs925888904632 HTTP/1.1" 200 12888 "-" "Mozilla/5.0 AppleWebKit/537.36 (KHTML, like Gecko; compatible; ClaudeBot/1.0; +claudebot@anthropic.com)"
216.73.216.166 - - [26/Dec/2025:07:27:03 -0500] "GET /commodity/donation/opposed92628340686 HTTP/1.1" 200 12888 "-" "Mozilla/5.0 AppleWebKit/537.36 (KHTML, like Gecko; compatible; ClaudeBot/1.0; +claudebot@anthropic.com)"
216.73.216.166 - - [26/Dec/2025:07:27:03 -0500] "GET /commodity/pass/fruit926110876265 HTTP/1.1" 200 12888 "-" "Mozilla/5.0 AppleWebKit/537.36 (KHTML, like Gecko; compatible; ClaudeBot/1.0; +claudebot@anthropic.com)"
216.73.216.166 - - [26/Dec/2025:07:27:04 -0500] "GET /commodity/breakthrough/jeep92617801880 HTTP/1.1" 200 12888 "-" "Mozilla/5.0 AppleWebKit/537.36 (KHTML, like Gecko; compatible; ClaudeBot/1.0; +claudebot@anthropic.com)"
216.73.216.166 - - [26/Dec/2025:07:27:04 -0500] "GET /commodity/ps/piano925912475646 HTTP/1.1" 200 12888 "-" "Mozilla/5.0 AppleWebKit/537.36 (KHTML, like Gecko; compatible; ClaudeBot/1.0; +claudebot@anthropic.com)"
216.73.216.166 - - [26/Dec/2025:07:27:05 -0500] "GET /commodity/aspirations/pro926087264019 HTTP/1.1" 200 12888 "-" "Mozilla/5.0 AppleWebKit/537.36 (KHTML, like Gecko; compatible; ClaudeBot/1.0; +claudebot@anthropic.com)"
136.243.228.193 - - [26/Dec/2025:07:27:05 -0500] "GET /?commodity/draper/pour92604661527 HTTP/1.1" 200 12888 "-" "Mozilla/5.0 (compatible; DataForSeoBot/1.0; +https://dataforseo.com/dataforseo-bot)"
216.73.216.166 - - [26/Dec/2025:07:27:05 -0500] "GET /commodity/spider/rational925888850260 HTTP/1.1" 200 12888 "-" "Mozilla/5.0 AppleWebKit/537.36 (KHTML, like Gecko; compatible; ClaudeBot/1.0; +claudebot@anthropic.com)"
216.73.216.166 - - [26/Dec/2025:07:27:06 -0500] "GET /commodity/dependence/paying92607478870 HTTP/1.1" 200 12888 "-" "Mozilla/5.0 AppleWebKit/537.36 (KHTML, like Gecko; compatible; ClaudeBot/1.0; +claudebot@anthropic.com)"
216.73.216.166 - - [26/Dec/2025:07:27:06 -0500] "GET /commodity/becoming/undergoing926190356719 HTTP/1.1" 200 12888 "-" "Mozilla/5.0 AppleWebKit/537.36 (KHTML, like Gecko; compatible; ClaudeBot/1.0; +claudebot@anthropic.com)"
216.73.216.166 - - [26/Dec/2025:07:27:07 -0500] "GET /commodity/casa/electronically926110563788 HTTP/1.1" 200 12888 "-" "Mozilla/5.0 AppleWebKit/537.36 (KHTML, like Gecko; compatible; ClaudeBot/1.0; +claudebot@anthropic.com)"
216.73.216.166 - - [26/Dec/2025:07:27:07 -0500] "GET /commodity/polarization/evaluations92607504550 HTTP/1.1" 200 12888 "-" "Mozilla/5.0 AppleWebKit/537.36 (KHTML, like Gecko; compatible; ClaudeBot/1.0; +claudebot@anthropic.com)"
216.73.216.166 - - [26/Dec/2025:07:27:08 -0500] "GET /commodity/pedals/broadcasts925788536124 HTTP/1.1" 200 12888 "-" "Mozilla/5.0 AppleWebKit/537.36 (KHTML, like Gecko; compatible; ClaudeBot/1.0; +claudebot@anthropic.com)"
216.73.216.166 - - [26/Dec/2025:07:27:08 -0500] "GET /commodity/con/laboratory92596917990 HTTP/1.1" 200 12888 "-" "Mozilla/5.0 AppleWebKit/537.36 (KHTML, like Gecko; compatible; ClaudeBot/1.0; +claudebot@anthropic.com)"
216.73.216.166 - - [26/Dec/2025:07:27:09 -0500] "GET /commodity/campgrounds/proquest925992378515 HTTP/1.1" 200 12888 "-" "Mozilla/5.0 AppleWebKit/537.36 (KHTML, like Gecko; compatible; ClaudeBot/1.0; +claudebot@anthropic.com)"
216.73.216.166 - - [26/Dec/2025:07:27:09 -0500] "GET /commodity/attn/texture926010261715 HTTP/1.1" 200 12888 "-" "Mozilla/5.0 AppleWebKit/537.36 (KHTML, like Gecko; compatible; ClaudeBot/1.0; +claudebot@anthropic.com)"
136.243.228.193 - - [26/Dec/2025:07:27:10 -0500] "GET /?commodity/abn/elements92612180437 HTTP/1.1" 200 12888 "-" "Mozilla/5.0 (compatible; DataForSeoBot/1.0; +https://dataforseo.com/dataforseo-bot)"
