216.73.216.166 - - [26/Dec/2025:07:34:42 -0500] "GET /commodity/atreyu/auto926010154239 HTTP/1.1" 200 12888 "-" "Mozilla/5.0 AppleWebKit/537.36 (KHTML, like Gecko; compatible; ClaudeBot/1.0; +claudebot@anthropic.com)"
216.73.216.166 - - [26/Dec/2025:07:34:43 -0500] "GET /shop/outlying/admissible86263146173.html HTTP/1.1" 200 12888 "-" "Mozilla/5.0 AppleWebKit/537.36 (KHTML, like Gecko; compatible; ClaudeBot/1.0; +claudebot@anthropic.com)"
216.73.216.166 - - [26/Dec/2025:07:34:43 -0500] "GET /commodity/casualty/states92586256181 HTTP/1.1" 200 12888 "-" "Mozilla/5.0 AppleWebKit/537.36 (KHTML, like Gecko; compatible; ClaudeBot/1.0; +claudebot@anthropic.com)"
216.73.216.166 - - [26/Dec/2025:07:34:44 -0500] "GET /commodity/gratuite/enactment92618051585 HTTP/1.1" 200 12888 "-" "Mozilla/5.0 AppleWebKit/537.36 (KHTML, like Gecko; compatible; ClaudeBot/1.0; +claudebot@anthropic.com)"
216.73.216.166 - - [26/Dec/2025:07:34:44 -0500] "GET /commodity/users/incorporate92622506169 HTTP/1.1" 200 12888 "-" "Mozilla/5.0 AppleWebKit/537.36 (KHTML, like Gecko; compatible; ClaudeBot/1.0; +claudebot@anthropic.com)"
216.73.216.166 - - [26/Dec/2025:07:34:45 -0500] "GET /commodity/evelyn/laundering926210992223 HTTP/1.1" 200 12888 "-" "Mozilla/5.0 AppleWebKit/537.36 (KHTML, like Gecko; compatible; ClaudeBot/1.0; +claudebot@anthropic.com)"
216.73.216.166 - - [26/Dec/2025:07:34:45 -0500] "GET /commodity/symbian/scaled92618029211 HTTP/1.1" 200 12888 "-" "Mozilla/5.0 AppleWebKit/537.36 (KHTML, like Gecko; compatible; ClaudeBot/1.0; +claudebot@anthropic.com)"
136.243.228.193 - - [26/Dec/2025:07:34:46 -0500] "GET /?commodity/yeast/initials92575735782 HTTP/1.1" 200 12888 "-" "Mozilla/5.0 (compatible; DataForSeoBot/1.0; +https://dataforseo.com/dataforseo-bot)"
216.73.216.166 - - [26/Dec/2025:07:34:46 -0500] "GET /shop/marmaduke/biscuit86263212955.html HTTP/1.1" 200 12888 "-" "Mozilla/5.0 AppleWebKit/537.36 (KHTML, like Gecko; compatible; ClaudeBot/1.0; +claudebot@anthropic.com)"
216.73.216.166 - - [26/Dec/2025:07:34:46 -0500] "GET /commodity/stewart/scars926110652563 HTTP/1.1" 200 12888 "-" "Mozilla/5.0 AppleWebKit/537.36 (KHTML, like Gecko; compatible; ClaudeBot/1.0; +claudebot@anthropic.com)"
216.73.216.166 - - [26/Dec/2025:07:34:47 -0500] "GET /shop/myoglobin/specks6703030880.html HTTP/1.1" 200 12888 "-" "Mozilla/5.0 AppleWebKit/537.36 (KHTML, like Gecko; compatible; ClaudeBot/1.0; +claudebot@anthropic.com)"
216.73.216.166 - - [26/Dec/2025:07:34:47 -0500] "GET /commodity/sailors/mj926190590404 HTTP/1.1" 200 12888 "-" "Mozilla/5.0 AppleWebKit/537.36 (KHTML, like Gecko; compatible; ClaudeBot/1.0; +claudebot@anthropic.com)"
216.73.216.166 - - [26/Dec/2025:07:34:48 -0500] "GET /commodity/ethereal/writer925814753119 HTTP/1.1" 200 12888 "-" "Mozilla/5.0 AppleWebKit/537.36 (KHTML, like Gecko; compatible; ClaudeBot/1.0; +claudebot@anthropic.com)"
216.73.216.166 - - [26/Dec/2025:07:34:48 -0500] "GET /commodity/hz/roommate926013299811 HTTP/1.1" 200 12888 "-" "Mozilla/5.0 AppleWebKit/537.36 (KHTML, like Gecko; compatible; ClaudeBot/1.0; +claudebot@anthropic.com)"
216.73.216.166 - - [26/Dec/2025:07:34:49 -0500] "GET /commodity/fema/powerbook925812126079 HTTP/1.1" 200 12888 "-" "Mozilla/5.0 AppleWebKit/537.36 (KHTML, like Gecko; compatible; ClaudeBot/1.0; +claudebot@anthropic.com)"
216.73.216.166 - - [26/Dec/2025:07:34:49 -0500] "GET /commodity/elena/ariel92594271810 HTTP/1.1" 200 12888 "-" "Mozilla/5.0 AppleWebKit/537.36 (KHTML, like Gecko; compatible; ClaudeBot/1.0; +claudebot@anthropic.com)"
136.243.228.193 - - [26/Dec/2025:07:34:49 -0500] "GET /?commodity/booster/tel92601960063 HTTP/1.1" 200 12888 "-" "Mozilla/5.0 (compatible; DataForSeoBot/1.0; +https://dataforseo.com/dataforseo-bot)"
216.73.216.166 - - [26/Dec/2025:07:34:50 -0500] "GET /commodity/superannuation/friend925992420389 HTTP/1.1" 200 12888 "-" "Mozilla/5.0 AppleWebKit/537.36 (KHTML, like Gecko; compatible; ClaudeBot/1.0; +claudebot@anthropic.com)"
216.73.216.166 - - [26/Dec/2025:07:34:50 -0500] "GET /shop/recruits/navan85570279487.html HTTP/1.1" 200 12888 "-" "Mozilla/5.0 AppleWebKit/537.36 (KHTML, like Gecko; compatible; ClaudeBot/1.0; +claudebot@anthropic.com)"
216.73.216.166 - - [26/Dec/2025:07:34:51 -0500] "GET /shop/merrily/samira8946489003.html HTTP/1.1" 200 12888 "-" "Mozilla/5.0 AppleWebKit/537.36 (KHTML, like Gecko; compatible; ClaudeBot/1.0; +claudebot@anthropic.com)"
216.73.216.166 - - [26/Dec/2025:07:34:51 -0500] "GET /shop/prism/littel87276197768.html HTTP/1.1" 200 12888 "-" "Mozilla/5.0 AppleWebKit/537.36 (KHTML, like Gecko; compatible; ClaudeBot/1.0; +claudebot@anthropic.com)"
216.73.216.166 - - [26/Dec/2025:07:34:52 -0500] "GET /shop/rosalia/sheldon85570272104.html HTTP/1.1" 200 12888 "-" "Mozilla/5.0 AppleWebKit/537.36 (KHTML, like Gecko; compatible; ClaudeBot/1.0; +claudebot@anthropic.com)"
216.73.216.166 - - [26/Dec/2025:07:34:52 -0500] "GET /shop/bubbly/eurekalert86263293431.html HTTP/1.1" 200 12888 "-" "Mozilla/5.0 AppleWebKit/537.36 (KHTML, like Gecko; compatible; ClaudeBot/1.0; +claudebot@anthropic.com)"
216.73.216.166 - - [26/Dec/2025:07:34:53 -0500] "GET /shop/gotha/tambor89464263858.html HTTP/1.1" 200 12888 "-" "Mozilla/5.0 AppleWebKit/537.36 (KHTML, like Gecko; compatible; ClaudeBot/1.0; +claudebot@anthropic.com)"
66.249.77.1 - - [26/Dec/2025:07:34:52 -0500] "GET /?commodity/dealers/mud92601548016 HTTP/1.1" 200 29123 "-" "Mozilla/5.0 (Linux; Android 6.0.1; Nexus 5X Build/MMB29P) AppleWebKit/537.36 (KHTML, like Gecko) Chrome/141.0.7390.122 Mobile Safari/537.36 (compatible; Googlebot/2.1; +http://www.google.com/bot.html)"
216.73.216.166 - - [26/Dec/2025:07:34:53 -0500] "GET /shop/renaisance/preclude89464219532.html HTTP/1.1" 200 12888 "-" "Mozilla/5.0 AppleWebKit/537.36 (KHTML, like Gecko; compatible; ClaudeBot/1.0; +claudebot@anthropic.com)"
136.243.228.193 - - [26/Dec/2025:07:34:53 -0500] "GET /?commodity/denny/adventure92583719887 HTTP/1.1" 200 12888 "-" "Mozilla/5.0 (compatible; DataForSeoBot/1.0; +https://dataforseo.com/dataforseo-bot)"
216.73.216.166 - - [26/Dec/2025:07:34:54 -0500] "GET /shop/tealight/compresses67030105287.html HTTP/1.1" 200 12888 "-" "Mozilla/5.0 AppleWebKit/537.36 (KHTML, like Gecko; compatible; ClaudeBot/1.0; +claudebot@anthropic.com)"
216.73.216.166 - - [26/Dec/2025:07:34:54 -0500] "GET /shop/levies/lasik8946455107.html HTTP/1.1" 200 12888 "-" "Mozilla/5.0 AppleWebKit/537.36 (KHTML, like Gecko; compatible; ClaudeBot/1.0; +claudebot@anthropic.com)"
216.73.216.166 - - [26/Dec/2025:07:34:55 -0500] "GET /shop/mcclendon/yangon8008489724.html HTTP/1.1" 200 12888 "-" "Mozilla/5.0 AppleWebKit/537.36 (KHTML, like Gecko; compatible; ClaudeBot/1.0; +claudebot@anthropic.com)"
216.73.216.166 - - [26/Dec/2025:07:34:55 -0500] "GET /shop/snuggly/sheplers8626382837.html HTTP/1.1" 200 12888 "-" "Mozilla/5.0 AppleWebKit/537.36 (KHTML, like Gecko; compatible; ClaudeBot/1.0; +claudebot@anthropic.com)"
216.244.66.243 - - [26/Dec/2025:07:34:55 -0500] "GET /category/entertainment/ HTTP/1.1" 200 39513 "-" "Mozilla/5.0 (compatible; DotBot/1.2; +https://opensiteexplorer.org/dotbot; help@moz.com)"
216.73.216.166 - - [26/Dec/2025:07:34:56 -0500] "GET /shop/wolters/datewise67030181232.html HTTP/1.1" 200 12888 "-" "Mozilla/5.0 AppleWebKit/537.36 (KHTML, like Gecko; compatible; ClaudeBot/1.0; +claudebot@anthropic.com)"
216.73.216.166 - - [26/Dec/2025:07:34:56 -0500] "GET /shop/mbean/kimber86897295022.html HTTP/1.1" 200 12888 "-" "Mozilla/5.0 AppleWebKit/537.36 (KHTML, like Gecko; compatible; ClaudeBot/1.0; +claudebot@anthropic.com)"
216.73.216.166 - - [26/Dec/2025:07:34:57 -0500] "GET /shop/powerpack/tesoro87276285701.html HTTP/1.1" 200 12888 "-" "Mozilla/5.0 AppleWebKit/537.36 (KHTML, like Gecko; compatible; ClaudeBot/1.0; +claudebot@anthropic.com)"
136.243.228.193 - - [26/Dec/2025:07:34:57 -0500] "GET /?commodity/philadelphia/uncommon92604730998 HTTP/1.1" 200 12888 "-" "Mozilla/5.0 (compatible; DataForSeoBot/1.0; +https://dataforseo.com/dataforseo-bot)"
216.73.216.166 - - [26/Dec/2025:07:34:57 -0500] "GET /commodity/whitman/payout92617693652 HTTP/1.1" 200 12888 "-" "Mozilla/5.0 AppleWebKit/537.36 (KHTML, like Gecko; compatible; ClaudeBot/1.0; +claudebot@anthropic.com)"
216.73.216.166 - - [26/Dec/2025:07:34:58 -0500] "GET /commodity/elec/bylaws92628368925 HTTP/1.1" 200 12888 "-" "Mozilla/5.0 AppleWebKit/537.36 (KHTML, like Gecko; compatible; ClaudeBot/1.0; +claudebot@anthropic.com)"
216.73.216.166 - - [26/Dec/2025:07:34:58 -0500] "GET /commodity/associations/vibrator92622585069 HTTP/1.1" 200 12888 "-" "Mozilla/5.0 AppleWebKit/537.36 (KHTML, like Gecko; compatible; ClaudeBot/1.0; +claudebot@anthropic.com)"
216.73.216.166 - - [26/Dec/2025:07:34:59 -0500] "GET /commodity/lavender/sanctuary92625346905 HTTP/1.1" 200 12888 "-" "Mozilla/5.0 AppleWebKit/537.36 (KHTML, like Gecko; compatible; ClaudeBot/1.0; +claudebot@anthropic.com)"
216.73.216.166 - - [26/Dec/2025:07:34:59 -0500] "GET /commodity/bodies/honors92575963597 HTTP/1.1" 200 12888 "-" "Mozilla/5.0 AppleWebKit/537.36 (KHTML, like Gecko; compatible; ClaudeBot/1.0; +claudebot@anthropic.com)"
216.73.216.166 - - [26/Dec/2025:07:35:00 -0500] "GET /shop/wwwcarmaxcom/strike86263208464.html HTTP/1.1" 200 12888 "-" "Mozilla/5.0 AppleWebKit/537.36 (KHTML, like Gecko; compatible; ClaudeBot/1.0; +claudebot@anthropic.com)"
216.73.216.166 - - [26/Dec/2025:07:35:00 -0500] "GET /shop/there/subcontracted80084104877.html HTTP/1.1" 200 12888 "-" "Mozilla/5.0 AppleWebKit/537.36 (KHTML, like Gecko; compatible; ClaudeBot/1.0; +claudebot@anthropic.com)"
216.73.216.166 - - [26/Dec/2025:07:35:01 -0500] "GET /shop/throbbing/pgatourcom16146190578.html HTTP/1.1" 200 12888 "-" "Mozilla/5.0 AppleWebKit/537.36 (KHTML, like Gecko; compatible; ClaudeBot/1.0; +claudebot@anthropic.com)"
136.243.228.193 - - [26/Dec/2025:07:35:01 -0500] "GET /?commodity/technologies/homepage92615237707 HTTP/1.1" 200 12888 "-" "Mozilla/5.0 (compatible; DataForSeoBot/1.0; +https://dataforseo.com/dataforseo-bot)"
216.73.216.166 - - [26/Dec/2025:07:35:01 -0500] "GET /shop/utopia/briefings67030186789.html HTTP/1.1" 200 12888 "-" "Mozilla/5.0 AppleWebKit/537.36 (KHTML, like Gecko; compatible; ClaudeBot/1.0; +claudebot@anthropic.com)"
216.73.216.166 - - [26/Dec/2025:07:35:02 -0500] "GET /shop/nanowires/vantaa6703045969.html HTTP/1.1" 200 12888 "-" "Mozilla/5.0 AppleWebKit/537.36 (KHTML, like Gecko; compatible; ClaudeBot/1.0; +claudebot@anthropic.com)"
216.73.216.166 - - [26/Dec/2025:07:35:02 -0500] "GET /shop/freeserve/reconciliation89464270673.html HTTP/1.1" 200 12888 "-" "Mozilla/5.0 AppleWebKit/537.36 (KHTML, like Gecko; compatible; ClaudeBot/1.0; +claudebot@anthropic.com)"
216.73.216.166 - - [26/Dec/2025:07:35:03 -0500] "GET /shop/reviled/thanked85570164908.html HTTP/1.1" 200 12888 "-" "Mozilla/5.0 AppleWebKit/537.36 (KHTML, like Gecko; compatible; ClaudeBot/1.0; +claudebot@anthropic.com)"
216.73.216.166 - - [26/Dec/2025:07:35:03 -0500] "GET /shop/metrorail/authorsden89464162833.html HTTP/1.1" 200 12888 "-" "Mozilla/5.0 AppleWebKit/537.36 (KHTML, like Gecko; compatible; ClaudeBot/1.0; +claudebot@anthropic.com)"
216.73.216.166 - - [26/Dec/2025:07:35:04 -0500] "GET /shop/trolled/projectors46740184189.html HTTP/1.1" 200 12888 "-" "Mozilla/5.0 AppleWebKit/537.36 (KHTML, like Gecko; compatible; ClaudeBot/1.0; +claudebot@anthropic.com)"
216.73.216.166 - - [26/Dec/2025:07:35:04 -0500] "GET /shop/jokes/guided16146210433.html HTTP/1.1" 200 12888 "-" "Mozilla/5.0 AppleWebKit/537.36 (KHTML, like Gecko; compatible; ClaudeBot/1.0; +claudebot@anthropic.com)"
216.73.216.166 - - [26/Dec/2025:07:35:05 -0500] "GET /shop/cheeked/prosciutto89464174686.html HTTP/1.1" 200 12888 "-" "Mozilla/5.0 AppleWebKit/537.36 (KHTML, like Gecko; compatible; ClaudeBot/1.0; +claudebot@anthropic.com)"
216.73.216.166 - - [26/Dec/2025:07:35:05 -0500] "GET /shop/proceedings/acharya86263129808.html HTTP/1.1" 200 12888 "-" "Mozilla/5.0 AppleWebKit/537.36 (KHTML, like Gecko; compatible; ClaudeBot/1.0; +claudebot@anthropic.com)"
136.243.228.193 - - [26/Dec/2025:07:35:05 -0500] "GET /?commodity/villages/leverage92583649135 HTTP/1.1" 200 12888 "-" "Mozilla/5.0 (compatible; DataForSeoBot/1.0; +https://dataforseo.com/dataforseo-bot)"
216.73.216.166 - - [26/Dec/2025:07:35:06 -0500] "GET /shop/arguable/irish8008413685.html HTTP/1.1" 200 12888 "-" "Mozilla/5.0 AppleWebKit/537.36 (KHTML, like Gecko; compatible; ClaudeBot/1.0; +claudebot@anthropic.com)"
216.73.216.166 - - [26/Dec/2025:07:35:06 -0500] "GET /shop/notifytopic/inorganic85570152667.html HTTP/1.1" 200 12888 "-" "Mozilla/5.0 AppleWebKit/537.36 (KHTML, like Gecko; compatible; ClaudeBot/1.0; +claudebot@anthropic.com)"
216.73.216.166 - - [26/Dec/2025:07:35:07 -0500] "GET /shop/frederic/gastronomic800845053.html HTTP/1.1" 200 12888 "-" "Mozilla/5.0 AppleWebKit/537.36 (KHTML, like Gecko; compatible; ClaudeBot/1.0; +claudebot@anthropic.com)"
66.249.77.3 - - [26/Dec/2025:07:35:06 -0500] "GET /?commodity/pfizer/authorized92622721530 HTTP/1.1" 200 26429 "-" "Mozilla/5.0 (Linux; Android 6.0.1; Nexus 5X Build/MMB29P) AppleWebKit/537.36 (KHTML, like Gecko) Chrome/141.0.7390.122 Mobile Safari/537.36 (compatible; Googlebot/2.1; +http://www.google.com/bot.html)"
216.73.216.166 - - [26/Dec/2025:07:35:07 -0500] "GET /shop/reenable/censoring86263127739.html HTTP/1.1" 200 12888 "-" "Mozilla/5.0 AppleWebKit/537.36 (KHTML, like Gecko; compatible; ClaudeBot/1.0; +claudebot@anthropic.com)"
216.73.216.166 - - [26/Dec/2025:07:35:08 -0500] "GET /shop/design/plaid8626380236.html HTTP/1.1" 200 12888 "-" "Mozilla/5.0 AppleWebKit/537.36 (KHTML, like Gecko; compatible; ClaudeBot/1.0; +claudebot@anthropic.com)"
216.73.216.166 - - [26/Dec/2025:07:35:08 -0500] "GET /commodity/warranted/liverpool92615222720 HTTP/1.1" 200 12888 "-" "Mozilla/5.0 AppleWebKit/537.36 (KHTML, like Gecko; compatible; ClaudeBot/1.0; +claudebot@anthropic.com)"
216.73.216.166 - - [26/Dec/2025:07:35:09 -0500] "GET /commodity/bells/jarvis92607193717 HTTP/1.1" 200 12888 "-" "Mozilla/5.0 AppleWebKit/537.36 (KHTML, like Gecko; compatible; ClaudeBot/1.0; +claudebot@anthropic.com)"
216.73.216.166 - - [26/Dec/2025:07:35:09 -0500] "GET /commodity/avenue/baghdad925843261295 HTTP/1.1" 200 12888 "-" "Mozilla/5.0 AppleWebKit/537.36 (KHTML, like Gecko; compatible; ClaudeBot/1.0; +claudebot@anthropic.com)"
136.243.228.193 - - [26/Dec/2025:07:35:10 -0500] "GET /?commodity/dolls/silky92617813912 HTTP/1.1" 200 12888 "-" "Mozilla/5.0 (compatible; DataForSeoBot/1.0; +https://dataforseo.com/dataforseo-bot)"
216.73.216.166 - - [26/Dec/2025:07:35:10 -0500] "GET /commodity/telescopes/headphones92625304404 HTTP/1.1" 200 12888 "-" "Mozilla/5.0 AppleWebKit/537.36 (KHTML, like Gecko; compatible; ClaudeBot/1.0; +claudebot@anthropic.com)"
216.73.216.166 - - [26/Dec/2025:07:35:10 -0500] "GET /shop/danube/evidencing46740273240.html HTTP/1.1" 200 12888 "-" "Mozilla/5.0 AppleWebKit/537.36 (KHTML, like Gecko; compatible; ClaudeBot/1.0; +claudebot@anthropic.com)"
216.73.216.166 - - [26/Dec/2025:07:35:11 -0500] "GET /commodity/blogosphere/loved925826306610 HTTP/1.1" 200 12888 "-" "Mozilla/5.0 AppleWebKit/537.36 (KHTML, like Gecko; compatible; ClaudeBot/1.0; +claudebot@anthropic.com)"
216.73.216.166 - - [26/Dec/2025:07:35:11 -0500] "GET /commodity/continent/turbine92599786863 HTTP/1.1" 200 12888 "-" "Mozilla/5.0 AppleWebKit/537.36 (KHTML, like Gecko; compatible; ClaudeBot/1.0; +claudebot@anthropic.com)"
216.73.216.166 - - [26/Dec/2025:07:35:12 -0500] "GET /commodity/appliances/incomplete925711620500 HTTP/1.1" 200 12888 "-" "Mozilla/5.0 AppleWebKit/537.36 (KHTML, like Gecko; compatible; ClaudeBot/1.0; +claudebot@anthropic.com)"
216.73.216.166 - - [26/Dec/2025:07:35:12 -0500] "GET /shop/vixens/seldom85570300974.html HTTP/1.1" 200 12888 "-" "Mozilla/5.0 AppleWebKit/537.36 (KHTML, like Gecko; compatible; ClaudeBot/1.0; +claudebot@anthropic.com)"
216.73.216.166 - - [26/Dec/2025:07:35:13 -0500] "GET /commodity/distance/birmingham925986627539 HTTP/1.1" 200 12888 "-" "Mozilla/5.0 AppleWebKit/537.36 (KHTML, like Gecko; compatible; ClaudeBot/1.0; +claudebot@anthropic.com)"
216.73.216.166 - - [26/Dec/2025:07:35:13 -0500] "GET /commodity/santo/participant926016116103 HTTP/1.1" 200 12888 "-" "Mozilla/5.0 AppleWebKit/537.36 (KHTML, like Gecko; compatible; ClaudeBot/1.0; +claudebot@anthropic.com)"
66.249.77.2 - - [26/Dec/2025:07:35:12 -0500] "GET /?commodity/meaning/regular92612059956 HTTP/1.1" 200 27024 "-" "Mozilla/5.0 (Linux; Android 6.0.1; Nexus 5X Build/MMB29P) AppleWebKit/537.36 (KHTML, like Gecko) Chrome/141.0.7390.122 Mobile Safari/537.36 (compatible; Googlebot/2.1; +http://www.google.com/bot.html)"
136.243.228.193 - - [26/Dec/2025:07:35:13 -0500] "GET /?commodity/background/lawrence92601982785 HTTP/1.1" 200 12888 "-" "Mozilla/5.0 (compatible; DataForSeoBot/1.0; +https://dataforseo.com/dataforseo-bot)"
216.73.216.166 - - [26/Dec/2025:07:35:14 -0500] "GET /shop/sonor/lidia85570257973.html HTTP/1.1" 200 12888 "-" "Mozilla/5.0 AppleWebKit/537.36 (KHTML, like Gecko; compatible; ClaudeBot/1.0; +claudebot@anthropic.com)"
216.73.216.166 - - [26/Dec/2025:07:35:14 -0500] "GET /commodity/badges/kirby925888816570 HTTP/1.1" 200 12888 "-" "Mozilla/5.0 AppleWebKit/537.36 (KHTML, like Gecko; compatible; ClaudeBot/1.0; +claudebot@anthropic.com)"
216.73.216.166 - - [26/Dec/2025:07:35:15 -0500] "GET /shop/layed/mystified8626314081.html HTTP/1.1" 200 12888 "-" "Mozilla/5.0 AppleWebKit/537.36 (KHTML, like Gecko; compatible; ClaudeBot/1.0; +claudebot@anthropic.com)"
216.73.216.166 - - [26/Dec/2025:07:35:15 -0500] "GET /shop/commons/watergate16146237534.html HTTP/1.1" 200 12888 "-" "Mozilla/5.0 AppleWebKit/537.36 (KHTML, like Gecko; compatible; ClaudeBot/1.0; +claudebot@anthropic.com)"
216.73.216.166 - - [26/Dec/2025:07:35:16 -0500] "GET /shop/malfunctions/thiele85570300565.html HTTP/1.1" 200 12888 "-" "Mozilla/5.0 AppleWebKit/537.36 (KHTML, like Gecko; compatible; ClaudeBot/1.0; +claudebot@anthropic.com)"
216.73.216.166 - - [26/Dec/2025:07:35:16 -0500] "GET /commodity/cooker/cpi92615134961 HTTP/1.1" 200 12888 "-" "Mozilla/5.0 AppleWebKit/537.36 (KHTML, like Gecko; compatible; ClaudeBot/1.0; +claudebot@anthropic.com)"
216.73.216.166 - - [26/Dec/2025:07:35:17 -0500] "GET /commodity/colchester/county92622798480 HTTP/1.1" 200 12888 "-" "Mozilla/5.0 AppleWebKit/537.36 (KHTML, like Gecko; compatible; ClaudeBot/1.0; +claudebot@anthropic.com)"
216.73.216.166 - - [26/Dec/2025:07:35:17 -0500] "GET /commodity/nel/stockton926013104413 HTTP/1.1" 200 12888 "-" "Mozilla/5.0 AppleWebKit/537.36 (KHTML, like Gecko; compatible; ClaudeBot/1.0; +claudebot@anthropic.com)"
136.243.228.193 - - [26/Dec/2025:07:35:17 -0500] "GET /?commodity/backs/crust92612214835 HTTP/1.1" 200 12888 "-" "Mozilla/5.0 (compatible; DataForSeoBot/1.0; +https://dataforseo.com/dataforseo-bot)"
216.73.216.166 - - [26/Dec/2025:07:35:18 -0500] "GET /commodity/somalia/affairs925889104232 HTTP/1.1" 200 12888 "-" "Mozilla/5.0 AppleWebKit/537.36 (KHTML, like Gecko; compatible; ClaudeBot/1.0; +claudebot@anthropic.com)"
216.73.216.166 - - [26/Dec/2025:07:35:18 -0500] "GET /commodity/braves/france926211013613 HTTP/1.1" 200 12888 "-" "Mozilla/5.0 AppleWebKit/537.36 (KHTML, like Gecko; compatible; ClaudeBot/1.0; +claudebot@anthropic.com)"
216.73.216.166 - - [26/Dec/2025:07:35:19 -0500] "GET /commodity/goo/sealing92615092496 HTTP/1.1" 200 12888 "-" "Mozilla/5.0 AppleWebKit/537.36 (KHTML, like Gecko; compatible; ClaudeBot/1.0; +claudebot@anthropic.com)"
216.73.216.166 - - [26/Dec/2025:07:35:19 -0500] "GET /commodity/nimh/laugh92612144865 HTTP/1.1" 200 12888 "-" "Mozilla/5.0 AppleWebKit/537.36 (KHTML, like Gecko; compatible; ClaudeBot/1.0; +claudebot@anthropic.com)"
66.249.77.1 - - [26/Dec/2025:07:35:18 -0500] "GET /?commodity/corporation/steroids92622529182 HTTP/1.1" 200 26405 "-" "Mozilla/5.0 (Linux; Android 6.0.1; Nexus 5X Build/MMB29P) AppleWebKit/537.36 (KHTML, like Gecko) Chrome/141.0.7390.122 Mobile Safari/537.36 (compatible; Googlebot/2.1; +http://www.google.com/bot.html)"
216.73.216.166 - - [26/Dec/2025:07:35:20 -0500] "GET /commodity/seats/father92615158333 HTTP/1.1" 200 12888 "-" "Mozilla/5.0 AppleWebKit/537.36 (KHTML, like Gecko; compatible; ClaudeBot/1.0; +claudebot@anthropic.com)"
216.73.216.166 - - [26/Dec/2025:07:35:20 -0500] "GET /commodity/sanchez/ambulance926110724011 HTTP/1.1" 200 12888 "-" "Mozilla/5.0 AppleWebKit/537.36 (KHTML, like Gecko; compatible; ClaudeBot/1.0; +claudebot@anthropic.com)"
216.73.216.166 - - [26/Dec/2025:07:35:21 -0500] "GET /commodity/coats/majesty925728654019 HTTP/1.1" 200 12888 "-" "Mozilla/5.0 AppleWebKit/537.36 (KHTML, like Gecko; compatible; ClaudeBot/1.0; +claudebot@anthropic.com)"
136.243.228.193 - - [26/Dec/2025:07:35:21 -0500] "GET /?commodity/soundtrack/dildos92572963983 HTTP/1.1" 200 12888 "-" "Mozilla/5.0 (compatible; DataForSeoBot/1.0; +https://dataforseo.com/dataforseo-bot)"
216.73.216.166 - - [26/Dec/2025:07:35:21 -0500] "GET /shop/yorks/abruzzo8946420886.html HTTP/1.1" 200 12888 "-" "Mozilla/5.0 AppleWebKit/537.36 (KHTML, like Gecko; compatible; ClaudeBot/1.0; +claudebot@anthropic.com)"
216.73.216.166 - - [26/Dec/2025:07:35:22 -0500] "GET /commodity/cathy/eyewear92617910921 HTTP/1.1" 200 12888 "-" "Mozilla/5.0 AppleWebKit/537.36 (KHTML, like Gecko; compatible; ClaudeBot/1.0; +claudebot@anthropic.com)"
66.249.77.1 - - [26/Dec/2025:07:35:21 -0500] "GET /?commodity/pharmaceutical/priest92612386154 HTTP/1.1" 200 26941 "-" "Mozilla/5.0 (Linux; Android 6.0.1; Nexus 5X Build/MMB29P) AppleWebKit/537.36 (KHTML, like Gecko) Chrome/141.0.7390.122 Mobile Safari/537.36 (compatible; Googlebot/2.1; +http://www.google.com/bot.html)"
114.119.159.19 - - [26/Dec/2025:07:35:22 -0500] "GET /commodity/space/corporation92625297639 HTTP/1.1" 200 14464 "https://pandaexpressketo.com/sitemap786.xml" "Mozilla/5.0 (Linux; Android 7.0;) AppleWebKit/537.36 (KHTML, like Gecko) Mobile Safari/537.36 (compatible; PetalBot;+https://webmaster.petalsearch.com/site/petalbot)"
216.73.216.166 - - [26/Dec/2025:07:35:22 -0500] "GET /commodity/uninsured/geo92573005375 HTTP/1.1" 200 12888 "-" "Mozilla/5.0 AppleWebKit/537.36 (KHTML, like Gecko; compatible; ClaudeBot/1.0; +claudebot@anthropic.com)"
216.73.216.166 - - [26/Dec/2025:07:35:23 -0500] "GET /shop/streptomyces/armbands855703229.html HTTP/1.1" 200 12888 "-" "Mozilla/5.0 AppleWebKit/537.36 (KHTML, like Gecko; compatible; ClaudeBot/1.0; +claudebot@anthropic.com)"
216.73.216.166 - - [26/Dec/2025:07:35:23 -0500] "GET /commodity/taliban/humorous92625510774 HTTP/1.1" 200 12888 "-" "Mozilla/5.0 AppleWebKit/537.36 (KHTML, like Gecko; compatible; ClaudeBot/1.0; +claudebot@anthropic.com)"
216.73.216.166 - - [26/Dec/2025:07:35:24 -0500] "GET /shop/electives/berets44527247483.html HTTP/1.1" 200 12888 "-" "Mozilla/5.0 AppleWebKit/537.36 (KHTML, like Gecko; compatible; ClaudeBot/1.0; +claudebot@anthropic.com)"
216.73.216.166 - - [26/Dec/2025:07:35:24 -0500] "GET /commodity/sailing/vioxx925768649989 HTTP/1.1" 200 12888 "-" "Mozilla/5.0 AppleWebKit/537.36 (KHTML, like Gecko; compatible; ClaudeBot/1.0; +claudebot@anthropic.com)"
216.73.216.166 - - [26/Dec/2025:07:35:25 -0500] "GET /commodity/distinguished/montenegro926293550403 HTTP/1.1" 200 12888 "-" "Mozilla/5.0 AppleWebKit/537.36 (KHTML, like Gecko; compatible; ClaudeBot/1.0; +claudebot@anthropic.com)"
216.73.216.166 - - [26/Dec/2025:07:35:25 -0500] "GET /commodity/differential/advertise925992161039 HTTP/1.1" 200 12888 "-" "Mozilla/5.0 AppleWebKit/537.36 (KHTML, like Gecko; compatible; ClaudeBot/1.0; +claudebot@anthropic.com)"
202.76.185.65 - - [26/Dec/2025:07:35:25 -0500] "GET /shop/ivoire/message87276254053.html HTTP/1.1" 200 14464 "-" "Mozilla/5.0 (X11; Linux x86_64) AppleWebKit/535.11 (KHTML, like Gecko) Chrome/17.0.963.66 Safari/535.11"
136.243.228.193 - - [26/Dec/2025:07:35:25 -0500] "GET /?commodity/octave/vampires92573077887 HTTP/1.1" 200 12888 "-" "Mozilla/5.0 (compatible; DataForSeoBot/1.0; +https://dataforseo.com/dataforseo-bot)"
216.73.216.166 - - [26/Dec/2025:07:35:26 -0500] "GET /commodity/photograph/echo925832122868 HTTP/1.1" 200 12888 "-" "Mozilla/5.0 AppleWebKit/537.36 (KHTML, like Gecko; compatible; ClaudeBot/1.0; +claudebot@anthropic.com)"
216.73.216.166 - - [26/Dec/2025:07:35:26 -0500] "GET /commodity/carlo/burma92612170031 HTTP/1.1" 200 12888 "-" "Mozilla/5.0 AppleWebKit/537.36 (KHTML, like Gecko; compatible; ClaudeBot/1.0; +claudebot@anthropic.com)"
216.73.216.166 - - [26/Dec/2025:07:35:27 -0500] "GET /commodity/woodlands/della925889093030 HTTP/1.1" 200 12888 "-" "Mozilla/5.0 AppleWebKit/537.36 (KHTML, like Gecko; compatible; ClaudeBot/1.0; +claudebot@anthropic.com)"
216.73.216.166 - - [26/Dec/2025:07:35:27 -0500] "GET /commodity/iis/liberation926010444832 HTTP/1.1" 200 12888 "-" "Mozilla/5.0 AppleWebKit/537.36 (KHTML, like Gecko; compatible; ClaudeBot/1.0; +claudebot@anthropic.com)"
216.73.216.166 - - [26/Dec/2025:07:35:28 -0500] "GET /commodity/insurers/precinct92612273910 HTTP/1.1" 200 12888 "-" "Mozilla/5.0 AppleWebKit/537.36 (KHTML, like Gecko; compatible; ClaudeBot/1.0; +claudebot@anthropic.com)"
66.249.77.1 - - [26/Dec/2025:07:35:27 -0500] "GET /?commodity/compaq/yen92622487530 HTTP/1.1" 200 26293 "-" "Mozilla/5.0 (Linux; Android 6.0.1; Nexus 5X Build/MMB29P) AppleWebKit/537.36 (KHTML, like Gecko) Chrome/141.0.7390.122 Mobile Safari/537.36 (compatible; Googlebot/2.1; +http://www.google.com/bot.html)"
216.73.216.166 - - [26/Dec/2025:07:35:28 -0500] "GET /commodity/expenditures/transvestite92622689090 HTTP/1.1" 200 12888 "-" "Mozilla/5.0 AppleWebKit/537.36 (KHTML, like Gecko; compatible; ClaudeBot/1.0; +claudebot@anthropic.com)"
216.73.216.166 - - [26/Dec/2025:07:35:29 -0500] "GET /commodity/helium/hays926015869014 HTTP/1.1" 200 12888 "-" "Mozilla/5.0 AppleWebKit/537.36 (KHTML, like Gecko; compatible; ClaudeBot/1.0; +claudebot@anthropic.com)"
136.243.228.193 - - [26/Dec/2025:07:35:29 -0500] "GET /?commodity/reactor/entirely92612343043 HTTP/1.1" 200 12888 "-" "Mozilla/5.0 (compatible; DataForSeoBot/1.0; +https://dataforseo.com/dataforseo-bot)"
216.73.216.166 - - [26/Dec/2025:07:35:29 -0500] "GET /commodity/emeritus/kerr926067291289 HTTP/1.1" 200 12888 "-" "Mozilla/5.0 AppleWebKit/537.36 (KHTML, like Gecko; compatible; ClaudeBot/1.0; +claudebot@anthropic.com)"
216.73.216.166 - - [26/Dec/2025:07:35:30 -0500] "GET /commodity/landing/nigeria925768601377 HTTP/1.1" 200 12888 "-" "Mozilla/5.0 AppleWebKit/537.36 (KHTML, like Gecko; compatible; ClaudeBot/1.0; +claudebot@anthropic.com)"
216.73.216.166 - - [26/Dec/2025:07:35:30 -0500] "GET /commodity/barcelona/morton92591411010 HTTP/1.1" 200 12888 "-" "Mozilla/5.0 AppleWebKit/537.36 (KHTML, like Gecko; compatible; ClaudeBot/1.0; +claudebot@anthropic.com)"
66.249.77.1 - - [26/Dec/2025:07:35:29 -0500] "GET /?commodity/seeker/rammstein92601831882 HTTP/1.1" 200 25990 "-" "Mozilla/5.0 (Linux; Android 6.0.1; Nexus 5X Build/MMB29P) AppleWebKit/537.36 (KHTML, like Gecko) Chrome/141.0.7390.122 Mobile Safari/537.36 (compatible; Googlebot/2.1; +http://www.google.com/bot.html)"
216.73.216.166 - - [26/Dec/2025:07:35:31 -0500] "GET /commodity/recreational/modern926010054901 HTTP/1.1" 200 12888 "-" "Mozilla/5.0 AppleWebKit/537.36 (KHTML, like Gecko; compatible; ClaudeBot/1.0; +claudebot@anthropic.com)"
216.73.216.166 - - [26/Dec/2025:07:35:31 -0500] "GET /commodity/florist/grower92589532623 HTTP/1.1" 200 12888 "-" "Mozilla/5.0 AppleWebKit/537.36 (KHTML, like Gecko; compatible; ClaudeBot/1.0; +claudebot@anthropic.com)"
216.73.216.166 - - [26/Dec/2025:07:35:32 -0500] "GET /commodity/sociology/dish926110916366 HTTP/1.1" 200 12888 "-" "Mozilla/5.0 AppleWebKit/537.36 (KHTML, like Gecko; compatible; ClaudeBot/1.0; +claudebot@anthropic.com)"
216.73.216.166 - - [26/Dec/2025:07:35:32 -0500] "GET /shop/speedily/thorsten8727625544.html HTTP/1.1" 200 12888 "-" "Mozilla/5.0 AppleWebKit/537.36 (KHTML, like Gecko; compatible; ClaudeBot/1.0; +claudebot@anthropic.com)"
216.73.216.166 - - [26/Dec/2025:07:35:33 -0500] "GET /shop/anglaise/insensitivity86897271921.html HTTP/1.1" 200 12888 "-" "Mozilla/5.0 AppleWebKit/537.36 (KHTML, like Gecko; compatible; ClaudeBot/1.0; +claudebot@anthropic.com)"
136.243.228.193 - - [26/Dec/2025:07:35:33 -0500] "GET /?commodity/pagan/jovi92583630028 HTTP/1.1" 200 12888 "-" "Mozilla/5.0 (compatible; DataForSeoBot/1.0; +https://dataforseo.com/dataforseo-bot)"
216.73.216.166 - - [26/Dec/2025:07:35:33 -0500] "GET /shop/shiny/exchange8946416398.html HTTP/1.1" 200 12888 "-" "Mozilla/5.0 AppleWebKit/537.36 (KHTML, like Gecko; compatible; ClaudeBot/1.0; +claudebot@anthropic.com)"
216.73.216.166 - - [26/Dec/2025:07:35:34 -0500] "GET /shop/bitzi/microcredit8626344695.html HTTP/1.1" 200 12888 "-" "Mozilla/5.0 AppleWebKit/537.36 (KHTML, like Gecko; compatible; ClaudeBot/1.0; +claudebot@anthropic.com)"
216.73.216.166 - - [26/Dec/2025:07:35:34 -0500] "GET /shop/teensex/zillions85570145853.html HTTP/1.1" 200 12888 "-" "Mozilla/5.0 AppleWebKit/537.36 (KHTML, like Gecko; compatible; ClaudeBot/1.0; +claudebot@anthropic.com)"
216.73.216.166 - - [26/Dec/2025:07:35:35 -0500] "GET /shop/erator/phytochemicals4452719655.html HTTP/1.1" 200 12888 "-" "Mozilla/5.0 AppleWebKit/537.36 (KHTML, like Gecko; compatible; ClaudeBot/1.0; +claudebot@anthropic.com)"
216.73.216.166 - - [26/Dec/2025:07:35:35 -0500] "GET /shop/seriwsy/andersons86897191444.html HTTP/1.1" 200 12888 "-" "Mozilla/5.0 AppleWebKit/537.36 (KHTML, like Gecko; compatible; ClaudeBot/1.0; +claudebot@anthropic.com)"
216.73.216.166 - - [26/Dec/2025:07:35:36 -0500] "GET /shop/warburton/tapping8689794726.html HTTP/1.1" 200 12888 "-" "Mozilla/5.0 AppleWebKit/537.36 (KHTML, like Gecko; compatible; ClaudeBot/1.0; +claudebot@anthropic.com)"
216.73.216.166 - - [26/Dec/2025:07:35:36 -0500] "GET /shop/avril/webtrends8557026238.html HTTP/1.1" 200 12888 "-" "Mozilla/5.0 AppleWebKit/537.36 (KHTML, like Gecko; compatible; ClaudeBot/1.0; +claudebot@anthropic.com)"
216.73.216.166 - - [26/Dec/2025:07:35:37 -0500] "GET /shop/escrituras/asides89464266540.html HTTP/1.1" 200 12888 "-" "Mozilla/5.0 AppleWebKit/537.36 (KHTML, like Gecko; compatible; ClaudeBot/1.0; +claudebot@anthropic.com)"
216.73.216.166 - - [26/Dec/2025:07:35:37 -0500] "GET /shop/schulze/punks16146280860.html HTTP/1.1" 200 12888 "-" "Mozilla/5.0 AppleWebKit/537.36 (KHTML, like Gecko; compatible; ClaudeBot/1.0; +claudebot@anthropic.com)"
136.243.228.193 - - [26/Dec/2025:07:35:37 -0500] "GET /?commodity/norton/llp92597164307 HTTP/1.1" 200 12888 "-" "Mozilla/5.0 (compatible; DataForSeoBot/1.0; +https://dataforseo.com/dataforseo-bot)"
216.73.216.166 - - [26/Dec/2025:07:35:38 -0500] "GET /?i=3665904adj777 HTTP/1.1" 200 12888 "-" "Mozilla/5.0 AppleWebKit/537.36 (KHTML, like Gecko; compatible; ClaudeBot/1.0; +claudebot@anthropic.com)"
216.73.216.166 - - [26/Dec/2025:07:35:38 -0500] "GET /shop/mitten/kritik8557065794.html HTTP/1.1" 200 12888 "-" "Mozilla/5.0 AppleWebKit/537.36 (KHTML, like Gecko; compatible; ClaudeBot/1.0; +claudebot@anthropic.com)"
216.73.216.166 - - [26/Dec/2025:07:35:39 -0500] "GET /shop/tadalafil/rezoning44527161908.html HTTP/1.1" 200 12888 "-" "Mozilla/5.0 AppleWebKit/537.36 (KHTML, like Gecko; compatible; ClaudeBot/1.0; +claudebot@anthropic.com)"
216.73.216.166 - - [26/Dec/2025:07:35:39 -0500] "GET /shop/interbase/lsassexe89464302183.html HTTP/1.1" 200 12888 "-" "Mozilla/5.0 AppleWebKit/537.36 (KHTML, like Gecko; compatible; ClaudeBot/1.0; +claudebot@anthropic.com)"
216.73.216.166 - - [26/Dec/2025:07:35:40 -0500] "GET /shop/overestimated/convertable87276209277.html HTTP/1.1" 200 12888 "-" "Mozilla/5.0 AppleWebKit/537.36 (KHTML, like Gecko; compatible; ClaudeBot/1.0; +claudebot@anthropic.com)"
216.73.216.166 - - [26/Dec/2025:07:35:40 -0500] "GET /shop/zemanova/smallest85570268699.html HTTP/1.1" 200 12888 "-" "Mozilla/5.0 AppleWebKit/537.36 (KHTML, like Gecko; compatible; ClaudeBot/1.0; +claudebot@anthropic.com)"
216.73.216.166 - - [26/Dec/2025:07:35:41 -0500] "GET /shop/hotlog/hickson87276289253.html HTTP/1.1" 200 12888 "-" "Mozilla/5.0 AppleWebKit/537.36 (KHTML, like Gecko; compatible; ClaudeBot/1.0; +claudebot@anthropic.com)"
136.243.228.193 - - [26/Dec/2025:07:35:41 -0500] "GET /?commodity/establishments/sy92601832992 HTTP/1.1" 200 12888 "-" "Mozilla/5.0 (compatible; DataForSeoBot/1.0; +https://dataforseo.com/dataforseo-bot)"
216.73.216.166 - - [26/Dec/2025:07:35:41 -0500] "GET /shop/piteous/genie86263260041.html HTTP/1.1" 200 12888 "-" "Mozilla/5.0 AppleWebKit/537.36 (KHTML, like Gecko; compatible; ClaudeBot/1.0; +claudebot@anthropic.com)"
216.73.216.166 - - [26/Dec/2025:07:35:42 -0500] "GET /shop/unionized/curved67030191014.html HTTP/1.1" 200 12888 "-" "Mozilla/5.0 AppleWebKit/537.36 (KHTML, like Gecko; compatible; ClaudeBot/1.0; +claudebot@anthropic.com)"
216.73.216.166 - - [26/Dec/2025:07:35:42 -0500] "GET /shop/replenishing/unflattering86263160656.html HTTP/1.1" 200 12888 "-" "Mozilla/5.0 AppleWebKit/537.36 (KHTML, like Gecko; compatible; ClaudeBot/1.0; +claudebot@anthropic.com)"
216.73.216.166 - - [26/Dec/2025:07:35:43 -0500] "GET /shop/suspenders/champlain16146211366.html HTTP/1.1" 200 12888 "-" "Mozilla/5.0 AppleWebKit/537.36 (KHTML, like Gecko; compatible; ClaudeBot/1.0; +claudebot@anthropic.com)"
216.73.216.166 - - [26/Dec/2025:07:35:43 -0500] "GET /shop/spreading/infringed8008440567.html HTTP/1.1" 200 12888 "-" "Mozilla/5.0 AppleWebKit/537.36 (KHTML, like Gecko; compatible; ClaudeBot/1.0; +claudebot@anthropic.com)"
216.73.216.166 - - [26/Dec/2025:07:35:44 -0500] "GET /shop/maggiemuffet/pails85570201956.html HTTP/1.1" 200 12888 "-" "Mozilla/5.0 AppleWebKit/537.36 (KHTML, like Gecko; compatible; ClaudeBot/1.0; +claudebot@anthropic.com)"
216.73.216.166 - - [26/Dec/2025:07:35:44 -0500] "GET /shop/stressing/harney67030213517.html HTTP/1.1" 200 12888 "-" "Mozilla/5.0 AppleWebKit/537.36 (KHTML, like Gecko; compatible; ClaudeBot/1.0; +claudebot@anthropic.com)"
66.249.77.1 - - [26/Dec/2025:07:35:44 -0500] "GET /product/92622586300?srsltid=AfmBOorYiAJg0Lbejib4_PljIhnedxKIEqQOvnrv4kAZHhF1B2wlCUu7 HTTP/1.1" 200 26942 "-" "Mozilla/5.0 (Linux; Android 6.0.1; Nexus 5X Build/MMB29P) AppleWebKit/537.36 (KHTML, like Gecko) Chrome/141.0.7390.122 Mobile Safari/537.36 (compatible; Googlebot/2.1; +http://www.google.com/bot.html)"
216.73.216.166 - - [26/Dec/2025:07:35:45 -0500] "GET /shop/armed/lowball86897231666.html HTTP/1.1" 200 12888 "-" "Mozilla/5.0 AppleWebKit/537.36 (KHTML, like Gecko; compatible; ClaudeBot/1.0; +claudebot@anthropic.com)"
216.73.216.166 - - [26/Dec/2025:07:35:45 -0500] "GET /shop/falsetto/pleasuring44527125791.html HTTP/1.1" 200 12888 "-" "Mozilla/5.0 AppleWebKit/537.36 (KHTML, like Gecko; compatible; ClaudeBot/1.0; +claudebot@anthropic.com)"
136.243.228.193 - - [26/Dec/2025:07:35:45 -0500] "GET /?commodity/prostores/royal92583739372 HTTP/1.1" 200 12888 "-" "Mozilla/5.0 (compatible; DataForSeoBot/1.0; +https://dataforseo.com/dataforseo-bot)"
216.73.216.166 - - [26/Dec/2025:07:35:46 -0500] "GET /shop/pangs/belleview89464143150.html HTTP/1.1" 200 12888 "-" "Mozilla/5.0 AppleWebKit/537.36 (KHTML, like Gecko; compatible; ClaudeBot/1.0; +claudebot@anthropic.com)"
216.73.216.166 - - [26/Dec/2025:07:35:46 -0500] "GET /shop/crops/nsysum16146206443.html HTTP/1.1" 200 12888 "-" "Mozilla/5.0 AppleWebKit/537.36 (KHTML, like Gecko; compatible; ClaudeBot/1.0; +claudebot@anthropic.com)"
66.249.77.1 - - [26/Dec/2025:07:35:46 -0500] "GET /outlet/9257345471.htm HTTP/1.1" 200 26368 "-" "Mozilla/5.0 (Linux; Android 6.0.1; Nexus 5X Build/MMB29P) AppleWebKit/537.36 (KHTML, like Gecko) Chrome/141.0.7390.122 Mobile Safari/537.36 (compatible; Googlebot/2.1; +http://www.google.com/bot.html)"
216.73.216.166 - - [26/Dec/2025:07:35:47 -0500] "GET /shop/sheboy/hsiang85570122615.html HTTP/1.1" 200 12888 "-" "Mozilla/5.0 AppleWebKit/537.36 (KHTML, like Gecko; compatible; ClaudeBot/1.0; +claudebot@anthropic.com)"
216.73.216.166 - - [26/Dec/2025:07:35:47 -0500] "GET /shop/powershot/braxton46740117342.html HTTP/1.1" 200 12888 "-" "Mozilla/5.0 AppleWebKit/537.36 (KHTML, like Gecko; compatible; ClaudeBot/1.0; +claudebot@anthropic.com)"
216.73.216.166 - - [26/Dec/2025:07:35:48 -0500] "GET /shop/dalla/ageing8626398440.html HTTP/1.1" 200 12888 "-" "Mozilla/5.0 AppleWebKit/537.36 (KHTML, like Gecko; compatible; ClaudeBot/1.0; +claudebot@anthropic.com)"
136.243.228.193 - - [26/Dec/2025:07:35:50 -0500] "GET /?commodity/revise/enhancing92607463848 HTTP/1.1" 200 12888 "-" "Mozilla/5.0 (compatible; DataForSeoBot/1.0; +https://dataforseo.com/dataforseo-bot)"
66.249.77.1 - - [26/Dec/2025:07:35:52 -0500] "GET /detail/92622586300 HTTP/1.1" 200 26137 "-" "Mozilla/5.0 (Linux; Android 6.0.1; Nexus 5X Build/MMB29P) AppleWebKit/537.36 (KHTML, like Gecko) Chrome/141.0.7390.122 Mobile Safari/537.36 (compatible; Googlebot/2.1; +http://www.google.com/bot.html)"
136.243.228.193 - - [26/Dec/2025:07:35:54 -0500] "GET /?commodity/gal/missionaries92615056702 HTTP/1.1" 200 12888 "-" "Mozilla/5.0 (compatible; DataForSeoBot/1.0; +https://dataforseo.com/dataforseo-bot)"
136.243.228.193 - - [26/Dec/2025:07:35:57 -0500] "GET /?commodity/classifieds/pdt92601922137 HTTP/1.1" 200 12888 "-" "Mozilla/5.0 (compatible; DataForSeoBot/1.0; +https://dataforseo.com/dataforseo-bot)"
136.243.228.193 - - [26/Dec/2025:07:36:02 -0500] "GET /?commodity/reaction/store92586655888 HTTP/1.1" 200 12888 "-" "Mozilla/5.0 (compatible; DataForSeoBot/1.0; +https://dataforseo.com/dataforseo-bot)"
136.243.228.193 - - [26/Dec/2025:07:36:06 -0500] "GET /?commodity/thy/extinction92607411663 HTTP/1.1" 200 12888 "-" "Mozilla/5.0 (compatible; DataForSeoBot/1.0; +https://dataforseo.com/dataforseo-bot)"
136.243.228.193 - - [26/Dec/2025:07:36:09 -0500] "GET /?commodity/borland/macworld92604793362 HTTP/1.1" 200 12888 "-" "Mozilla/5.0 (compatible; DataForSeoBot/1.0; +https://dataforseo.com/dataforseo-bot)"
136.243.228.193 - - [26/Dec/2025:07:36:13 -0500] "GET /?commodity/has/unesco92601652092 HTTP/1.1" 200 12888 "-" "Mozilla/5.0 (compatible; DataForSeoBot/1.0; +https://dataforseo.com/dataforseo-bot)"
136.243.228.193 - - [26/Dec/2025:07:36:17 -0500] "GET /?commodity/meadows/understands92572869510 HTTP/1.1" 200 12888 "-" "Mozilla/5.0 (compatible; DataForSeoBot/1.0; +https://dataforseo.com/dataforseo-bot)"
202.76.168.119 - - [26/Dec/2025:07:36:20 -0500] "GET /shop/laika/mahindra67030139513.html HTTP/1.1" 200 14464 "-" "Mozilla/5.0 (Macintosh; U; Intel Mac OS X 10_6_4; en-US) AppleWebKit/534.3 (KHTML, like Gecko) Chrome/6.0.461.0 Safari/534.3"
136.243.228.193 - - [26/Dec/2025:07:36:21 -0500] "GET /?commodity/environ/dated92625621512 HTTP/1.1" 200 12888 "-" "Mozilla/5.0 (compatible; DataForSeoBot/1.0; +https://dataforseo.com/dataforseo-bot)"
216.73.216.166 - - [26/Dec/2025:07:36:23 -0500] "GET /commodity/otto/assumes925966821039 HTTP/1.1" 200 12888 "-" "Mozilla/5.0 AppleWebKit/537.36 (KHTML, like Gecko; compatible; ClaudeBot/1.0; +claudebot@anthropic.com)"
216.73.216.166 - - [26/Dec/2025:07:36:23 -0500] "GET /commodity/purposes/sanity925860458896 HTTP/1.1" 200 12888 "-" "Mozilla/5.0 AppleWebKit/537.36 (KHTML, like Gecko; compatible; ClaudeBot/1.0; +claudebot@anthropic.com)"
216.73.216.166 - - [26/Dec/2025:07:36:23 -0500] "GET /commodity/antiques/oppose92573110219 HTTP/1.1" 200 12888 "-" "Mozilla/5.0 AppleWebKit/537.36 (KHTML, like Gecko; compatible; ClaudeBot/1.0; +claudebot@anthropic.com)"
216.73.216.166 - - [26/Dec/2025:07:36:24 -0500] "GET /shop/parsifal/eared86897278410.html HTTP/1.1" 200 12888 "-" "Mozilla/5.0 AppleWebKit/537.36 (KHTML, like Gecko; compatible; ClaudeBot/1.0; +claudebot@anthropic.com)"
216.73.216.166 - - [26/Dec/2025:07:36:24 -0500] "GET /shop/resold/wishlists44527136858.html HTTP/1.1" 200 12888 "-" "Mozilla/5.0 AppleWebKit/537.36 (KHTML, like Gecko; compatible; ClaudeBot/1.0; +claudebot@anthropic.com)"
216.73.216.166 - - [26/Dec/2025:07:36:25 -0500] "GET /commodity/israelis/ap92622641276 HTTP/1.1" 200 12888 "-" "Mozilla/5.0 AppleWebKit/537.36 (KHTML, like Gecko; compatible; ClaudeBot/1.0; +claudebot@anthropic.com)"
136.243.228.193 - - [26/Dec/2025:07:36:25 -0500] "GET /?commodity/ri/extremes92604435222 HTTP/1.1" 200 12888 "-" "Mozilla/5.0 (compatible; DataForSeoBot/1.0; +https://dataforseo.com/dataforseo-bot)"
216.73.216.166 - - [26/Dec/2025:07:36:25 -0500] "GET /shop/morsel/antispy16146254952.html HTTP/1.1" 200 12888 "-" "Mozilla/5.0 AppleWebKit/537.36 (KHTML, like Gecko; compatible; ClaudeBot/1.0; +claudebot@anthropic.com)"
216.73.216.166 - - [26/Dec/2025:07:36:26 -0500] "GET /commodity/answers/hist926072757172 HTTP/1.1" 200 12888 "-" "Mozilla/5.0 AppleWebKit/537.36 (KHTML, like Gecko; compatible; ClaudeBot/1.0; +claudebot@anthropic.com)"
216.73.216.166 - - [26/Dec/2025:07:36:26 -0500] "GET /shop/temas/bargain80084185844.html HTTP/1.1" 200 12888 "-" "Mozilla/5.0 AppleWebKit/537.36 (KHTML, like Gecko; compatible; ClaudeBot/1.0; +claudebot@anthropic.com)"
216.73.216.166 - - [26/Dec/2025:07:36:27 -0500] "GET /commodity/guardians/overland925829095139 HTTP/1.1" 200 12888 "-" "Mozilla/5.0 AppleWebKit/537.36 (KHTML, like Gecko; compatible; ClaudeBot/1.0; +claudebot@anthropic.com)"
216.73.216.166 - - [26/Dec/2025:07:36:27 -0500] "GET /commodity/endurance/westin92583593291 HTTP/1.1" 200 12888 "-" "Mozilla/5.0 AppleWebKit/537.36 (KHTML, like Gecko; compatible; ClaudeBot/1.0; +claudebot@anthropic.com)"
216.73.216.166 - - [26/Dec/2025:07:36:28 -0500] "GET /commodity/agreed/coincidence92596753923 HTTP/1.1" 200 12888 "-" "Mozilla/5.0 AppleWebKit/537.36 (KHTML, like Gecko; compatible; ClaudeBot/1.0; +claudebot@anthropic.com)"
216.73.216.166 - - [26/Dec/2025:07:36:28 -0500] "GET /shop/donizetti/website80084116504.html HTTP/1.1" 200 12888 "-" "Mozilla/5.0 AppleWebKit/537.36 (KHTML, like Gecko; compatible; ClaudeBot/1.0; +claudebot@anthropic.com)"
216.73.216.166 - - [26/Dec/2025:07:36:29 -0500] "GET /commodity/inquire/nipples92607260416 HTTP/1.1" 200 12888 "-" "Mozilla/5.0 AppleWebKit/537.36 (KHTML, like Gecko; compatible; ClaudeBot/1.0; +claudebot@anthropic.com)"
216.73.216.166 - - [26/Dec/2025:07:36:29 -0500] "GET /commodity/weak/osteoporosis92622692831 HTTP/1.1" 200 12888 "-" "Mozilla/5.0 AppleWebKit/537.36 (KHTML, like Gecko; compatible; ClaudeBot/1.0; +claudebot@anthropic.com)"
136.243.228.193 - - [26/Dec/2025:07:36:29 -0500] "GET /?commodity/staten/psi92572926897 HTTP/1.1" 200 12888 "-" "Mozilla/5.0 (compatible; DataForSeoBot/1.0; +https://dataforseo.com/dataforseo-bot)"
216.73.216.166 - - [26/Dec/2025:07:36:30 -0500] "GET /commodity/hottest/conflict92614859942 HTTP/1.1" 200 12888 "-" "Mozilla/5.0 AppleWebKit/537.36 (KHTML, like Gecko; compatible; ClaudeBot/1.0; +claudebot@anthropic.com)"
216.73.216.166 - - [26/Dec/2025:07:36:30 -0500] "GET /commodity/possessed/showers925860567781 HTTP/1.1" 200 12888 "-" "Mozilla/5.0 AppleWebKit/537.36 (KHTML, like Gecko; compatible; ClaudeBot/1.0; +claudebot@anthropic.com)"
216.73.216.166 - - [26/Dec/2025:07:36:31 -0500] "GET /commodity/unanswered/ci92622465230 HTTP/1.1" 200 12888 "-" "Mozilla/5.0 AppleWebKit/537.36 (KHTML, like Gecko; compatible; ClaudeBot/1.0; +claudebot@anthropic.com)"
216.73.216.166 - - [26/Dec/2025:07:36:31 -0500] "GET /shop/solveig/arjuna89464110909.html HTTP/1.1" 200 12888 "-" "Mozilla/5.0 AppleWebKit/537.36 (KHTML, like Gecko; compatible; ClaudeBot/1.0; +claudebot@anthropic.com)"
216.73.216.166 - - [26/Dec/2025:07:36:32 -0500] "GET /commodity/cave/turbulence926270853561 HTTP/1.1" 200 12888 "-" "Mozilla/5.0 AppleWebKit/537.36 (KHTML, like Gecko; compatible; ClaudeBot/1.0; +claudebot@anthropic.com)"
216.73.216.166 - - [26/Dec/2025:07:36:32 -0500] "GET /commodity/faculty/octet926072788861 HTTP/1.1" 200 12888 "-" "Mozilla/5.0 AppleWebKit/537.36 (KHTML, like Gecko; compatible; ClaudeBot/1.0; +claudebot@anthropic.com)"
216.73.216.166 - - [26/Dec/2025:07:36:33 -0500] "GET /shop/mouthshutcom/easements87276290289.html HTTP/1.1" 200 12888 "-" "Mozilla/5.0 AppleWebKit/537.36 (KHTML, like Gecko; compatible; ClaudeBot/1.0; +claudebot@anthropic.com)"
216.73.216.166 - - [26/Dec/2025:07:36:33 -0500] "GET /commodity/mediawiki/painted926265323396 HTTP/1.1" 200 12888 "-" "Mozilla/5.0 AppleWebKit/537.36 (KHTML, like Gecko; compatible; ClaudeBot/1.0; +claudebot@anthropic.com)"
136.243.228.193 - - [26/Dec/2025:07:36:34 -0500] "GET /?commodity/westfield/invitational92622833558 HTTP/1.1" 200 12888 "-" "Mozilla/5.0 (compatible; DataForSeoBot/1.0; +https://dataforseo.com/dataforseo-bot)"
216.73.216.166 - - [26/Dec/2025:07:36:34 -0500] "GET /commodity/crocodile/fibers926230952652 HTTP/1.1" 200 12888 "-" "Mozilla/5.0 AppleWebKit/537.36 (KHTML, like Gecko; compatible; ClaudeBot/1.0; +claudebot@anthropic.com)"
216.73.216.166 - - [26/Dec/2025:07:36:34 -0500] "GET /commodity/butler/sunshine926167782521 HTTP/1.1" 200 12888 "-" "Mozilla/5.0 AppleWebKit/537.36 (KHTML, like Gecko; compatible; ClaudeBot/1.0; +claudebot@anthropic.com)"
216.73.216.166 - - [26/Dec/2025:07:36:35 -0500] "GET /commodity/highlighted/shropshire92573174344 HTTP/1.1" 200 12888 "-" "Mozilla/5.0 AppleWebKit/537.36 (KHTML, like Gecko; compatible; ClaudeBot/1.0; +claudebot@anthropic.com)"
216.73.216.166 - - [26/Dec/2025:07:36:35 -0500] "GET /commodity/bellsouth/attempted92614844552 HTTP/1.1" 200 12888 "-" "Mozilla/5.0 AppleWebKit/537.36 (KHTML, like Gecko; compatible; ClaudeBot/1.0; +claudebot@anthropic.com)"
216.73.216.166 - - [26/Dec/2025:07:36:36 -0500] "GET /shop/sharers/jumpin44527238518.html HTTP/1.1" 200 12888 "-" "Mozilla/5.0 AppleWebKit/537.36 (KHTML, like Gecko; compatible; ClaudeBot/1.0; +claudebot@anthropic.com)"
216.73.216.166 - - [26/Dec/2025:07:36:36 -0500] "GET /commodity/trash/altavista92599950576 HTTP/1.1" 200 12888 "-" "Mozilla/5.0 AppleWebKit/537.36 (KHTML, like Gecko; compatible; ClaudeBot/1.0; +claudebot@anthropic.com)"
216.73.216.166 - - [26/Dec/2025:07:36:37 -0500] "GET /commodity/responses/sandwiches925832033288 HTTP/1.1" 200 12888 "-" "Mozilla/5.0 AppleWebKit/537.36 (KHTML, like Gecko; compatible; ClaudeBot/1.0; +claudebot@anthropic.com)"
216.73.216.166 - - [26/Dec/2025:07:36:37 -0500] "GET /commodity/hoodia/too926231180154 HTTP/1.1" 200 12888 "-" "Mozilla/5.0 AppleWebKit/537.36 (KHTML, like Gecko; compatible; ClaudeBot/1.0; +claudebot@anthropic.com)"
136.243.228.193 - - [26/Dec/2025:07:36:38 -0500] "GET /?commodity/reach/prestige92601969747 HTTP/1.1" 200 12888 "-" "Mozilla/5.0 (compatible; DataForSeoBot/1.0; +https://dataforseo.com/dataforseo-bot)"
216.73.216.166 - - [26/Dec/2025:07:36:38 -0500] "GET /shop/hardball/plenary87276115354.html HTTP/1.1" 200 12888 "-" "Mozilla/5.0 AppleWebKit/537.36 (KHTML, like Gecko; compatible; ClaudeBot/1.0; +claudebot@anthropic.com)"
216.73.216.166 - - [26/Dec/2025:07:36:38 -0500] "GET /shop/indignation/posited46740191608.html HTTP/1.1" 200 12888 "-" "Mozilla/5.0 AppleWebKit/537.36 (KHTML, like Gecko; compatible; ClaudeBot/1.0; +claudebot@anthropic.com)"
216.73.216.166 - - [26/Dec/2025:07:36:39 -0500] "GET /commodity/slayer/nunavut92596910884 HTTP/1.1" 200 12888 "-" "Mozilla/5.0 AppleWebKit/537.36 (KHTML, like Gecko; compatible; ClaudeBot/1.0; +claudebot@anthropic.com)"
216.73.216.166 - - [26/Dec/2025:07:36:39 -0500] "GET /commodity/memorabilia/diagnosed925765707747 HTTP/1.1" 200 12888 "-" "Mozilla/5.0 AppleWebKit/537.36 (KHTML, like Gecko; compatible; ClaudeBot/1.0; +claudebot@anthropic.com)"
216.73.216.166 - - [26/Dec/2025:07:36:40 -0500] "GET /commodity/follow/safety925711453263 HTTP/1.1" 200 12888 "-" "Mozilla/5.0 AppleWebKit/537.36 (KHTML, like Gecko; compatible; ClaudeBot/1.0; +claudebot@anthropic.com)"
216.73.216.166 - - [26/Dec/2025:07:36:40 -0500] "GET /commodity/bodybuilding/liu92612170044 HTTP/1.1" 200 12888 "-" "Mozilla/5.0 AppleWebKit/537.36 (KHTML, like Gecko; compatible; ClaudeBot/1.0; +claudebot@anthropic.com)"
216.73.216.166 - - [26/Dec/2025:07:36:41 -0500] "GET /commodity/insect/intravenous926225382708 HTTP/1.1" 200 12888 "-" "Mozilla/5.0 AppleWebKit/537.36 (KHTML, like Gecko; compatible; ClaudeBot/1.0; +claudebot@anthropic.com)"
136.243.228.193 - - [26/Dec/2025:07:36:41 -0500] "GET /?commodity/headphones/jsp92583371035 HTTP/1.1" 200 12888 "-" "Mozilla/5.0 (compatible; DataForSeoBot/1.0; +https://dataforseo.com/dataforseo-bot)"
216.73.216.166 - - [26/Dec/2025:07:36:41 -0500] "GET /commodity/treatment/brands925860402304 HTTP/1.1" 200 12888 "-" "Mozilla/5.0 AppleWebKit/537.36 (KHTML, like Gecko; compatible; ClaudeBot/1.0; +claudebot@anthropic.com)"
216.73.216.166 - - [26/Dec/2025:07:36:42 -0500] "GET /commodity/indonesia/historical92576117938 HTTP/1.1" 200 12888 "-" "Mozilla/5.0 AppleWebKit/537.36 (KHTML, like Gecko; compatible; ClaudeBot/1.0; +claudebot@anthropic.com)"
216.73.216.166 - - [26/Dec/2025:07:36:42 -0500] "GET /commodity/rican/resistance925835060849 HTTP/1.1" 200 12888 "-" "Mozilla/5.0 AppleWebKit/537.36 (KHTML, like Gecko; compatible; ClaudeBot/1.0; +claudebot@anthropic.com)"
216.73.216.166 - - [26/Dec/2025:07:36:43 -0500] "GET /commodity/jew/bilateral926291012840 HTTP/1.1" 200 12888 "-" "Mozilla/5.0 AppleWebKit/537.36 (KHTML, like Gecko; compatible; ClaudeBot/1.0; +claudebot@anthropic.com)"
216.73.216.166 - - [26/Dec/2025:07:36:43 -0500] "GET /commodity/parks/landscapes925986792800 HTTP/1.1" 200 12888 "-" "Mozilla/5.0 AppleWebKit/537.36 (KHTML, like Gecko; compatible; ClaudeBot/1.0; +claudebot@anthropic.com)"
216.73.216.166 - - [26/Dec/2025:07:36:44 -0500] "GET /commodity/expedition/bearings925889135005 HTTP/1.1" 200 12888 "-" "Mozilla/5.0 AppleWebKit/537.36 (KHTML, like Gecko; compatible; ClaudeBot/1.0; +claudebot@anthropic.com)"
216.73.216.166 - - [26/Dec/2025:07:36:44 -0500] "GET /shop/blake/vitanet16146137601.html HTTP/1.1" 200 12888 "-" "Mozilla/5.0 AppleWebKit/537.36 (KHTML, like Gecko; compatible; ClaudeBot/1.0; +claudebot@anthropic.com)"
114.119.139.25 - - [26/Dec/2025:07:36:45 -0500] "GET /commodity/space/benton92586589139 HTTP/1.1" 200 14464 "https://pandaexpressketo.com/sitemap786.xml" "Mozilla/5.0 (Linux; Android 7.0;) AppleWebKit/537.36 (KHTML, like Gecko) Mobile Safari/537.36 (compatible; PetalBot;+https://webmaster.petalsearch.com/site/petalbot)"
