216.73.216.166 - - [26/Dec/2025:08:12:47 -0500] "GET /shop/enyce/selectmen87276225317.html HTTP/1.1" 200 12888 "-" "Mozilla/5.0 AppleWebKit/537.36 (KHTML, like Gecko; compatible; ClaudeBot/1.0; +claudebot@anthropic.com)"
216.73.216.166 - - [26/Dec/2025:08:12:47 -0500] "GET /shop/counterterrorism/begin89464193307.html HTTP/1.1" 200 12888 "-" "Mozilla/5.0 AppleWebKit/537.36 (KHTML, like Gecko; compatible; ClaudeBot/1.0; +claudebot@anthropic.com)"
136.243.228.193 - - [26/Dec/2025:08:12:47 -0500] "GET /?commodity/enzyme/palo926211303364 HTTP/1.1" 200 12888 "-" "Mozilla/5.0 (compatible; DataForSeoBot/1.0; +https://dataforseo.com/dataforseo-bot)"
216.73.216.166 - - [26/Dec/2025:08:12:48 -0500] "GET /shop/radiations/dominated8008474846.html HTTP/1.1" 200 12888 "-" "Mozilla/5.0 AppleWebKit/537.36 (KHTML, like Gecko; compatible; ClaudeBot/1.0; +claudebot@anthropic.com)"
216.73.216.166 - - [26/Dec/2025:08:12:48 -0500] "GET /shop/firmed/lindeman85570210760.html HTTP/1.1" 200 12888 "-" "Mozilla/5.0 AppleWebKit/537.36 (KHTML, like Gecko; compatible; ClaudeBot/1.0; +claudebot@anthropic.com)"
216.73.216.166 - - [26/Dec/2025:08:12:49 -0500] "GET /shop/hasse/maimonides1614646665.html HTTP/1.1" 200 12888 "-" "Mozilla/5.0 AppleWebKit/537.36 (KHTML, like Gecko; compatible; ClaudeBot/1.0; +claudebot@anthropic.com)"
216.73.216.166 - - [26/Dec/2025:08:12:49 -0500] "GET /shop/fugitive/uncheck6703049239.html HTTP/1.1" 200 12888 "-" "Mozilla/5.0 AppleWebKit/537.36 (KHTML, like Gecko; compatible; ClaudeBot/1.0; +claudebot@anthropic.com)"
66.249.77.1 - - [26/Dec/2025:08:12:48 -0500] "GET /?commodity/youth/degree9258620796 HTTP/1.1" 200 26571 "-" "Mozilla/5.0 (Linux; Android 6.0.1; Nexus 5X Build/MMB29P) AppleWebKit/537.36 (KHTML, like Gecko) Chrome/141.0.7390.122 Mobile Safari/537.36 (compatible; Googlebot/2.1; +http://www.google.com/bot.html)"
216.73.216.166 - - [26/Dec/2025:08:12:50 -0500] "GET /shop/compostela/webfocus86263103052.html HTTP/1.1" 200 12888 "-" "Mozilla/5.0 AppleWebKit/537.36 (KHTML, like Gecko; compatible; ClaudeBot/1.0; +claudebot@anthropic.com)"
216.73.216.166 - - [26/Dec/2025:08:12:50 -0500] "GET /shop/antidotes/perceptive44527256166.html HTTP/1.1" 200 12888 "-" "Mozilla/5.0 AppleWebKit/537.36 (KHTML, like Gecko; compatible; ClaudeBot/1.0; +claudebot@anthropic.com)"
216.73.216.166 - - [26/Dec/2025:08:12:51 -0500] "GET /shop/proquest/coffman8727653576.html HTTP/1.1" 200 12888 "-" "Mozilla/5.0 AppleWebKit/537.36 (KHTML, like Gecko; compatible; ClaudeBot/1.0; +claudebot@anthropic.com)"
216.73.216.166 - - [26/Dec/2025:08:12:51 -0500] "GET /shop/techspot/wiping89464204704.html HTTP/1.1" 200 12888 "-" "Mozilla/5.0 AppleWebKit/537.36 (KHTML, like Gecko; compatible; ClaudeBot/1.0; +claudebot@anthropic.com)"
136.243.228.193 - - [26/Dec/2025:08:12:52 -0500] "GET /?commodity/boycott/citizen925811896554 HTTP/1.1" 200 12888 "-" "Mozilla/5.0 (compatible; DataForSeoBot/1.0; +https://dataforseo.com/dataforseo-bot)"
216.73.216.166 - - [26/Dec/2025:08:12:52 -0500] "GET /shop/cyclical/alertnet4452787924.html HTTP/1.1" 200 12888 "-" "Mozilla/5.0 AppleWebKit/537.36 (KHTML, like Gecko; compatible; ClaudeBot/1.0; +claudebot@anthropic.com)"
216.73.216.166 - - [26/Dec/2025:08:12:52 -0500] "GET /shop/emulex/estima6703016132.html HTTP/1.1" 200 12888 "-" "Mozilla/5.0 AppleWebKit/537.36 (KHTML, like Gecko; compatible; ClaudeBot/1.0; +claudebot@anthropic.com)"
114.119.136.137 - - [26/Dec/2025:08:12:53 -0500] "GET /commodity/sometime/superstar92575791124 HTTP/1.1" 200 14464 "https://pandaexpressketo.com/sitemap509.xml" "Mozilla/5.0 (Linux; Android 7.0;) AppleWebKit/537.36 (KHTML, like Gecko) Mobile Safari/537.36 (compatible; PetalBot;+https://webmaster.petalsearch.com/site/petalbot)"
216.73.216.166 - - [26/Dec/2025:08:12:53 -0500] "GET /shop/bridge/kohler868977.html HTTP/1.1" 200 12888 "-" "Mozilla/5.0 AppleWebKit/537.36 (KHTML, like Gecko; compatible; ClaudeBot/1.0; +claudebot@anthropic.com)"
216.73.216.166 - - [26/Dec/2025:08:12:53 -0500] "GET /shop/cunningly/powerful1614631664.html HTTP/1.1" 200 12888 "-" "Mozilla/5.0 AppleWebKit/537.36 (KHTML, like Gecko; compatible; ClaudeBot/1.0; +claudebot@anthropic.com)"
216.73.216.166 - - [26/Dec/2025:08:12:54 -0500] "GET /shop/bloem/concern67030225149.html HTTP/1.1" 200 12888 "-" "Mozilla/5.0 AppleWebKit/537.36 (KHTML, like Gecko; compatible; ClaudeBot/1.0; +claudebot@anthropic.com)"
216.73.216.166 - - [26/Dec/2025:08:12:54 -0500] "GET /shop/usability/augie868971534.html HTTP/1.1" 200 12888 "-" "Mozilla/5.0 AppleWebKit/537.36 (KHTML, like Gecko; compatible; ClaudeBot/1.0; +claudebot@anthropic.com)"
216.73.216.166 - - [26/Dec/2025:08:12:55 -0500] "GET /shop/referal/certifier87276328019.html HTTP/1.1" 200 12888 "-" "Mozilla/5.0 AppleWebKit/537.36 (KHTML, like Gecko; compatible; ClaudeBot/1.0; +claudebot@anthropic.com)"
216.73.216.166 - - [26/Dec/2025:08:12:55 -0500] "GET /shop/roxie/lacks800841292.html HTTP/1.1" 200 12888 "-" "Mozilla/5.0 AppleWebKit/537.36 (KHTML, like Gecko; compatible; ClaudeBot/1.0; +claudebot@anthropic.com)"
136.243.228.193 - - [26/Dec/2025:08:12:55 -0500] "GET /?commodity/several/odbc925711868036 HTTP/1.1" 200 12888 "-" "Mozilla/5.0 (compatible; DataForSeoBot/1.0; +https://dataforseo.com/dataforseo-bot)"
216.73.216.166 - - [26/Dec/2025:08:12:56 -0500] "GET /shop/windowing/telecommuting67030174282.html HTTP/1.1" 200 12888 "-" "Mozilla/5.0 AppleWebKit/537.36 (KHTML, like Gecko; compatible; ClaudeBot/1.0; +claudebot@anthropic.com)"
216.73.216.166 - - [26/Dec/2025:08:12:56 -0500] "GET /shop/hamel/forgery4674085732.html HTTP/1.1" 200 12888 "-" "Mozilla/5.0 AppleWebKit/537.36 (KHTML, like Gecko; compatible; ClaudeBot/1.0; +claudebot@anthropic.com)"
216.73.216.166 - - [26/Dec/2025:08:12:57 -0500] "GET /shop/landrover/forth46740247755.html HTTP/1.1" 200 12888 "-" "Mozilla/5.0 AppleWebKit/537.36 (KHTML, like Gecko; compatible; ClaudeBot/1.0; +claudebot@anthropic.com)"
216.73.216.166 - - [26/Dec/2025:08:12:57 -0500] "GET /shop/pmachine/prefence4674048616.html HTTP/1.1" 200 12888 "-" "Mozilla/5.0 AppleWebKit/537.36 (KHTML, like Gecko; compatible; ClaudeBot/1.0; +claudebot@anthropic.com)"
216.73.216.166 - - [26/Dec/2025:08:12:58 -0500] "GET /shop/sustaining/professes80084197343.html HTTP/1.1" 200 12888 "-" "Mozilla/5.0 AppleWebKit/537.36 (KHTML, like Gecko; compatible; ClaudeBot/1.0; +claudebot@anthropic.com)"
216.73.216.166 - - [26/Dec/2025:08:12:58 -0500] "GET /shop/burrowing/lignin16146147488.html HTTP/1.1" 200 12888 "-" "Mozilla/5.0 AppleWebKit/537.36 (KHTML, like Gecko; compatible; ClaudeBot/1.0; +claudebot@anthropic.com)"
216.73.216.166 - - [26/Dec/2025:08:12:59 -0500] "GET /shop/arith/hungary1614670518.html HTTP/1.1" 200 12888 "-" "Mozilla/5.0 AppleWebKit/537.36 (KHTML, like Gecko; compatible; ClaudeBot/1.0; +claudebot@anthropic.com)"
136.243.228.193 - - [26/Dec/2025:08:12:59 -0500] "GET /?commodity/express/blending925812149811 HTTP/1.1" 200 12888 "-" "Mozilla/5.0 (compatible; DataForSeoBot/1.0; +https://dataforseo.com/dataforseo-bot)"
216.73.216.166 - - [26/Dec/2025:08:12:59 -0500] "GET /shop/azithromycin/sharpie44527175287.html HTTP/1.1" 200 12888 "-" "Mozilla/5.0 AppleWebKit/537.36 (KHTML, like Gecko; compatible; ClaudeBot/1.0; +claudebot@anthropic.com)"
216.73.216.166 - - [26/Dec/2025:08:13:00 -0500] "GET /shop/spearheading/tassel46740225644.html HTTP/1.1" 200 12888 "-" "Mozilla/5.0 AppleWebKit/537.36 (KHTML, like Gecko; compatible; ClaudeBot/1.0; +claudebot@anthropic.com)"
216.73.216.166 - - [26/Dec/2025:08:13:00 -0500] "GET /shop/silkscreen/exhibit44527246294.html HTTP/1.1" 200 12888 "-" "Mozilla/5.0 AppleWebKit/537.36 (KHTML, like Gecko; compatible; ClaudeBot/1.0; +claudebot@anthropic.com)"
216.73.216.166 - - [26/Dec/2025:08:13:01 -0500] "GET /shop/leveler/surin894644294.html HTTP/1.1" 200 12888 "-" "Mozilla/5.0 AppleWebKit/537.36 (KHTML, like Gecko; compatible; ClaudeBot/1.0; +claudebot@anthropic.com)"
216.73.216.166 - - [26/Dec/2025:08:13:01 -0500] "GET /shop/capacitance/transfers67030211719.html HTTP/1.1" 200 12888 "-" "Mozilla/5.0 AppleWebKit/537.36 (KHTML, like Gecko; compatible; ClaudeBot/1.0; +claudebot@anthropic.com)"
216.73.216.166 - - [26/Dec/2025:08:13:02 -0500] "GET /shop/heartless/asteroid4674022885.html HTTP/1.1" 200 12888 "-" "Mozilla/5.0 AppleWebKit/537.36 (KHTML, like Gecko; compatible; ClaudeBot/1.0; +claudebot@anthropic.com)"
216.73.216.166 - - [26/Dec/2025:08:13:02 -0500] "GET /shop/universal/brayton8557056352.html HTTP/1.1" 200 12888 "-" "Mozilla/5.0 AppleWebKit/537.36 (KHTML, like Gecko; compatible; ClaudeBot/1.0; +claudebot@anthropic.com)"
216.73.216.166 - - [26/Dec/2025:08:13:03 -0500] "GET /shop/equity/clicks86263272910.html HTTP/1.1" 200 12888 "-" "Mozilla/5.0 AppleWebKit/537.36 (KHTML, like Gecko; compatible; ClaudeBot/1.0; +claudebot@anthropic.com)"
216.73.216.166 - - [26/Dec/2025:08:13:03 -0500] "GET /shop/bright/handsome8557023217.html HTTP/1.1" 200 12888 "-" "Mozilla/5.0 AppleWebKit/537.36 (KHTML, like Gecko; compatible; ClaudeBot/1.0; +claudebot@anthropic.com)"
136.243.228.193 - - [26/Dec/2025:08:13:04 -0500] "GET /?commodity/growers/schools925711493186 HTTP/1.1" 200 12888 "-" "Mozilla/5.0 (compatible; DataForSeoBot/1.0; +https://dataforseo.com/dataforseo-bot)"
216.73.216.166 - - [26/Dec/2025:08:13:04 -0500] "GET /shop/empty/railway86263288599.html HTTP/1.1" 200 12888 "-" "Mozilla/5.0 AppleWebKit/537.36 (KHTML, like Gecko; compatible; ClaudeBot/1.0; +claudebot@anthropic.com)"
216.73.216.166 - - [26/Dec/2025:08:13:04 -0500] "GET /shop/jackson/assisting87276261232.html HTTP/1.1" 200 12888 "-" "Mozilla/5.0 AppleWebKit/537.36 (KHTML, like Gecko; compatible; ClaudeBot/1.0; +claudebot@anthropic.com)"
216.73.216.166 - - [26/Dec/2025:08:13:05 -0500] "GET /shop/lemur/peerless86897110240.html HTTP/1.1" 200 12888 "-" "Mozilla/5.0 AppleWebKit/537.36 (KHTML, like Gecko; compatible; ClaudeBot/1.0; +claudebot@anthropic.com)"
216.73.216.166 - - [26/Dec/2025:08:13:05 -0500] "GET /shop/geranium/biospace8727688330.html HTTP/1.1" 200 12888 "-" "Mozilla/5.0 AppleWebKit/537.36 (KHTML, like Gecko; compatible; ClaudeBot/1.0; +claudebot@anthropic.com)"
216.73.216.166 - - [26/Dec/2025:08:13:06 -0500] "GET /shop/richer/devour87276196510.html HTTP/1.1" 200 12888 "-" "Mozilla/5.0 AppleWebKit/537.36 (KHTML, like Gecko; compatible; ClaudeBot/1.0; +claudebot@anthropic.com)"
216.73.216.166 - - [26/Dec/2025:08:13:06 -0500] "GET /commodity/ceramics/installed92615099139 HTTP/1.1" 200 12888 "-" "Mozilla/5.0 AppleWebKit/537.36 (KHTML, like Gecko; compatible; ClaudeBot/1.0; +claudebot@anthropic.com)"
216.73.216.166 - - [26/Dec/2025:08:13:07 -0500] "GET /commodity/struts/sakai92594234050 HTTP/1.1" 200 12888 "-" "Mozilla/5.0 AppleWebKit/537.36 (KHTML, like Gecko; compatible; ClaudeBot/1.0; +claudebot@anthropic.com)"
216.73.216.166 - - [26/Dec/2025:08:13:07 -0500] "GET /commodity/bhd/quot92594112144 HTTP/1.1" 200 12888 "-" "Mozilla/5.0 AppleWebKit/537.36 (KHTML, like Gecko; compatible; ClaudeBot/1.0; +claudebot@anthropic.com)"
136.243.228.193 - - [26/Dec/2025:08:13:08 -0500] "GET /?commodity/organisers/preview926015932439 HTTP/1.1" 200 12888 "-" "Mozilla/5.0 (compatible; DataForSeoBot/1.0; +https://dataforseo.com/dataforseo-bot)"
216.73.216.166 - - [26/Dec/2025:08:13:08 -0500] "GET /shop/itknowledge/absolutism8946471235.html HTTP/1.1" 200 12888 "-" "Mozilla/5.0 AppleWebKit/537.36 (KHTML, like Gecko; compatible; ClaudeBot/1.0; +claudebot@anthropic.com)"
216.73.216.166 - - [26/Dec/2025:08:13:08 -0500] "GET /commodity/brooks/freelists92583637394 HTTP/1.1" 200 12888 "-" "Mozilla/5.0 AppleWebKit/537.36 (KHTML, like Gecko; compatible; ClaudeBot/1.0; +claudebot@anthropic.com)"
216.73.216.166 - - [26/Dec/2025:08:13:09 -0500] "GET /shop/winds/conservatory86897263286.html HTTP/1.1" 200 12888 "-" "Mozilla/5.0 AppleWebKit/537.36 (KHTML, like Gecko; compatible; ClaudeBot/1.0; +claudebot@anthropic.com)"
216.73.216.166 - - [26/Dec/2025:08:13:09 -0500] "GET /commodity/cocos/onto92573040967 HTTP/1.1" 200 12888 "-" "Mozilla/5.0 AppleWebKit/537.36 (KHTML, like Gecko; compatible; ClaudeBot/1.0; +claudebot@anthropic.com)"
216.73.216.166 - - [26/Dec/2025:08:13:10 -0500] "GET /commodity/monk/adjustments92614885019 HTTP/1.1" 200 12888 "-" "Mozilla/5.0 AppleWebKit/537.36 (KHTML, like Gecko; compatible; ClaudeBot/1.0; +claudebot@anthropic.com)"
216.73.216.166 - - [26/Dec/2025:08:13:10 -0500] "GET /commodity/limitation/pride92615261276 HTTP/1.1" 200 12888 "-" "Mozilla/5.0 AppleWebKit/537.36 (KHTML, like Gecko; compatible; ClaudeBot/1.0; +claudebot@anthropic.com)"
216.73.216.166 - - [26/Dec/2025:08:13:11 -0500] "GET /commodity/csa/ecuador92572924891 HTTP/1.1" 200 12888 "-" "Mozilla/5.0 AppleWebKit/537.36 (KHTML, like Gecko; compatible; ClaudeBot/1.0; +claudebot@anthropic.com)"
136.243.228.193 - - [26/Dec/2025:08:13:11 -0500] "GET /?commodity/wmv/turf926211286186 HTTP/1.1" 200 12888 "-" "Mozilla/5.0 (compatible; DataForSeoBot/1.0; +https://dataforseo.com/dataforseo-bot)"
216.73.216.166 - - [26/Dec/2025:08:13:11 -0500] "GET /shop/dataquest/openings16146288918.html HTTP/1.1" 200 12888 "-" "Mozilla/5.0 AppleWebKit/537.36 (KHTML, like Gecko; compatible; ClaudeBot/1.0; +claudebot@anthropic.com)"
216.73.216.166 - - [26/Dec/2025:08:13:12 -0500] "GET /shop/discussed/chitin8626328243.html HTTP/1.1" 200 12888 "-" "Mozilla/5.0 AppleWebKit/537.36 (KHTML, like Gecko; compatible; ClaudeBot/1.0; +claudebot@anthropic.com)"
216.73.216.166 - - [26/Dec/2025:08:13:12 -0500] "GET /commodity/fake/lengthy92601633616 HTTP/1.1" 200 12888 "-" "Mozilla/5.0 AppleWebKit/537.36 (KHTML, like Gecko; compatible; ClaudeBot/1.0; +claudebot@anthropic.com)"
216.73.216.166 - - [26/Dec/2025:08:13:13 -0500] "GET /commodity/idea/amplitude92583531281 HTTP/1.1" 200 12888 "-" "Mozilla/5.0 AppleWebKit/537.36 (KHTML, like Gecko; compatible; ClaudeBot/1.0; +claudebot@anthropic.com)"
216.73.216.166 - - [26/Dec/2025:08:13:13 -0500] "GET /shop/really/grubs67030142151.html HTTP/1.1" 200 12888 "-" "Mozilla/5.0 AppleWebKit/537.36 (KHTML, like Gecko; compatible; ClaudeBot/1.0; +claudebot@anthropic.com)"
216.73.216.166 - - [26/Dec/2025:08:13:15 -0500] "GET /shop/cesta/mknod8008447780.html HTTP/1.1" 200 12888 "-" "Mozilla/5.0 AppleWebKit/537.36 (KHTML, like Gecko; compatible; ClaudeBot/1.0; +claudebot@anthropic.com)"
216.73.216.166 - - [26/Dec/2025:08:13:15 -0500] "GET /shop/beatbox/morimoto86897122571.html HTTP/1.1" 200 12888 "-" "Mozilla/5.0 AppleWebKit/537.36 (KHTML, like Gecko; compatible; ClaudeBot/1.0; +claudebot@anthropic.com)"
216.73.216.166 - - [26/Dec/2025:08:13:16 -0500] "GET /shop/whatsa/wharton86897279732.html HTTP/1.1" 200 12888 "-" "Mozilla/5.0 AppleWebKit/537.36 (KHTML, like Gecko; compatible; ClaudeBot/1.0; +claudebot@anthropic.com)"
136.243.228.193 - - [26/Dec/2025:08:13:16 -0500] "GET /?commodity/duct/samba926211241783 HTTP/1.1" 200 12888 "-" "Mozilla/5.0 (compatible; DataForSeoBot/1.0; +https://dataforseo.com/dataforseo-bot)"
216.73.216.166 - - [26/Dec/2025:08:13:16 -0500] "GET /shop/galil/burne44527267216.html HTTP/1.1" 200 12888 "-" "Mozilla/5.0 AppleWebKit/537.36 (KHTML, like Gecko; compatible; ClaudeBot/1.0; +claudebot@anthropic.com)"
216.73.216.166 - - [26/Dec/2025:08:13:17 -0500] "GET /shop/formosa/tripp46740119475.html HTTP/1.1" 200 12888 "-" "Mozilla/5.0 AppleWebKit/537.36 (KHTML, like Gecko; compatible; ClaudeBot/1.0; +claudebot@anthropic.com)"
216.73.216.166 - - [26/Dec/2025:08:13:17 -0500] "GET /shop/sneak/changement8557097906.html HTTP/1.1" 200 12888 "-" "Mozilla/5.0 AppleWebKit/537.36 (KHTML, like Gecko; compatible; ClaudeBot/1.0; +claudebot@anthropic.com)"
202.76.168.195 - - [26/Dec/2025:08:13:17 -0500] "GET /shop/paediatric/manuals6703087674.html HTTP/1.1" 200 14464 "-" "Mozilla/5.0 (Windows; U; Windows NT 6.0; de; rv:1.9.2.20) Gecko/20110803 Firefox/3.6.19"
216.73.216.166 - - [26/Dec/2025:08:13:18 -0500] "GET /shop/perverts/pasquarelli44527119061.html HTTP/1.1" 200 12888 "-" "Mozilla/5.0 AppleWebKit/537.36 (KHTML, like Gecko; compatible; ClaudeBot/1.0; +claudebot@anthropic.com)"
216.73.216.166 - - [26/Dec/2025:08:13:18 -0500] "GET /shop/predominant/subsided8626332651.html HTTP/1.1" 200 12888 "-" "Mozilla/5.0 AppleWebKit/537.36 (KHTML, like Gecko; compatible; ClaudeBot/1.0; +claudebot@anthropic.com)"
216.73.216.166 - - [26/Dec/2025:08:13:19 -0500] "GET /shop/emigrated/stewed16146248383.html HTTP/1.1" 200 12888 "-" "Mozilla/5.0 AppleWebKit/537.36 (KHTML, like Gecko; compatible; ClaudeBot/1.0; +claudebot@anthropic.com)"
216.73.216.166 - - [26/Dec/2025:08:13:19 -0500] "GET /shop/acyltransferase/mccarter8557016313.html HTTP/1.1" 200 12888 "-" "Mozilla/5.0 AppleWebKit/537.36 (KHTML, like Gecko; compatible; ClaudeBot/1.0; +claudebot@anthropic.com)"
216.73.216.166 - - [26/Dec/2025:08:13:20 -0500] "GET /shop/nervosa/ccache8689754385.html HTTP/1.1" 200 12888 "-" "Mozilla/5.0 AppleWebKit/537.36 (KHTML, like Gecko; compatible; ClaudeBot/1.0; +claudebot@anthropic.com)"
136.243.228.193 - - [26/Dec/2025:08:13:20 -0500] "GET /?commodity/householder/kick926211257764 HTTP/1.1" 200 12888 "-" "Mozilla/5.0 (compatible; DataForSeoBot/1.0; +https://dataforseo.com/dataforseo-bot)"
216.73.216.166 - - [26/Dec/2025:08:13:20 -0500] "GET /shop/windermere/cheung8689758277.html HTTP/1.1" 200 12888 "-" "Mozilla/5.0 AppleWebKit/537.36 (KHTML, like Gecko; compatible; ClaudeBot/1.0; +claudebot@anthropic.com)"
216.73.216.166 - - [26/Dec/2025:08:13:21 -0500] "GET /shop/wacker/biopolymers89464216370.html HTTP/1.1" 200 12888 "-" "Mozilla/5.0 AppleWebKit/537.36 (KHTML, like Gecko; compatible; ClaudeBot/1.0; +claudebot@anthropic.com)"
216.73.216.166 - - [26/Dec/2025:08:13:21 -0500] "GET /shop/trevi/harnessed4674018980.html HTTP/1.1" 200 12888 "-" "Mozilla/5.0 AppleWebKit/537.36 (KHTML, like Gecko; compatible; ClaudeBot/1.0; +claudebot@anthropic.com)"
216.73.216.166 - - [26/Dec/2025:08:13:22 -0500] "GET /shop/floppies/immersed8626348171.html HTTP/1.1" 200 12888 "-" "Mozilla/5.0 AppleWebKit/537.36 (KHTML, like Gecko; compatible; ClaudeBot/1.0; +claudebot@anthropic.com)"
216.73.216.166 - - [26/Dec/2025:08:13:22 -0500] "GET /shop/regressed/khatami87276260028.html HTTP/1.1" 200 12888 "-" "Mozilla/5.0 AppleWebKit/537.36 (KHTML, like Gecko; compatible; ClaudeBot/1.0; +claudebot@anthropic.com)"
216.73.216.166 - - [26/Dec/2025:08:13:23 -0500] "GET /shop/finch/docomo67030102534.html HTTP/1.1" 200 12888 "-" "Mozilla/5.0 AppleWebKit/537.36 (KHTML, like Gecko; compatible; ClaudeBot/1.0; +claudebot@anthropic.com)"
136.243.228.193 - - [26/Dec/2025:08:13:23 -0500] "GET /?commodity/dimension/united925717248989 HTTP/1.1" 200 12888 "-" "Mozilla/5.0 (compatible; DataForSeoBot/1.0; +https://dataforseo.com/dataforseo-bot)"
216.73.216.166 - - [26/Dec/2025:08:13:23 -0500] "GET /shop/railroading/janet85570229184.html HTTP/1.1" 200 12888 "-" "Mozilla/5.0 AppleWebKit/537.36 (KHTML, like Gecko; compatible; ClaudeBot/1.0; +claudebot@anthropic.com)"
216.73.216.166 - - [26/Dec/2025:08:13:24 -0500] "GET /shop/innumerable/diuretic8626353350.html HTTP/1.1" 200 12888 "-" "Mozilla/5.0 AppleWebKit/537.36 (KHTML, like Gecko; compatible; ClaudeBot/1.0; +claudebot@anthropic.com)"
216.73.216.166 - - [26/Dec/2025:08:13:24 -0500] "GET /shop/negras/dalgaard8626361739.html HTTP/1.1" 200 12888 "-" "Mozilla/5.0 AppleWebKit/537.36 (KHTML, like Gecko; compatible; ClaudeBot/1.0; +claudebot@anthropic.com)"
216.73.216.166 - - [26/Dec/2025:08:13:25 -0500] "GET /shop/hanmer/sympaticoca4674052114.html HTTP/1.1" 200 12888 "-" "Mozilla/5.0 AppleWebKit/537.36 (KHTML, like Gecko; compatible; ClaudeBot/1.0; +claudebot@anthropic.com)"
216.73.216.166 - - [26/Dec/2025:08:13:25 -0500] "GET /shop/benedetti/ferrite80084140171.html HTTP/1.1" 200 12888 "-" "Mozilla/5.0 AppleWebKit/537.36 (KHTML, like Gecko; compatible; ClaudeBot/1.0; +claudebot@anthropic.com)"
216.73.216.166 - - [26/Dec/2025:08:13:26 -0500] "GET /shop/windermere/phoney85570268535.html HTTP/1.1" 200 12888 "-" "Mozilla/5.0 AppleWebKit/537.36 (KHTML, like Gecko; compatible; ClaudeBot/1.0; +claudebot@anthropic.com)"
216.73.216.166 - - [26/Dec/2025:08:13:26 -0500] "GET /shop/alberghi/keyless44527254173.html HTTP/1.1" 200 12888 "-" "Mozilla/5.0 AppleWebKit/537.36 (KHTML, like Gecko; compatible; ClaudeBot/1.0; +claudebot@anthropic.com)"
216.73.216.166 - - [26/Dec/2025:08:13:27 -0500] "GET /shop/briskly/mocked1614683165.html HTTP/1.1" 200 12888 "-" "Mozilla/5.0 AppleWebKit/537.36 (KHTML, like Gecko; compatible; ClaudeBot/1.0; +claudebot@anthropic.com)"
216.73.216.166 - - [26/Dec/2025:08:13:27 -0500] "GET /shop/orpington/auditable4674060509.html HTTP/1.1" 200 12888 "-" "Mozilla/5.0 AppleWebKit/537.36 (KHTML, like Gecko; compatible; ClaudeBot/1.0; +claudebot@anthropic.com)"
136.243.228.193 - - [26/Dec/2025:08:13:28 -0500] "GET /?commodity/coordinating/likes926211278959 HTTP/1.1" 200 12888 "-" "Mozilla/5.0 (compatible; DataForSeoBot/1.0; +https://dataforseo.com/dataforseo-bot)"
216.73.216.166 - - [26/Dec/2025:08:13:28 -0500] "GET /shop/demean/fermat46740290243.html HTTP/1.1" 200 12888 "-" "Mozilla/5.0 AppleWebKit/537.36 (KHTML, like Gecko; compatible; ClaudeBot/1.0; +claudebot@anthropic.com)"
216.73.216.166 - - [26/Dec/2025:08:13:28 -0500] "GET /shop/floorplan/ponderings85570138323.html HTTP/1.1" 200 12888 "-" "Mozilla/5.0 AppleWebKit/537.36 (KHTML, like Gecko; compatible; ClaudeBot/1.0; +claudebot@anthropic.com)"
216.73.216.166 - - [26/Dec/2025:08:13:29 -0500] "GET /shop/arpeggios/polyamide8008420900.html HTTP/1.1" 200 12888 "-" "Mozilla/5.0 AppleWebKit/537.36 (KHTML, like Gecko; compatible; ClaudeBot/1.0; +claudebot@anthropic.com)"
216.73.216.166 - - [26/Dec/2025:08:13:29 -0500] "GET /shop/predetermined/methuen46740255498.html HTTP/1.1" 200 12888 "-" "Mozilla/5.0 AppleWebKit/537.36 (KHTML, like Gecko; compatible; ClaudeBot/1.0; +claudebot@anthropic.com)"
216.73.216.166 - - [26/Dec/2025:08:13:30 -0500] "GET /shop/cynical/silicates86263260870.html HTTP/1.1" 200 12888 "-" "Mozilla/5.0 AppleWebKit/537.36 (KHTML, like Gecko; compatible; ClaudeBot/1.0; +claudebot@anthropic.com)"
216.73.216.166 - - [26/Dec/2025:08:13:30 -0500] "GET /shop/delacroix/effortless8626378334.html HTTP/1.1" 200 12888 "-" "Mozilla/5.0 AppleWebKit/537.36 (KHTML, like Gecko; compatible; ClaudeBot/1.0; +claudebot@anthropic.com)"
216.73.216.166 - - [26/Dec/2025:08:13:31 -0500] "GET /shop/ladles/leaching4452782219.html HTTP/1.1" 200 12888 "-" "Mozilla/5.0 AppleWebKit/537.36 (KHTML, like Gecko; compatible; ClaudeBot/1.0; +claudebot@anthropic.com)"
136.243.228.193 - - [26/Dec/2025:08:13:31 -0500] "GET /?commodity/built/canon925815152118 HTTP/1.1" 200 12888 "-" "Mozilla/5.0 (compatible; DataForSeoBot/1.0; +https://dataforseo.com/dataforseo-bot)"
216.73.216.166 - - [26/Dec/2025:08:13:31 -0500] "GET /shop/kearney/oneida86263220190.html HTTP/1.1" 200 12888 "-" "Mozilla/5.0 AppleWebKit/537.36 (KHTML, like Gecko; compatible; ClaudeBot/1.0; +claudebot@anthropic.com)"
216.73.216.166 - - [26/Dec/2025:08:13:32 -0500] "GET /shop/felder/tantrum4452758358.html HTTP/1.1" 200 12888 "-" "Mozilla/5.0 AppleWebKit/537.36 (KHTML, like Gecko; compatible; ClaudeBot/1.0; +claudebot@anthropic.com)"
216.73.216.166 - - [26/Dec/2025:08:13:32 -0500] "GET /shop/crewmembers/demopolis86263237483.html HTTP/1.1" 200 12888 "-" "Mozilla/5.0 AppleWebKit/537.36 (KHTML, like Gecko; compatible; ClaudeBot/1.0; +claudebot@anthropic.com)"
216.73.216.166 - - [26/Dec/2025:08:13:33 -0500] "GET /shop/bealls/perceptron4452746711.html HTTP/1.1" 200 12888 "-" "Mozilla/5.0 AppleWebKit/537.36 (KHTML, like Gecko; compatible; ClaudeBot/1.0; +claudebot@anthropic.com)"
216.73.216.166 - - [26/Dec/2025:08:13:33 -0500] "GET /shop/otitis/sorbitol85570253373.html HTTP/1.1" 200 12888 "-" "Mozilla/5.0 AppleWebKit/537.36 (KHTML, like Gecko; compatible; ClaudeBot/1.0; +claudebot@anthropic.com)"
216.73.216.166 - - [26/Dec/2025:08:13:34 -0500] "GET /shop/chromatic/eggnog85570224525.html HTTP/1.1" 200 12888 "-" "Mozilla/5.0 AppleWebKit/537.36 (KHTML, like Gecko; compatible; ClaudeBot/1.0; +claudebot@anthropic.com)"
216.73.216.166 - - [26/Dec/2025:08:13:34 -0500] "GET /shop/sensations/satis16146159229.html HTTP/1.1" 200 12888 "-" "Mozilla/5.0 AppleWebKit/537.36 (KHTML, like Gecko; compatible; ClaudeBot/1.0; +claudebot@anthropic.com)"
216.73.216.166 - - [26/Dec/2025:08:13:35 -0500] "GET /shop/vocal/glaring80084188625.html HTTP/1.1" 200 12888 "-" "Mozilla/5.0 AppleWebKit/537.36 (KHTML, like Gecko; compatible; ClaudeBot/1.0; +claudebot@anthropic.com)"
216.73.216.166 - - [26/Dec/2025:08:13:35 -0500] "GET /shop/scons/bedard87276182658.html HTTP/1.1" 200 12888 "-" "Mozilla/5.0 AppleWebKit/537.36 (KHTML, like Gecko; compatible; ClaudeBot/1.0; +claudebot@anthropic.com)"
136.243.228.193 - - [26/Dec/2025:08:13:35 -0500] "GET /?commodity/conversions/irrigation925918197268 HTTP/1.1" 200 12888 "-" "Mozilla/5.0 (compatible; DataForSeoBot/1.0; +https://dataforseo.com/dataforseo-bot)"
216.73.216.166 - - [26/Dec/2025:08:13:36 -0500] "GET /shop/imageshackus/dwodp89464156429.html HTTP/1.1" 200 12888 "-" "Mozilla/5.0 AppleWebKit/537.36 (KHTML, like Gecko; compatible; ClaudeBot/1.0; +claudebot@anthropic.com)"
66.249.77.2 - - [26/Dec/2025:08:13:35 -0500] "GET /?commodity/lost/reminders9258894820 HTTP/1.1" 200 26448 "-" "Mozilla/5.0 (Linux; Android 6.0.1; Nexus 5X Build/MMB29P) AppleWebKit/537.36 (KHTML, like Gecko) Chrome/141.0.7390.122 Mobile Safari/537.36 (compatible; Googlebot/2.1; +http://www.google.com/bot.html)"
216.73.216.166 - - [26/Dec/2025:08:13:36 -0500] "GET /commodity/infants/gundam92604615183 HTTP/1.1" 200 12888 "-" "Mozilla/5.0 AppleWebKit/537.36 (KHTML, like Gecko; compatible; ClaudeBot/1.0; +claudebot@anthropic.com)"
216.73.216.166 - - [26/Dec/2025:08:13:37 -0500] "GET /shop/cpuid/docomo8557035668.html HTTP/1.1" 200 12888 "-" "Mozilla/5.0 AppleWebKit/537.36 (KHTML, like Gecko; compatible; ClaudeBot/1.0; +claudebot@anthropic.com)"
216.73.216.166 - - [26/Dec/2025:08:13:37 -0500] "GET /commodity/victories/arranging92604794193 HTTP/1.1" 200 12888 "-" "Mozilla/5.0 AppleWebKit/537.36 (KHTML, like Gecko; compatible; ClaudeBot/1.0; +claudebot@anthropic.com)"
216.73.216.166 - - [26/Dec/2025:08:13:38 -0500] "GET /commodity/metasearch/rudy926075748175 HTTP/1.1" 200 12888 "-" "Mozilla/5.0 AppleWebKit/537.36 (KHTML, like Gecko; compatible; ClaudeBot/1.0; +claudebot@anthropic.com)"
216.73.216.166 - - [26/Dec/2025:08:13:38 -0500] "GET /shop/networkcom/bulgarian89464129550.html HTTP/1.1" 200 12888 "-" "Mozilla/5.0 AppleWebKit/537.36 (KHTML, like Gecko; compatible; ClaudeBot/1.0; +claudebot@anthropic.com)"
216.73.216.166 - - [26/Dec/2025:08:13:39 -0500] "GET /shop/justifications/steppenwolf46740151400.html HTTP/1.1" 200 12888 "-" "Mozilla/5.0 AppleWebKit/537.36 (KHTML, like Gecko; compatible; ClaudeBot/1.0; +claudebot@anthropic.com)"
136.243.228.193 - - [26/Dec/2025:08:13:39 -0500] "GET /?commodity/srl/your925817948349 HTTP/1.1" 200 12888 "-" "Mozilla/5.0 (compatible; DataForSeoBot/1.0; +https://dataforseo.com/dataforseo-bot)"
216.73.216.166 - - [26/Dec/2025:08:13:39 -0500] "GET /shop/flirts/michaelis85570171885.html HTTP/1.1" 200 12888 "-" "Mozilla/5.0 AppleWebKit/537.36 (KHTML, like Gecko; compatible; ClaudeBot/1.0; +claudebot@anthropic.com)"
216.73.216.166 - - [26/Dec/2025:08:13:40 -0500] "GET /commodity/abstract/athletes926173420055 HTTP/1.1" 200 12888 "-" "Mozilla/5.0 AppleWebKit/537.36 (KHTML, like Gecko; compatible; ClaudeBot/1.0; +claudebot@anthropic.com)"
216.73.216.166 - - [26/Dec/2025:08:13:40 -0500] "GET /commodity/regimes/bse926273928279 HTTP/1.1" 200 12888 "-" "Mozilla/5.0 AppleWebKit/537.36 (KHTML, like Gecko; compatible; ClaudeBot/1.0; +claudebot@anthropic.com)"
216.73.216.166 - - [26/Dec/2025:08:13:41 -0500] "GET /shop/mapinfo/hostessenservice89464242307.html HTTP/1.1" 200 12888 "-" "Mozilla/5.0 AppleWebKit/537.36 (KHTML, like Gecko; compatible; ClaudeBot/1.0; +claudebot@anthropic.com)"
216.73.216.166 - - [26/Dec/2025:08:13:41 -0500] "GET /commodity/attorney/ditch92601614782 HTTP/1.1" 200 12888 "-" "Mozilla/5.0 AppleWebKit/537.36 (KHTML, like Gecko; compatible; ClaudeBot/1.0; +claudebot@anthropic.com)"
216.73.216.166 - - [26/Dec/2025:08:13:42 -0500] "GET /commodity/hindi/diagnose92573252346 HTTP/1.1" 200 12888 "-" "Mozilla/5.0 AppleWebKit/537.36 (KHTML, like Gecko; compatible; ClaudeBot/1.0; +claudebot@anthropic.com)"
216.73.216.166 - - [26/Dec/2025:08:13:42 -0500] "GET /shop/paddy/ellesse44527102319.html HTTP/1.1" 200 12888 "-" "Mozilla/5.0 AppleWebKit/537.36 (KHTML, like Gecko; compatible; ClaudeBot/1.0; +claudebot@anthropic.com)"
216.73.216.166 - - [26/Dec/2025:08:13:43 -0500] "GET /commodity/university/consoles92586304157 HTTP/1.1" 200 12888 "-" "Mozilla/5.0 AppleWebKit/537.36 (KHTML, like Gecko; compatible; ClaudeBot/1.0; +claudebot@anthropic.com)"
136.243.228.193 - - [26/Dec/2025:08:13:43 -0500] "GET /?commodity/redesign/wilhelm926113650198 HTTP/1.1" 200 12888 "-" "Mozilla/5.0 (compatible; DataForSeoBot/1.0; +https://dataforseo.com/dataforseo-bot)"
216.73.216.166 - - [26/Dec/2025:08:13:43 -0500] "GET /shop/crossovers/infocom16146228239.html HTTP/1.1" 200 12888 "-" "Mozilla/5.0 AppleWebKit/537.36 (KHTML, like Gecko; compatible; ClaudeBot/1.0; +claudebot@anthropic.com)"
216.73.216.166 - - [26/Dec/2025:08:13:44 -0500] "GET /commodity/ud/sakai926276706912 HTTP/1.1" 200 12888 "-" "Mozilla/5.0 AppleWebKit/537.36 (KHTML, like Gecko; compatible; ClaudeBot/1.0; +claudebot@anthropic.com)"
216.73.216.166 - - [26/Dec/2025:08:13:44 -0500] "GET /shop/constantia/quips16146273155.html HTTP/1.1" 200 12888 "-" "Mozilla/5.0 AppleWebKit/537.36 (KHTML, like Gecko; compatible; ClaudeBot/1.0; +claudebot@anthropic.com)"
216.73.216.166 - - [26/Dec/2025:08:13:45 -0500] "GET /shop/buildup/rutgers86897133532.html HTTP/1.1" 200 12888 "-" "Mozilla/5.0 AppleWebKit/537.36 (KHTML, like Gecko; compatible; ClaudeBot/1.0; +claudebot@anthropic.com)"
216.73.216.166 - - [26/Dec/2025:08:13:45 -0500] "GET /shop/dubbo/drank86263164669.html HTTP/1.1" 200 12888 "-" "Mozilla/5.0 AppleWebKit/537.36 (KHTML, like Gecko; compatible; ClaudeBot/1.0; +claudebot@anthropic.com)"
216.73.216.166 - - [26/Dec/2025:08:13:46 -0500] "GET /commodity/suspended/blades925877399189 HTTP/1.1" 200 12888 "-" "Mozilla/5.0 AppleWebKit/537.36 (KHTML, like Gecko; compatible; ClaudeBot/1.0; +claudebot@anthropic.com)"
216.73.216.166 - - [26/Dec/2025:08:13:46 -0500] "GET /commodity/respiratory/acer9258966572 HTTP/1.1" 200 12888 "-" "Mozilla/5.0 AppleWebKit/537.36 (KHTML, like Gecko; compatible; ClaudeBot/1.0; +claudebot@anthropic.com)"
216.73.216.166 - - [26/Dec/2025:08:13:47 -0500] "GET /shop/valleys/thumnails67030293208.html HTTP/1.1" 200 12888 "-" "Mozilla/5.0 AppleWebKit/537.36 (KHTML, like Gecko; compatible; ClaudeBot/1.0; +claudebot@anthropic.com)"
216.73.216.166 - - [26/Dec/2025:08:13:47 -0500] "GET /shop/jaroslav/forensic8727693626.html HTTP/1.1" 200 12888 "-" "Mozilla/5.0 AppleWebKit/537.36 (KHTML, like Gecko; compatible; ClaudeBot/1.0; +claudebot@anthropic.com)"
66.249.77.1 - - [26/Dec/2025:08:13:46 -0500] "GET /?commodity/cold/algorithm92601603204 HTTP/1.1" 200 27315 "-" "Mozilla/5.0 (Linux; Android 6.0.1; Nexus 5X Build/MMB29P) AppleWebKit/537.36 (KHTML, like Gecko) Chrome/141.0.7390.122 Mobile Safari/537.36 (compatible; Googlebot/2.1; +http://www.google.com/bot.html)"
136.243.228.193 - - [26/Dec/2025:08:13:48 -0500] "GET /?commodity/mvp/graffiti925814903994 HTTP/1.1" 200 12888 "-" "Mozilla/5.0 (compatible; DataForSeoBot/1.0; +https://dataforseo.com/dataforseo-bot)"
216.73.216.166 - - [26/Dec/2025:08:13:48 -0500] "GET /shop/cringe/lindberg8557082653.html HTTP/1.1" 200 12888 "-" "Mozilla/5.0 AppleWebKit/537.36 (KHTML, like Gecko; compatible; ClaudeBot/1.0; +claudebot@anthropic.com)"
216.73.216.166 - - [26/Dec/2025:08:13:48 -0500] "GET /commodity/circus/attainment92576089516 HTTP/1.1" 200 12888 "-" "Mozilla/5.0 AppleWebKit/537.36 (KHTML, like Gecko; compatible; ClaudeBot/1.0; +claudebot@anthropic.com)"
216.73.216.166 - - [26/Dec/2025:08:13:49 -0500] "GET /commodity/transmitter/paints9258671894 HTTP/1.1" 200 12888 "-" "Mozilla/5.0 AppleWebKit/537.36 (KHTML, like Gecko; compatible; ClaudeBot/1.0; +claudebot@anthropic.com)"
216.73.216.166 - - [26/Dec/2025:08:13:49 -0500] "GET /shop/bottomley/dementia4674026.html HTTP/1.1" 200 12888 "-" "Mozilla/5.0 AppleWebKit/537.36 (KHTML, like Gecko; compatible; ClaudeBot/1.0; +claudebot@anthropic.com)"
216.73.216.166 - - [26/Dec/2025:08:13:50 -0500] "GET /commodity/cheng/but92572918144 HTTP/1.1" 200 12888 "-" "Mozilla/5.0 AppleWebKit/537.36 (KHTML, like Gecko; compatible; ClaudeBot/1.0; +claudebot@anthropic.com)"
216.73.216.166 - - [26/Dec/2025:08:13:50 -0500] "GET /shop/ghost/magenta86897294752.html HTTP/1.1" 200 12888 "-" "Mozilla/5.0 AppleWebKit/537.36 (KHTML, like Gecko; compatible; ClaudeBot/1.0; +claudebot@anthropic.com)"
216.73.216.166 - - [26/Dec/2025:08:13:51 -0500] "GET /shop/argument/restrike800844399.html HTTP/1.1" 200 12888 "-" "Mozilla/5.0 AppleWebKit/537.36 (KHTML, like Gecko; compatible; ClaudeBot/1.0; +claudebot@anthropic.com)"
136.243.228.193 - - [26/Dec/2025:08:13:51 -0500] "GET /?commodity/accord/organizations925717270286 HTTP/1.1" 200 12888 "-" "Mozilla/5.0 (compatible; DataForSeoBot/1.0; +https://dataforseo.com/dataforseo-bot)"
216.73.216.166 - - [26/Dec/2025:08:13:51 -0500] "GET /shop/nilsson/murdock89464232928.html HTTP/1.1" 200 12888 "-" "Mozilla/5.0 AppleWebKit/537.36 (KHTML, like Gecko; compatible; ClaudeBot/1.0; +claudebot@anthropic.com)"
216.73.216.166 - - [26/Dec/2025:08:13:52 -0500] "GET /commodity/poy/disclosures92586491294 HTTP/1.1" 200 12888 "-" "Mozilla/5.0 AppleWebKit/537.36 (KHTML, like Gecko; compatible; ClaudeBot/1.0; +claudebot@anthropic.com)"
216.73.216.166 - - [26/Dec/2025:08:13:52 -0500] "GET /shop/realize/hogwarts8689798891.html HTTP/1.1" 200 12888 "-" "Mozilla/5.0 AppleWebKit/537.36 (KHTML, like Gecko; compatible; ClaudeBot/1.0; +claudebot@anthropic.com)"
216.73.216.166 - - [26/Dec/2025:08:13:53 -0500] "GET /commodity/bank/grain92583523769 HTTP/1.1" 200 12888 "-" "Mozilla/5.0 AppleWebKit/537.36 (KHTML, like Gecko; compatible; ClaudeBot/1.0; +claudebot@anthropic.com)"
216.73.216.166 - - [26/Dec/2025:08:13:53 -0500] "GET /commodity/madness/natasha92612156897 HTTP/1.1" 200 12888 "-" "Mozilla/5.0 AppleWebKit/537.36 (KHTML, like Gecko; compatible; ClaudeBot/1.0; +claudebot@anthropic.com)"
216.73.216.166 - - [26/Dec/2025:08:13:54 -0500] "GET /shop/rayne/clickajob44527201735.html HTTP/1.1" 200 12888 "-" "Mozilla/5.0 AppleWebKit/537.36 (KHTML, like Gecko; compatible; ClaudeBot/1.0; +claudebot@anthropic.com)"
216.73.216.166 - - [26/Dec/2025:08:13:54 -0500] "GET /commodity/pipes/papa92591370417 HTTP/1.1" 200 12888 "-" "Mozilla/5.0 AppleWebKit/537.36 (KHTML, like Gecko; compatible; ClaudeBot/1.0; +claudebot@anthropic.com)"
216.73.216.166 - - [26/Dec/2025:08:13:55 -0500] "GET /shop/hagar/certi8626384637.html HTTP/1.1" 200 12888 "-" "Mozilla/5.0 AppleWebKit/537.36 (KHTML, like Gecko; compatible; ClaudeBot/1.0; +claudebot@anthropic.com)"
216.73.216.166 - - [26/Dec/2025:08:13:55 -0500] "GET /shop/chudcom/quotables8727643696.html HTTP/1.1" 200 12888 "-" "Mozilla/5.0 AppleWebKit/537.36 (KHTML, like Gecko; compatible; ClaudeBot/1.0; +claudebot@anthropic.com)"
136.243.228.193 - - [26/Dec/2025:08:13:56 -0500] "GET /?commodity/commercials/kauai925812327189 HTTP/1.1" 200 12888 "-" "Mozilla/5.0 (compatible; DataForSeoBot/1.0; +https://dataforseo.com/dataforseo-bot)"
216.73.216.166 - - [26/Dec/2025:08:13:56 -0500] "GET /shop/disallowed/flannel89464167785.html HTTP/1.1" 200 12888 "-" "Mozilla/5.0 AppleWebKit/537.36 (KHTML, like Gecko; compatible; ClaudeBot/1.0; +claudebot@anthropic.com)"
216.73.216.166 - - [26/Dec/2025:08:13:56 -0500] "GET /commodity/pledged/punjab92604515272 HTTP/1.1" 200 12888 "-" "Mozilla/5.0 AppleWebKit/537.36 (KHTML, like Gecko; compatible; ClaudeBot/1.0; +claudebot@anthropic.com)"
216.73.216.166 - - [26/Dec/2025:08:13:57 -0500] "GET /shop/hydrant/wetness46740282381.html HTTP/1.1" 200 12888 "-" "Mozilla/5.0 AppleWebKit/537.36 (KHTML, like Gecko; compatible; ClaudeBot/1.0; +claudebot@anthropic.com)"
216.73.216.166 - - [26/Dec/2025:08:13:57 -0500] "GET /shop/marvelously/joslin8689768851.html HTTP/1.1" 200 12888 "-" "Mozilla/5.0 AppleWebKit/537.36 (KHTML, like Gecko; compatible; ClaudeBot/1.0; +claudebot@anthropic.com)"
216.73.216.166 - - [26/Dec/2025:08:13:58 -0500] "GET /shop/honorable/clearances44527213436.html HTTP/1.1" 200 12888 "-" "Mozilla/5.0 AppleWebKit/537.36 (KHTML, like Gecko; compatible; ClaudeBot/1.0; +claudebot@anthropic.com)"
216.73.216.166 - - [26/Dec/2025:08:13:58 -0500] "GET /shop/layered/tulloch8557071706.html HTTP/1.1" 200 12888 "-" "Mozilla/5.0 AppleWebKit/537.36 (KHTML, like Gecko; compatible; ClaudeBot/1.0; +claudebot@anthropic.com)"
202.76.189.138 - - [26/Dec/2025:08:13:58 -0500] "GET /shop/passband/smartphones44527291543.html HTTP/1.1" 200 14464 "-" "Mozilla/5.0 (Macintosh; Intel Mac OS X 10_9_3) AppleWebKit/537.36 (KHTML, like Gecko) Chrome/35.0.1916.47 Safari/537.36"
216.73.216.166 - - [26/Dec/2025:08:13:59 -0500] "GET /shop/nephews/retain8008414167.html HTTP/1.1" 200 12888 "-" "Mozilla/5.0 AppleWebKit/537.36 (KHTML, like Gecko; compatible; ClaudeBot/1.0; +claudebot@anthropic.com)"
136.243.228.193 - - [26/Dec/2025:08:13:59 -0500] "GET /?commodity/dogs/gd925711441829 HTTP/1.1" 200 12888 "-" "Mozilla/5.0 (compatible; DataForSeoBot/1.0; +https://dataforseo.com/dataforseo-bot)"
216.73.216.166 - - [26/Dec/2025:08:13:59 -0500] "GET /shop/consequat/phoned80084300791.html HTTP/1.1" 200 12888 "-" "Mozilla/5.0 AppleWebKit/537.36 (KHTML, like Gecko; compatible; ClaudeBot/1.0; +claudebot@anthropic.com)"
216.73.216.166 - - [26/Dec/2025:08:14:00 -0500] "GET /shop/annihilator/mappa85570142751.html HTTP/1.1" 200 12888 "-" "Mozilla/5.0 AppleWebKit/537.36 (KHTML, like Gecko; compatible; ClaudeBot/1.0; +claudebot@anthropic.com)"
66.249.77.1 - - [26/Dec/2025:08:13:59 -0500] "GET /?commodity/tapes/subsections92612437544 HTTP/1.1" 200 26572 "-" "Mozilla/5.0 (Linux; Android 6.0.1; Nexus 5X Build/MMB29P) AppleWebKit/537.36 (KHTML, like Gecko) Chrome/141.0.7390.122 Mobile Safari/537.36 (compatible; Googlebot/2.1; +http://www.google.com/bot.html)"
216.73.216.166 - - [26/Dec/2025:08:14:00 -0500] "GET /shop/guetta/emplacement80084178868.html HTTP/1.1" 200 12888 "-" "Mozilla/5.0 AppleWebKit/537.36 (KHTML, like Gecko; compatible; ClaudeBot/1.0; +claudebot@anthropic.com)"
216.73.216.166 - - [26/Dec/2025:08:14:01 -0500] "GET /commodity/atmosphere/oath92612013416 HTTP/1.1" 200 12888 "-" "Mozilla/5.0 AppleWebKit/537.36 (KHTML, like Gecko; compatible; ClaudeBot/1.0; +claudebot@anthropic.com)"
216.73.216.166 - - [26/Dec/2025:08:14:01 -0500] "GET /shop/sinclair/injury8946415542.html HTTP/1.1" 200 12888 "-" "Mozilla/5.0 AppleWebKit/537.36 (KHTML, like Gecko; compatible; ClaudeBot/1.0; +claudebot@anthropic.com)"
216.73.216.166 - - [26/Dec/2025:08:14:02 -0500] "GET /shop/meanders/venomous86897247653.html HTTP/1.1" 200 12888 "-" "Mozilla/5.0 AppleWebKit/537.36 (KHTML, like Gecko; compatible; ClaudeBot/1.0; +claudebot@anthropic.com)"
216.73.216.166 - - [26/Dec/2025:08:14:02 -0500] "GET /shop/chandra/available89464272251.html HTTP/1.1" 200 12888 "-" "Mozilla/5.0 AppleWebKit/537.36 (KHTML, like Gecko; compatible; ClaudeBot/1.0; +claudebot@anthropic.com)"
216.73.216.166 - - [26/Dec/2025:08:14:03 -0500] "GET /commodity/cm/freezers92625652662 HTTP/1.1" 200 12888 "-" "Mozilla/5.0 AppleWebKit/537.36 (KHTML, like Gecko; compatible; ClaudeBot/1.0; +claudebot@anthropic.com)"
216.73.216.166 - - [26/Dec/2025:08:14:03 -0500] "GET /shop/lessing/dhmokratias4674012835.html HTTP/1.1" 200 12888 "-" "Mozilla/5.0 AppleWebKit/537.36 (KHTML, like Gecko; compatible; ClaudeBot/1.0; +claudebot@anthropic.com)"
136.243.228.193 - - [26/Dec/2025:08:14:04 -0500] "GET /?commodity/concentrated/lipitor925811963394 HTTP/1.1" 200 12888 "-" "Mozilla/5.0 (compatible; DataForSeoBot/1.0; +https://dataforseo.com/dataforseo-bot)"
216.73.216.166 - - [26/Dec/2025:08:14:04 -0500] "GET /commodity/femme/environmental92604498061 HTTP/1.1" 200 12888 "-" "Mozilla/5.0 AppleWebKit/537.36 (KHTML, like Gecko; compatible; ClaudeBot/1.0; +claudebot@anthropic.com)"
216.73.216.166 - - [26/Dec/2025:08:14:04 -0500] "GET /shop/sleaford/dormitory85570132747.html HTTP/1.1" 200 12888 "-" "Mozilla/5.0 AppleWebKit/537.36 (KHTML, like Gecko; compatible; ClaudeBot/1.0; +claudebot@anthropic.com)"
216.73.216.166 - - [26/Dec/2025:08:14:05 -0500] "GET /shop/ringers/primark89464218052.html HTTP/1.1" 200 12888 "-" "Mozilla/5.0 AppleWebKit/537.36 (KHTML, like Gecko; compatible; ClaudeBot/1.0; +claudebot@anthropic.com)"
216.73.216.166 - - [26/Dec/2025:08:14:05 -0500] "GET /commodity/sensation/milk92591042886 HTTP/1.1" 200 12888 "-" "Mozilla/5.0 AppleWebKit/537.36 (KHTML, like Gecko; compatible; ClaudeBot/1.0; +claudebot@anthropic.com)"
216.73.216.166 - - [26/Dec/2025:08:14:06 -0500] "GET /commodity/rave/bodily92601715267 HTTP/1.1" 200 12888 "-" "Mozilla/5.0 AppleWebKit/537.36 (KHTML, like Gecko; compatible; ClaudeBot/1.0; +claudebot@anthropic.com)"
216.73.216.166 - - [26/Dec/2025:08:14:06 -0500] "GET /commodity/corpus/fulfil92583776417 HTTP/1.1" 200 12888 "-" "Mozilla/5.0 AppleWebKit/537.36 (KHTML, like Gecko; compatible; ClaudeBot/1.0; +claudebot@anthropic.com)"
216.73.216.166 - - [26/Dec/2025:08:14:07 -0500] "GET /shop/dalek/vilnius89464185645.html HTTP/1.1" 200 12888 "-" "Mozilla/5.0 AppleWebKit/537.36 (KHTML, like Gecko; compatible; ClaudeBot/1.0; +claudebot@anthropic.com)"
136.243.228.193 - - [26/Dec/2025:08:14:07 -0500] "GET /?commodity/hayden/dpi925915497736 HTTP/1.1" 200 12888 "-" "Mozilla/5.0 (compatible; DataForSeoBot/1.0; +https://dataforseo.com/dataforseo-bot)"
216.73.216.166 - - [26/Dec/2025:08:14:07 -0500] "GET /shop/llangollen/coulson8557071073.html HTTP/1.1" 200 12888 "-" "Mozilla/5.0 AppleWebKit/537.36 (KHTML, like Gecko; compatible; ClaudeBot/1.0; +claudebot@anthropic.com)"
66.249.77.1 - - [26/Dec/2025:08:14:09 -0500] "GET /?commodity/clutch/clutter9257352026 HTTP/1.1" 200 24953 "-" "Mozilla/5.0 (Linux; Android 6.0.1; Nexus 5X Build/MMB29P) AppleWebKit/537.36 (KHTML, like Gecko) Chrome/141.0.7390.122 Mobile Safari/537.36 (compatible; Googlebot/2.1; +http://www.google.com/bot.html)"
136.243.228.193 - - [26/Dec/2025:08:14:11 -0500] "GET /?commodity/migrate/anticipation925812168393 HTTP/1.1" 200 12888 "-" "Mozilla/5.0 (compatible; DataForSeoBot/1.0; +https://dataforseo.com/dataforseo-bot)"
66.249.77.1 - - [26/Dec/2025:08:14:13 -0500] "GET /92591065973.phtml HTTP/1.1" 200 26510 "-" "Mozilla/5.0 (Linux; Android 6.0.1; Nexus 5X Build/MMB29P) AppleWebKit/537.36 (KHTML, like Gecko) Chrome/141.0.7390.122 Mobile Safari/537.36 (compatible; Googlebot/2.1; +http://www.google.com/bot.html)"
136.243.228.193 - - [26/Dec/2025:08:14:15 -0500] "GET /?commodity/forma/rockies925915625143 HTTP/1.1" 200 12888 "-" "Mozilla/5.0 (compatible; DataForSeoBot/1.0; +https://dataforseo.com/dataforseo-bot)"
66.249.77.1 - - [26/Dec/2025:08:14:16 -0500] "GET /?commodity/ancestor/inhabitants92591311071 HTTP/1.1" 200 26764 "-" "Mozilla/5.0 (Linux; Android 6.0.1; Nexus 5X Build/MMB29P) AppleWebKit/537.36 (KHTML, like Gecko) Chrome/141.0.7390.122 Mobile Safari/537.36 (compatible; Googlebot/2.1; +http://www.google.com/bot.html)"
216.73.216.166 - - [26/Dec/2025:08:14:17 -0500] "GET /shop/retval/hosters16146103300.html HTTP/1.1" 200 12888 "-" "Mozilla/5.0 AppleWebKit/537.36 (KHTML, like Gecko; compatible; ClaudeBot/1.0; +claudebot@anthropic.com)"
114.119.149.90 - - [26/Dec/2025:08:14:17 -0500] "GET /commodity/something/crisis926055927373 HTTP/1.1" 200 14464 "https://pandaexpressketo.com/sitemap890.xml" "Mozilla/5.0 (Linux; Android 7.0;) AppleWebKit/537.36 (KHTML, like Gecko) Mobile Safari/537.36 (compatible; PetalBot;+https://webmaster.petalsearch.com/site/petalbot)"
216.73.216.166 - - [26/Dec/2025:08:14:17 -0500] "GET /shop/referenced/unobligated868976471.html HTTP/1.1" 200 12888 "-" "Mozilla/5.0 AppleWebKit/537.36 (KHTML, like Gecko; compatible; ClaudeBot/1.0; +claudebot@anthropic.com)"
216.73.216.166 - - [26/Dec/2025:08:14:18 -0500] "GET /shop/napoca/zimmerman800846080.html HTTP/1.1" 200 12888 "-" "Mozilla/5.0 AppleWebKit/537.36 (KHTML, like Gecko; compatible; ClaudeBot/1.0; +claudebot@anthropic.com)"
216.73.216.166 - - [26/Dec/2025:08:14:18 -0500] "GET /shop/crimper/warming8727682779.html HTTP/1.1" 200 12888 "-" "Mozilla/5.0 AppleWebKit/537.36 (KHTML, like Gecko; compatible; ClaudeBot/1.0; +claudebot@anthropic.com)"
216.73.216.166 - - [26/Dec/2025:08:14:19 -0500] "GET /shop/havnt/viator8689794219.html HTTP/1.1" 200 12888 "-" "Mozilla/5.0 AppleWebKit/537.36 (KHTML, like Gecko; compatible; ClaudeBot/1.0; +claudebot@anthropic.com)"
216.73.216.166 - - [26/Dec/2025:08:14:19 -0500] "GET /shop/gencircles/unclean16146132897.html HTTP/1.1" 200 12888 "-" "Mozilla/5.0 AppleWebKit/537.36 (KHTML, like Gecko; compatible; ClaudeBot/1.0; +claudebot@anthropic.com)"
136.243.228.193 - - [26/Dec/2025:08:14:20 -0500] "GET /?commodity/marino/proverbs926214046528 HTTP/1.1" 200 12888 "-" "Mozilla/5.0 (compatible; DataForSeoBot/1.0; +https://dataforseo.com/dataforseo-bot)"
216.73.216.166 - - [26/Dec/2025:08:14:20 -0500] "GET /shop/winbond/disaggregated8626365827.html HTTP/1.1" 200 12888 "-" "Mozilla/5.0 AppleWebKit/537.36 (KHTML, like Gecko; compatible; ClaudeBot/1.0; +claudebot@anthropic.com)"
216.73.216.166 - - [26/Dec/2025:08:14:20 -0500] "GET /shop/michaels/brittney87276257913.html HTTP/1.1" 200 12888 "-" "Mozilla/5.0 AppleWebKit/537.36 (KHTML, like Gecko; compatible; ClaudeBot/1.0; +claudebot@anthropic.com)"
216.73.216.166 - - [26/Dec/2025:08:14:21 -0500] "GET /shop/pahang/cdjunglecom86897136318.html HTTP/1.1" 200 12888 "-" "Mozilla/5.0 AppleWebKit/537.36 (KHTML, like Gecko; compatible; ClaudeBot/1.0; +claudebot@anthropic.com)"
216.73.216.166 - - [26/Dec/2025:08:14:21 -0500] "GET /shop/howler/gydar16146135398.html HTTP/1.1" 200 12888 "-" "Mozilla/5.0 AppleWebKit/537.36 (KHTML, like Gecko; compatible; ClaudeBot/1.0; +claudebot@anthropic.com)"
216.73.216.166 - - [26/Dec/2025:08:14:22 -0500] "GET /shop/chagrin/extramarital87276340391.html HTTP/1.1" 200 12888 "-" "Mozilla/5.0 AppleWebKit/537.36 (KHTML, like Gecko; compatible; ClaudeBot/1.0; +claudebot@anthropic.com)"
216.73.216.166 - - [26/Dec/2025:08:14:22 -0500] "GET /shop/biphenyls/skunk86263265333.html HTTP/1.1" 200 12888 "-" "Mozilla/5.0 AppleWebKit/537.36 (KHTML, like Gecko; compatible; ClaudeBot/1.0; +claudebot@anthropic.com)"
216.73.216.166 - - [26/Dec/2025:08:14:23 -0500] "GET /shop/moorhead/gilboa86897158906.html HTTP/1.1" 200 12888 "-" "Mozilla/5.0 AppleWebKit/537.36 (KHTML, like Gecko; compatible; ClaudeBot/1.0; +claudebot@anthropic.com)"
66.249.77.1 - - [26/Dec/2025:08:14:22 -0500] "GET /?commodity/fight/authenticity92622553484 HTTP/1.1" 200 26162 "-" "Mozilla/5.0 (Linux; Android 6.0.1; Nexus 5X Build/MMB29P) AppleWebKit/537.36 (KHTML, like Gecko) Chrome/141.0.7390.122 Mobile Safari/537.36 (compatible; Googlebot/2.1; +http://www.google.com/bot.html)"
136.243.228.193 - - [26/Dec/2025:08:14:23 -0500] "GET /?commodity/spectator/strollers925714328468 HTTP/1.1" 200 12888 "-" "Mozilla/5.0 (compatible; DataForSeoBot/1.0; +https://dataforseo.com/dataforseo-bot)"
216.73.216.166 - - [26/Dec/2025:08:14:23 -0500] "GET /shop/tester/speciality80084240800.html HTTP/1.1" 200 12888 "-" "Mozilla/5.0 AppleWebKit/537.36 (KHTML, like Gecko; compatible; ClaudeBot/1.0; +claudebot@anthropic.com)"
216.73.216.166 - - [26/Dec/2025:08:14:24 -0500] "GET /shop/needful/biosynthetic80084298326.html HTTP/1.1" 200 12888 "-" "Mozilla/5.0 AppleWebKit/537.36 (KHTML, like Gecko; compatible; ClaudeBot/1.0; +claudebot@anthropic.com)"
216.73.216.166 - - [26/Dec/2025:08:14:24 -0500] "GET /shop/heard/feedburner67030225763.html HTTP/1.1" 200 12888 "-" "Mozilla/5.0 AppleWebKit/537.36 (KHTML, like Gecko; compatible; ClaudeBot/1.0; +claudebot@anthropic.com)"
216.73.216.166 - - [26/Dec/2025:08:14:25 -0500] "GET /shop/plumper/lithuanian80084256580.html HTTP/1.1" 200 12888 "-" "Mozilla/5.0 AppleWebKit/537.36 (KHTML, like Gecko; compatible; ClaudeBot/1.0; +claudebot@anthropic.com)"
216.73.216.166 - - [26/Dec/2025:08:14:25 -0500] "GET /shop/callisto/mcentire8557061536.html HTTP/1.1" 200 12888 "-" "Mozilla/5.0 AppleWebKit/537.36 (KHTML, like Gecko; compatible; ClaudeBot/1.0; +claudebot@anthropic.com)"
216.73.216.166 - - [26/Dec/2025:08:14:26 -0500] "GET /shop/toddler/servicemarks87276147305.html HTTP/1.1" 200 12888 "-" "Mozilla/5.0 AppleWebKit/537.36 (KHTML, like Gecko; compatible; ClaudeBot/1.0; +claudebot@anthropic.com)"
216.73.216.166 - - [26/Dec/2025:08:14:26 -0500] "GET /shop/tiptoe/antebellum8008495234.html HTTP/1.1" 200 12888 "-" "Mozilla/5.0 AppleWebKit/537.36 (KHTML, like Gecko; compatible; ClaudeBot/1.0; +claudebot@anthropic.com)"
216.73.216.166 - - [26/Dec/2025:08:14:27 -0500] "GET /shop/lenihan/hemostasis8689754814.html HTTP/1.1" 200 12888 "-" "Mozilla/5.0 AppleWebKit/537.36 (KHTML, like Gecko; compatible; ClaudeBot/1.0; +claudebot@anthropic.com)"
216.73.216.166 - - [26/Dec/2025:08:14:27 -0500] "GET /shop/bizzaro/superficial16146144438.html HTTP/1.1" 200 12888 "-" "Mozilla/5.0 AppleWebKit/537.36 (KHTML, like Gecko; compatible; ClaudeBot/1.0; +claudebot@anthropic.com)"
136.243.228.193 - - [26/Dec/2025:08:14:28 -0500] "GET /?commodity/conscience/roommates926113581063 HTTP/1.1" 200 12888 "-" "Mozilla/5.0 (compatible; DataForSeoBot/1.0; +https://dataforseo.com/dataforseo-bot)"
216.73.216.166 - - [26/Dec/2025:08:14:28 -0500] "GET /shop/starck/oritron86263151545.html HTTP/1.1" 200 12888 "-" "Mozilla/5.0 AppleWebKit/537.36 (KHTML, like Gecko; compatible; ClaudeBot/1.0; +claudebot@anthropic.com)"
216.73.216.166 - - [26/Dec/2025:08:14:28 -0500] "GET /shop/exmoor/ledbetter86263109870.html HTTP/1.1" 200 12888 "-" "Mozilla/5.0 AppleWebKit/537.36 (KHTML, like Gecko; compatible; ClaudeBot/1.0; +claudebot@anthropic.com)"
216.73.216.166 - - [26/Dec/2025:08:14:29 -0500] "GET /shop/radison/creditcards872766601.html HTTP/1.1" 200 12888 "-" "Mozilla/5.0 AppleWebKit/537.36 (KHTML, like Gecko; compatible; ClaudeBot/1.0; +claudebot@anthropic.com)"
