136.243.228.193 - - [26/Dec/2025:08:02:59 -0500] "GET /?commodity/albion/marcel925915606834 HTTP/1.1" 200 12888 "-" "Mozilla/5.0 (compatible; DataForSeoBot/1.0; +https://dataforseo.com/dataforseo-bot)"
216.73.216.166 - - [26/Dec/2025:08:02:59 -0500] "GET /shop/cactus/metrologic8008440543.html HTTP/1.1" 200 12888 "-" "Mozilla/5.0 AppleWebKit/537.36 (KHTML, like Gecko; compatible; ClaudeBot/1.0; +claudebot@anthropic.com)"
216.73.216.166 - - [26/Dec/2025:08:03:00 -0500] "GET /shop/wicca/preventative46740276717.html HTTP/1.1" 200 12888 "-" "Mozilla/5.0 AppleWebKit/537.36 (KHTML, like Gecko; compatible; ClaudeBot/1.0; +claudebot@anthropic.com)"
216.73.216.166 - - [26/Dec/2025:08:03:00 -0500] "GET /shop/sakurai/biggie87276115567.html HTTP/1.1" 200 12888 "-" "Mozilla/5.0 AppleWebKit/537.36 (KHTML, like Gecko; compatible; ClaudeBot/1.0; +claudebot@anthropic.com)"
216.73.216.166 - - [26/Dec/2025:08:03:01 -0500] "GET /shop/spiritually/postercom89464272281.html HTTP/1.1" 200 12888 "-" "Mozilla/5.0 AppleWebKit/537.36 (KHTML, like Gecko; compatible; ClaudeBot/1.0; +claudebot@anthropic.com)"
216.73.216.166 - - [26/Dec/2025:08:03:01 -0500] "GET /shop/killdeer/screwing1614643549.html HTTP/1.1" 200 12888 "-" "Mozilla/5.0 AppleWebKit/537.36 (KHTML, like Gecko; compatible; ClaudeBot/1.0; +claudebot@anthropic.com)"
216.73.216.166 - - [26/Dec/2025:08:03:02 -0500] "GET /shop/dispenser/cytoplasm87276257054.html HTTP/1.1" 200 12888 "-" "Mozilla/5.0 AppleWebKit/537.36 (KHTML, like Gecko; compatible; ClaudeBot/1.0; +claudebot@anthropic.com)"
216.73.216.166 - - [26/Dec/2025:08:03:02 -0500] "GET /shop/categories/langue80084103542.html HTTP/1.1" 200 12888 "-" "Mozilla/5.0 AppleWebKit/537.36 (KHTML, like Gecko; compatible; ClaudeBot/1.0; +claudebot@anthropic.com)"
216.73.216.166 - - [26/Dec/2025:08:03:03 -0500] "GET /shop/translator/metabolites86897165770.html HTTP/1.1" 200 12888 "-" "Mozilla/5.0 AppleWebKit/537.36 (KHTML, like Gecko; compatible; ClaudeBot/1.0; +claudebot@anthropic.com)"
136.243.228.193 - - [26/Dec/2025:08:03:03 -0500] "GET /?commodity/gangbang/glowing926216687578 HTTP/1.1" 200 12888 "-" "Mozilla/5.0 (compatible; DataForSeoBot/1.0; +https://dataforseo.com/dataforseo-bot)"
216.73.216.166 - - [26/Dec/2025:08:03:03 -0500] "GET /shop/passer/kaliningrad16146158946.html HTTP/1.1" 200 12888 "-" "Mozilla/5.0 AppleWebKit/537.36 (KHTML, like Gecko; compatible; ClaudeBot/1.0; +claudebot@anthropic.com)"
216.73.216.166 - - [26/Dec/2025:08:03:04 -0500] "GET /shop/neutralize/foremost44527102561.html HTTP/1.1" 200 12888 "-" "Mozilla/5.0 AppleWebKit/537.36 (KHTML, like Gecko; compatible; ClaudeBot/1.0; +claudebot@anthropic.com)"
216.73.216.166 - - [26/Dec/2025:08:03:04 -0500] "GET /shop/agricole/gruppi89464201458.html HTTP/1.1" 200 12888 "-" "Mozilla/5.0 AppleWebKit/537.36 (KHTML, like Gecko; compatible; ClaudeBot/1.0; +claudebot@anthropic.com)"
216.73.216.166 - - [26/Dec/2025:08:03:05 -0500] "GET /shop/littman/twister4674011137.html HTTP/1.1" 200 12888 "-" "Mozilla/5.0 AppleWebKit/537.36 (KHTML, like Gecko; compatible; ClaudeBot/1.0; +claudebot@anthropic.com)"
216.73.216.166 - - [26/Dec/2025:08:03:05 -0500] "GET /shop/mughal/crikey80084161378.html HTTP/1.1" 200 12888 "-" "Mozilla/5.0 AppleWebKit/537.36 (KHTML, like Gecko; compatible; ClaudeBot/1.0; +claudebot@anthropic.com)"
216.73.216.166 - - [26/Dec/2025:08:03:06 -0500] "GET /shop/fevered/backwash8008493796.html HTTP/1.1" 200 12888 "-" "Mozilla/5.0 AppleWebKit/537.36 (KHTML, like Gecko; compatible; ClaudeBot/1.0; +claudebot@anthropic.com)"
216.73.216.166 - - [26/Dec/2025:08:03:06 -0500] "GET /shop/immersion/takao46740126136.html HTTP/1.1" 200 12888 "-" "Mozilla/5.0 AppleWebKit/537.36 (KHTML, like Gecko; compatible; ClaudeBot/1.0; +claudebot@anthropic.com)"
216.73.216.166 - - [26/Dec/2025:08:03:07 -0500] "GET /shop/esprit/maternal89464264392.html HTTP/1.1" 200 12888 "-" "Mozilla/5.0 AppleWebKit/537.36 (KHTML, like Gecko; compatible; ClaudeBot/1.0; +claudebot@anthropic.com)"
216.73.216.166 - - [26/Dec/2025:08:03:07 -0500] "GET /shop/angelos/frontera80084289923.html HTTP/1.1" 200 12888 "-" "Mozilla/5.0 AppleWebKit/537.36 (KHTML, like Gecko; compatible; ClaudeBot/1.0; +claudebot@anthropic.com)"
136.243.228.193 - - [26/Dec/2025:08:03:07 -0500] "GET /?commodity/ape/supermarket925812006339 HTTP/1.1" 200 12888 "-" "Mozilla/5.0 (compatible; DataForSeoBot/1.0; +https://dataforseo.com/dataforseo-bot)"
216.73.216.166 - - [26/Dec/2025:08:03:08 -0500] "GET /shop/lapses/sorts16146147984.html HTTP/1.1" 200 12888 "-" "Mozilla/5.0 AppleWebKit/537.36 (KHTML, like Gecko; compatible; ClaudeBot/1.0; +claudebot@anthropic.com)"
216.73.216.166 - - [26/Dec/2025:08:03:08 -0500] "GET /shop/sourceslist/yearlong8946415977.html HTTP/1.1" 200 12888 "-" "Mozilla/5.0 AppleWebKit/537.36 (KHTML, like Gecko; compatible; ClaudeBot/1.0; +claudebot@anthropic.com)"
114.119.156.85 - - [26/Dec/2025:08:03:09 -0500] "GET /commodity/sony/ter92622491136 HTTP/1.1" 200 14464 "https://pandaexpressketo.com/sitemap509.xml" "Mozilla/5.0 (Linux; Android 7.0;) AppleWebKit/537.36 (KHTML, like Gecko) Mobile Safari/537.36 (compatible; PetalBot;+https://webmaster.petalsearch.com/site/petalbot)"
216.73.216.166 - - [26/Dec/2025:08:03:09 -0500] "GET /shop/crystals/flexing67030240322.html HTTP/1.1" 200 12888 "-" "Mozilla/5.0 AppleWebKit/537.36 (KHTML, like Gecko; compatible; ClaudeBot/1.0; +claudebot@anthropic.com)"
216.73.216.166 - - [26/Dec/2025:08:03:09 -0500] "GET /shop/rishikesh/bootytalk86263146004.html HTTP/1.1" 200 12888 "-" "Mozilla/5.0 AppleWebKit/537.36 (KHTML, like Gecko; compatible; ClaudeBot/1.0; +claudebot@anthropic.com)"
216.73.216.166 - - [26/Dec/2025:08:03:10 -0500] "GET /shop/superannuation/checkbook86897276617.html HTTP/1.1" 200 12888 "-" "Mozilla/5.0 AppleWebKit/537.36 (KHTML, like Gecko; compatible; ClaudeBot/1.0; +claudebot@anthropic.com)"
216.73.216.166 - - [26/Dec/2025:08:03:10 -0500] "GET /shop/sides/rochester87276214097.html HTTP/1.1" 200 12888 "-" "Mozilla/5.0 AppleWebKit/537.36 (KHTML, like Gecko; compatible; ClaudeBot/1.0; +claudebot@anthropic.com)"
216.73.216.166 - - [26/Dec/2025:08:03:11 -0500] "GET /shop/curtailed/mydomaincom80084225623.html HTTP/1.1" 200 12888 "-" "Mozilla/5.0 AppleWebKit/537.36 (KHTML, like Gecko; compatible; ClaudeBot/1.0; +claudebot@anthropic.com)"
216.73.216.166 - - [26/Dec/2025:08:03:11 -0500] "GET /shop/paperport/lleol6703068076.html HTTP/1.1" 200 12888 "-" "Mozilla/5.0 AppleWebKit/537.36 (KHTML, like Gecko; compatible; ClaudeBot/1.0; +claudebot@anthropic.com)"
136.243.228.193 - - [26/Dec/2025:08:03:12 -0500] "GET /?commodity/sensations/planted926012963159 HTTP/1.1" 200 12888 "-" "Mozilla/5.0 (compatible; DataForSeoBot/1.0; +https://dataforseo.com/dataforseo-bot)"
216.73.216.166 - - [26/Dec/2025:08:03:12 -0500] "GET /shop/planes/deltron6703027535.html HTTP/1.1" 200 12888 "-" "Mozilla/5.0 AppleWebKit/537.36 (KHTML, like Gecko; compatible; ClaudeBot/1.0; +claudebot@anthropic.com)"
216.73.216.166 - - [26/Dec/2025:08:03:12 -0500] "GET /shop/evoltorg/fogdogcom67030136721.html HTTP/1.1" 200 12888 "-" "Mozilla/5.0 AppleWebKit/537.36 (KHTML, like Gecko; compatible; ClaudeBot/1.0; +claudebot@anthropic.com)"
216.73.216.166 - - [26/Dec/2025:08:03:13 -0500] "GET /shop/bumping/partick44527168717.html HTTP/1.1" 200 12888 "-" "Mozilla/5.0 AppleWebKit/537.36 (KHTML, like Gecko; compatible; ClaudeBot/1.0; +claudebot@anthropic.com)"
216.73.216.166 - - [26/Dec/2025:08:03:13 -0500] "GET /shop/billington/neurospora800843018.html HTTP/1.1" 200 12888 "-" "Mozilla/5.0 AppleWebKit/537.36 (KHTML, like Gecko; compatible; ClaudeBot/1.0; +claudebot@anthropic.com)"
216.73.216.166 - - [26/Dec/2025:08:03:14 -0500] "GET /shop/sukkot/participate16146173211.html HTTP/1.1" 200 12888 "-" "Mozilla/5.0 AppleWebKit/537.36 (KHTML, like Gecko; compatible; ClaudeBot/1.0; +claudebot@anthropic.com)"
216.73.216.166 - - [26/Dec/2025:08:03:14 -0500] "GET /shop/shorten/jalan85570229444.html HTTP/1.1" 200 12888 "-" "Mozilla/5.0 AppleWebKit/537.36 (KHTML, like Gecko; compatible; ClaudeBot/1.0; +claudebot@anthropic.com)"
216.73.216.166 - - [26/Dec/2025:08:03:15 -0500] "GET /shop/xscale/associa1614664520.html HTTP/1.1" 200 12888 "-" "Mozilla/5.0 AppleWebKit/537.36 (KHTML, like Gecko; compatible; ClaudeBot/1.0; +claudebot@anthropic.com)"
216.73.216.166 - - [26/Dec/2025:08:03:15 -0500] "GET /shop/necessitates/enfamil16146208440.html HTTP/1.1" 200 12888 "-" "Mozilla/5.0 AppleWebKit/537.36 (KHTML, like Gecko; compatible; ClaudeBot/1.0; +claudebot@anthropic.com)"
136.243.228.193 - - [26/Dec/2025:08:03:16 -0500] "GET /?commodity/soy/caught925817892384 HTTP/1.1" 200 12888 "-" "Mozilla/5.0 (compatible; DataForSeoBot/1.0; +https://dataforseo.com/dataforseo-bot)"
216.73.216.166 - - [26/Dec/2025:08:03:16 -0500] "GET /shop/dicked/skippers86897288110.html HTTP/1.1" 200 12888 "-" "Mozilla/5.0 AppleWebKit/537.36 (KHTML, like Gecko; compatible; ClaudeBot/1.0; +claudebot@anthropic.com)"
216.73.216.166 - - [26/Dec/2025:08:03:16 -0500] "GET /shop/backdoor/rydges86897215535.html HTTP/1.1" 200 12888 "-" "Mozilla/5.0 AppleWebKit/537.36 (KHTML, like Gecko; compatible; ClaudeBot/1.0; +claudebot@anthropic.com)"
216.73.216.166 - - [26/Dec/2025:08:03:17 -0500] "GET /shop/exotic/bottled86897263353.html HTTP/1.1" 200 12888 "-" "Mozilla/5.0 AppleWebKit/537.36 (KHTML, like Gecko; compatible; ClaudeBot/1.0; +claudebot@anthropic.com)"
66.249.77.3 - - [26/Dec/2025:08:03:16 -0500] "GET /?commodity/member/exits92622795904 HTTP/1.1" 200 26597 "-" "Mozilla/5.0 (Linux; Android 6.0.1; Nexus 5X Build/MMB29P) AppleWebKit/537.36 (KHTML, like Gecko) Chrome/141.0.7390.122 Mobile Safari/537.36 (compatible; Googlebot/2.1; +http://www.google.com/bot.html)"
216.73.216.166 - - [26/Dec/2025:08:03:17 -0500] "GET /shop/barman/prelate46740154562.html HTTP/1.1" 200 12888 "-" "Mozilla/5.0 AppleWebKit/537.36 (KHTML, like Gecko; compatible; ClaudeBot/1.0; +claudebot@anthropic.com)"
216.73.216.166 - - [26/Dec/2025:08:03:18 -0500] "GET /shop/jovovich/tommorow16146239535.html HTTP/1.1" 200 12888 "-" "Mozilla/5.0 AppleWebKit/537.36 (KHTML, like Gecko; compatible; ClaudeBot/1.0; +claudebot@anthropic.com)"
216.73.216.166 - - [26/Dec/2025:08:03:18 -0500] "GET /shop/preowned/fulfilling89464229355.html HTTP/1.1" 200 12888 "-" "Mozilla/5.0 AppleWebKit/537.36 (KHTML, like Gecko; compatible; ClaudeBot/1.0; +claudebot@anthropic.com)"
66.249.77.1 - - [26/Dec/2025:08:03:17 -0500] "GET /?shopping/exciting/92612112192.html HTTP/1.1" 200 26542 "-" "Mozilla/5.0 (Linux; Android 6.0.1; Nexus 5X Build/MMB29P) AppleWebKit/537.36 (KHTML, like Gecko) Chrome/141.0.7390.122 Mobile Safari/537.36 (compatible; Googlebot/2.1; +http://www.google.com/bot.html)"
216.73.216.166 - - [26/Dec/2025:08:03:19 -0500] "GET /shop/detonator/spartans44527119044.html HTTP/1.1" 200 12888 "-" "Mozilla/5.0 AppleWebKit/537.36 (KHTML, like Gecko; compatible; ClaudeBot/1.0; +claudebot@anthropic.com)"
136.243.228.193 - - [26/Dec/2025:08:03:19 -0500] "GET /?commodity/five/swimming926012975186 HTTP/1.1" 200 12888 "-" "Mozilla/5.0 (compatible; DataForSeoBot/1.0; +https://dataforseo.com/dataforseo-bot)"
216.73.216.166 - - [26/Dec/2025:08:03:19 -0500] "GET /shop/archicad/unfailing8626379269.html HTTP/1.1" 200 12888 "-" "Mozilla/5.0 AppleWebKit/537.36 (KHTML, like Gecko; compatible; ClaudeBot/1.0; +claudebot@anthropic.com)"
216.73.216.166 - - [26/Dec/2025:08:03:20 -0500] "GET /shop/prosodic/madden44527126330.html HTTP/1.1" 200 12888 "-" "Mozilla/5.0 AppleWebKit/537.36 (KHTML, like Gecko; compatible; ClaudeBot/1.0; +claudebot@anthropic.com)"
216.73.216.166 - - [26/Dec/2025:08:03:20 -0500] "GET /shop/hoxton/longevity44527297959.html HTTP/1.1" 200 12888 "-" "Mozilla/5.0 AppleWebKit/537.36 (KHTML, like Gecko; compatible; ClaudeBot/1.0; +claudebot@anthropic.com)"
216.73.216.166 - - [26/Dec/2025:08:03:21 -0500] "GET /shop/jumpsuit/highschool85570202039.html HTTP/1.1" 200 12888 "-" "Mozilla/5.0 AppleWebKit/537.36 (KHTML, like Gecko; compatible; ClaudeBot/1.0; +claudebot@anthropic.com)"
216.73.216.166 - - [26/Dec/2025:08:03:21 -0500] "GET /shop/transcriber/benner67030138661.html HTTP/1.1" 200 12888 "-" "Mozilla/5.0 AppleWebKit/537.36 (KHTML, like Gecko; compatible; ClaudeBot/1.0; +claudebot@anthropic.com)"
216.73.216.166 - - [26/Dec/2025:08:03:22 -0500] "GET /shop/teaser/urlid89464311817.html HTTP/1.1" 200 12888 "-" "Mozilla/5.0 AppleWebKit/537.36 (KHTML, like Gecko; compatible; ClaudeBot/1.0; +claudebot@anthropic.com)"
216.73.216.166 - - [26/Dec/2025:08:03:22 -0500] "GET /shop/gadolinium/uninspiring46740272253.html HTTP/1.1" 200 12888 "-" "Mozilla/5.0 AppleWebKit/537.36 (KHTML, like Gecko; compatible; ClaudeBot/1.0; +claudebot@anthropic.com)"
216.73.216.166 - - [26/Dec/2025:08:03:23 -0500] "GET /shop/sentation/truths8626372197.html HTTP/1.1" 200 12888 "-" "Mozilla/5.0 AppleWebKit/537.36 (KHTML, like Gecko; compatible; ClaudeBot/1.0; +claudebot@anthropic.com)"
136.243.228.193 - - [26/Dec/2025:08:03:23 -0500] "GET /?commodity/extensions/mla925814828529 HTTP/1.1" 200 12888 "-" "Mozilla/5.0 (compatible; DataForSeoBot/1.0; +https://dataforseo.com/dataforseo-bot)"
216.73.216.166 - - [26/Dec/2025:08:03:23 -0500] "GET /shop/stoopid/truely8946439543.html HTTP/1.1" 200 12888 "-" "Mozilla/5.0 AppleWebKit/537.36 (KHTML, like Gecko; compatible; ClaudeBot/1.0; +claudebot@anthropic.com)"
216.73.216.166 - - [26/Dec/2025:08:03:24 -0500] "GET /shop/collaboration/hello46740279382.html HTTP/1.1" 200 12888 "-" "Mozilla/5.0 AppleWebKit/537.36 (KHTML, like Gecko; compatible; ClaudeBot/1.0; +claudebot@anthropic.com)"
216.73.216.166 - - [26/Dec/2025:08:03:24 -0500] "GET /shop/outperforms/rideout89464119951.html HTTP/1.1" 200 12888 "-" "Mozilla/5.0 AppleWebKit/537.36 (KHTML, like Gecko; compatible; ClaudeBot/1.0; +claudebot@anthropic.com)"
216.73.216.166 - - [26/Dec/2025:08:03:25 -0500] "GET /shop/sequent/modernity16146157930.html HTTP/1.1" 200 12888 "-" "Mozilla/5.0 AppleWebKit/537.36 (KHTML, like Gecko; compatible; ClaudeBot/1.0; +claudebot@anthropic.com)"
216.73.216.166 - - [26/Dec/2025:08:03:25 -0500] "GET /shop/snipe/titled87276278168.html HTTP/1.1" 200 12888 "-" "Mozilla/5.0 AppleWebKit/537.36 (KHTML, like Gecko; compatible; ClaudeBot/1.0; +claudebot@anthropic.com)"
216.73.216.166 - - [26/Dec/2025:08:03:26 -0500] "GET /shop/fernald/undesired87276172826.html HTTP/1.1" 200 12888 "-" "Mozilla/5.0 AppleWebKit/537.36 (KHTML, like Gecko; compatible; ClaudeBot/1.0; +claudebot@anthropic.com)"
216.73.216.166 - - [26/Dec/2025:08:03:27 -0500] "GET /shop/jozef/denaturation86897139855.html HTTP/1.1" 200 12888 "-" "Mozilla/5.0 AppleWebKit/537.36 (KHTML, like Gecko; compatible; ClaudeBot/1.0; +claudebot@anthropic.com)"
216.73.216.166 - - [26/Dec/2025:08:03:27 -0500] "GET /shop/tamarac/englander46740305318.html HTTP/1.1" 200 12888 "-" "Mozilla/5.0 AppleWebKit/537.36 (KHTML, like Gecko; compatible; ClaudeBot/1.0; +claudebot@anthropic.com)"
216.73.216.166 - - [26/Dec/2025:08:03:28 -0500] "GET /shop/bindery/matte67030235382.html HTTP/1.1" 200 12888 "-" "Mozilla/5.0 AppleWebKit/537.36 (KHTML, like Gecko; compatible; ClaudeBot/1.0; +claudebot@anthropic.com)"
66.249.77.1 - - [26/Dec/2025:08:03:27 -0500] "GET /?commodity/indicators/candle92622764284 HTTP/1.1" 200 27300 "-" "Mozilla/5.0 (Linux; Android 6.0.1; Nexus 5X Build/MMB29P) AppleWebKit/537.36 (KHTML, like Gecko) Chrome/141.0.7390.122 Mobile Safari/537.36 (compatible; Googlebot/2.1; +http://www.google.com/bot.html)"
136.243.228.193 - - [26/Dec/2025:08:03:28 -0500] "GET /?commodity/ros/coping926012945186 HTTP/1.1" 200 12888 "-" "Mozilla/5.0 (compatible; DataForSeoBot/1.0; +https://dataforseo.com/dataforseo-bot)"
216.73.216.166 - - [26/Dec/2025:08:03:28 -0500] "GET /shop/redecorating/cosmic86263191042.html HTTP/1.1" 200 12888 "-" "Mozilla/5.0 AppleWebKit/537.36 (KHTML, like Gecko; compatible; ClaudeBot/1.0; +claudebot@anthropic.com)"
202.76.173.61 - - [26/Dec/2025:08:03:28 -0500] "GET /shop/marzipan/causation87276293257.html HTTP/1.1" 200 14464 "-" "Mozilla/5.0 (X11; U; x86_64 Linux; en_GB, en_US) AppleWebKit/533.3 (KHTML, like Gecko) Chrome/5.0.358.0 Safari/533.3"
216.73.216.166 - - [26/Dec/2025:08:03:29 -0500] "GET /shop/anions/tweed44527215890.html HTTP/1.1" 200 12888 "-" "Mozilla/5.0 AppleWebKit/537.36 (KHTML, like Gecko; compatible; ClaudeBot/1.0; +claudebot@anthropic.com)"
216.73.216.166 - - [26/Dec/2025:08:03:29 -0500] "GET /shop/yearly/gloomy86897195717.html HTTP/1.1" 200 12888 "-" "Mozilla/5.0 AppleWebKit/537.36 (KHTML, like Gecko; compatible; ClaudeBot/1.0; +claudebot@anthropic.com)"
216.73.216.166 - - [26/Dec/2025:08:03:30 -0500] "GET /shop/anaplastic/oldham67030155392.html HTTP/1.1" 200 12888 "-" "Mozilla/5.0 AppleWebKit/537.36 (KHTML, like Gecko; compatible; ClaudeBot/1.0; +claudebot@anthropic.com)"
216.73.216.166 - - [26/Dec/2025:08:03:30 -0500] "GET /shop/tunic/boxes86897178224.html HTTP/1.1" 200 12888 "-" "Mozilla/5.0 AppleWebKit/537.36 (KHTML, like Gecko; compatible; ClaudeBot/1.0; +claudebot@anthropic.com)"
216.73.216.166 - - [26/Dec/2025:08:03:31 -0500] "GET /shop/silkworm/fannin89464308516.html HTTP/1.1" 200 12888 "-" "Mozilla/5.0 AppleWebKit/537.36 (KHTML, like Gecko; compatible; ClaudeBot/1.0; +claudebot@anthropic.com)"
216.73.216.166 - - [26/Dec/2025:08:03:31 -0500] "GET /shop/itemized/teasers86263182510.html HTTP/1.1" 200 12888 "-" "Mozilla/5.0 AppleWebKit/537.36 (KHTML, like Gecko; compatible; ClaudeBot/1.0; +claudebot@anthropic.com)"
136.243.228.193 - - [26/Dec/2025:08:03:31 -0500] "GET /?commodity/vivian/oz925811954913 HTTP/1.1" 200 12888 "-" "Mozilla/5.0 (compatible; DataForSeoBot/1.0; +https://dataforseo.com/dataforseo-bot)"
216.73.216.166 - - [26/Dec/2025:08:03:32 -0500] "GET /shop/concealed/blouse16146120848.html HTTP/1.1" 200 12888 "-" "Mozilla/5.0 AppleWebKit/537.36 (KHTML, like Gecko; compatible; ClaudeBot/1.0; +claudebot@anthropic.com)"
216.73.216.166 - - [26/Dec/2025:08:03:32 -0500] "GET /shop/aeronautics/monash8008469736.html HTTP/1.1" 200 12888 "-" "Mozilla/5.0 AppleWebKit/537.36 (KHTML, like Gecko; compatible; ClaudeBot/1.0; +claudebot@anthropic.com)"
216.73.216.166 - - [26/Dec/2025:08:03:33 -0500] "GET /shop/cleanse/serverworks16146186395.html HTTP/1.1" 200 12888 "-" "Mozilla/5.0 AppleWebKit/537.36 (KHTML, like Gecko; compatible; ClaudeBot/1.0; +claudebot@anthropic.com)"
216.73.216.166 - - [26/Dec/2025:08:03:33 -0500] "GET /shop/butchered/bayer87276187810.html HTTP/1.1" 200 12888 "-" "Mozilla/5.0 AppleWebKit/537.36 (KHTML, like Gecko; compatible; ClaudeBot/1.0; +claudebot@anthropic.com)"
66.249.77.1 - - [26/Dec/2025:08:03:32 -0500] "GET /?commodity/yukon/arriving925750435 HTTP/1.1" 200 26142 "-" "Mozilla/5.0 (Linux; Android 6.0.1; Nexus 5X Build/MMB29P) AppleWebKit/537.36 (KHTML, like Gecko) Chrome/141.0.7390.122 Mobile Safari/537.36 (compatible; Googlebot/2.1; +http://www.google.com/bot.html)"
216.73.216.166 - - [26/Dec/2025:08:03:34 -0500] "GET /shop/sidwell/clearances46740188951.html HTTP/1.1" 200 12888 "-" "Mozilla/5.0 AppleWebKit/537.36 (KHTML, like Gecko; compatible; ClaudeBot/1.0; +claudebot@anthropic.com)"
216.73.216.166 - - [26/Dec/2025:08:03:34 -0500] "GET /shop/sanitarium/readjust87276222007.html HTTP/1.1" 200 12888 "-" "Mozilla/5.0 AppleWebKit/537.36 (KHTML, like Gecko; compatible; ClaudeBot/1.0; +claudebot@anthropic.com)"
216.73.216.166 - - [26/Dec/2025:08:03:35 -0500] "GET /shop/chlorpheniramine/sidebar87276166111.html HTTP/1.1" 200 12888 "-" "Mozilla/5.0 AppleWebKit/537.36 (KHTML, like Gecko; compatible; ClaudeBot/1.0; +claudebot@anthropic.com)"
66.249.77.1 - - [26/Dec/2025:08:03:34 -0500] "GET /?commodity/divorced/tens9258831592 HTTP/1.1" 200 26490 "-" "Mozilla/5.0 (Linux; Android 6.0.1; Nexus 5X Build/MMB29P) AppleWebKit/537.36 (KHTML, like Gecko) Chrome/141.0.7390.122 Mobile Safari/537.36 (compatible; Googlebot/2.1; +http://www.google.com/bot.html)"
216.73.216.166 - - [26/Dec/2025:08:03:35 -0500] "GET /shop/bobcat/buildrequires67030141615.html HTTP/1.1" 200 12888 "-" "Mozilla/5.0 AppleWebKit/537.36 (KHTML, like Gecko; compatible; ClaudeBot/1.0; +claudebot@anthropic.com)"
216.73.216.166 - - [26/Dec/2025:08:03:36 -0500] "GET /shop/netgear/nickle4674084884.html HTTP/1.1" 200 12888 "-" "Mozilla/5.0 AppleWebKit/537.36 (KHTML, like Gecko; compatible; ClaudeBot/1.0; +claudebot@anthropic.com)"
136.243.228.193 - - [26/Dec/2025:08:03:36 -0500] "GET /?commodity/sds/damned925812347103 HTTP/1.1" 200 12888 "-" "Mozilla/5.0 (compatible; DataForSeoBot/1.0; +https://dataforseo.com/dataforseo-bot)"
216.73.216.166 - - [26/Dec/2025:08:03:36 -0500] "GET /shop/adulteration/whistling87276257101.html HTTP/1.1" 200 12888 "-" "Mozilla/5.0 AppleWebKit/537.36 (KHTML, like Gecko; compatible; ClaudeBot/1.0; +claudebot@anthropic.com)"
66.249.77.1 - - [26/Dec/2025:08:03:35 -0500] "GET /?commodity/aftermarket/motorized92591058159 HTTP/1.1" 200 26615 "-" "Mozilla/5.0 (Linux; Android 6.0.1; Nexus 5X Build/MMB29P) AppleWebKit/537.36 (KHTML, like Gecko) Chrome/141.0.7390.122 Mobile Safari/537.36 (compatible; Googlebot/2.1; +http://www.google.com/bot.html)"
216.73.216.166 - - [26/Dec/2025:08:03:37 -0500] "GET /shop/farouk/mcginnis1614612259.html HTTP/1.1" 200 12888 "-" "Mozilla/5.0 AppleWebKit/537.36 (KHTML, like Gecko; compatible; ClaudeBot/1.0; +claudebot@anthropic.com)"
216.73.216.166 - - [26/Dec/2025:08:03:37 -0500] "GET /shop/hottie/expectation4452711771.html HTTP/1.1" 200 12888 "-" "Mozilla/5.0 AppleWebKit/537.36 (KHTML, like Gecko; compatible; ClaudeBot/1.0; +claudebot@anthropic.com)"
216.73.216.166 - - [26/Dec/2025:08:03:38 -0500] "GET /shop/burren/hardaway8689794898.html HTTP/1.1" 200 12888 "-" "Mozilla/5.0 AppleWebKit/537.36 (KHTML, like Gecko; compatible; ClaudeBot/1.0; +claudebot@anthropic.com)"
216.73.216.166 - - [26/Dec/2025:08:03:38 -0500] "GET /shop/anhui/rowers8727676431.html HTTP/1.1" 200 12888 "-" "Mozilla/5.0 AppleWebKit/537.36 (KHTML, like Gecko; compatible; ClaudeBot/1.0; +claudebot@anthropic.com)"
216.73.216.166 - - [26/Dec/2025:08:03:39 -0500] "GET /shop/eradicated/propyl80084227419.html HTTP/1.1" 200 12888 "-" "Mozilla/5.0 AppleWebKit/537.36 (KHTML, like Gecko; compatible; ClaudeBot/1.0; +claudebot@anthropic.com)"
136.243.228.193 - - [26/Dec/2025:08:03:39 -0500] "GET /?commodity/plural/brutal925812081411 HTTP/1.1" 200 12888 "-" "Mozilla/5.0 (compatible; DataForSeoBot/1.0; +https://dataforseo.com/dataforseo-bot)"
216.73.216.166 - - [26/Dec/2025:08:03:39 -0500] "GET /shop/revitalizing/anaerobic4674054664.html HTTP/1.1" 200 12888 "-" "Mozilla/5.0 AppleWebKit/537.36 (KHTML, like Gecko; compatible; ClaudeBot/1.0; +claudebot@anthropic.com)"
216.73.216.166 - - [26/Dec/2025:08:03:40 -0500] "GET /shop/epitope/belvedere85570150190.html HTTP/1.1" 200 12888 "-" "Mozilla/5.0 AppleWebKit/537.36 (KHTML, like Gecko; compatible; ClaudeBot/1.0; +claudebot@anthropic.com)"
216.73.216.166 - - [26/Dec/2025:08:03:40 -0500] "GET /shop/rushed/trakl86897161950.html HTTP/1.1" 200 12888 "-" "Mozilla/5.0 AppleWebKit/537.36 (KHTML, like Gecko; compatible; ClaudeBot/1.0; +claudebot@anthropic.com)"
66.249.77.1 - - [26/Dec/2025:08:03:39 -0500] "GET /?commodity/finest/buckingham92622717572 HTTP/1.1" 200 26262 "-" "Mozilla/5.0 (Linux; Android 6.0.1; Nexus 5X Build/MMB29P) AppleWebKit/537.36 (KHTML, like Gecko) Chrome/141.0.7390.122 Mobile Safari/537.36 (compatible; Googlebot/2.1; +http://www.google.com/bot.html)"
216.73.216.166 - - [26/Dec/2025:08:03:41 -0500] "GET /shop/remailer/britian87276215277.html HTTP/1.1" 200 12888 "-" "Mozilla/5.0 AppleWebKit/537.36 (KHTML, like Gecko; compatible; ClaudeBot/1.0; +claudebot@anthropic.com)"
216.73.216.166 - - [26/Dec/2025:08:03:41 -0500] "GET /shop/glassy/denitrification85570196472.html HTTP/1.1" 200 12888 "-" "Mozilla/5.0 AppleWebKit/537.36 (KHTML, like Gecko; compatible; ClaudeBot/1.0; +claudebot@anthropic.com)"
216.73.216.166 - - [26/Dec/2025:08:03:42 -0500] "GET /shop/heavies/ebayca8626385770.html HTTP/1.1" 200 12888 "-" "Mozilla/5.0 AppleWebKit/537.36 (KHTML, like Gecko; compatible; ClaudeBot/1.0; +claudebot@anthropic.com)"
66.249.77.1 - - [26/Dec/2025:08:03:41 -0500] "GET /?commodity/cracking/compounds92612125564 HTTP/1.1" 200 26342 "-" "Mozilla/5.0 (Linux; Android 6.0.1; Nexus 5X Build/MMB29P) AppleWebKit/537.36 (KHTML, like Gecko) Chrome/141.0.7390.122 Mobile Safari/537.36 (compatible; Googlebot/2.1; +http://www.google.com/bot.html)"
216.73.216.166 - - [26/Dec/2025:08:03:42 -0500] "GET /shop/instru/superfluid4452765478.html HTTP/1.1" 200 12888 "-" "Mozilla/5.0 AppleWebKit/537.36 (KHTML, like Gecko; compatible; ClaudeBot/1.0; +claudebot@anthropic.com)"
216.73.216.166 - - [26/Dec/2025:08:03:43 -0500] "GET /shop/spammers/bowes1614616054.html HTTP/1.1" 200 12888 "-" "Mozilla/5.0 AppleWebKit/537.36 (KHTML, like Gecko; compatible; ClaudeBot/1.0; +claudebot@anthropic.com)"
216.73.216.166 - - [26/Dec/2025:08:03:43 -0500] "GET /shop/elfin/passphrase16146302800.html HTTP/1.1" 200 12888 "-" "Mozilla/5.0 AppleWebKit/537.36 (KHTML, like Gecko; compatible; ClaudeBot/1.0; +claudebot@anthropic.com)"
136.243.228.193 - - [26/Dec/2025:08:03:43 -0500] "GET /?commodity/desks/desktops925912815859 HTTP/1.1" 200 12888 "-" "Mozilla/5.0 (compatible; DataForSeoBot/1.0; +https://dataforseo.com/dataforseo-bot)"
216.73.216.166 - - [26/Dec/2025:08:03:44 -0500] "GET /shop/alexey/ganja80084124284.html HTTP/1.1" 200 12888 "-" "Mozilla/5.0 AppleWebKit/537.36 (KHTML, like Gecko; compatible; ClaudeBot/1.0; +claudebot@anthropic.com)"
66.249.77.1 - - [26/Dec/2025:08:03:43 -0500] "GET /?commodity/xpress/fortran92591014378 HTTP/1.1" 200 26741 "-" "Mozilla/5.0 (Linux; Android 6.0.1; Nexus 5X Build/MMB29P) AppleWebKit/537.36 (KHTML, like Gecko) Chrome/141.0.7390.122 Mobile Safari/537.36 (compatible; Googlebot/2.1; +http://www.google.com/bot.html)"
216.73.216.166 - - [26/Dec/2025:08:03:44 -0500] "GET /shop/gotham/compliant86263102777.html HTTP/1.1" 200 12888 "-" "Mozilla/5.0 AppleWebKit/537.36 (KHTML, like Gecko; compatible; ClaudeBot/1.0; +claudebot@anthropic.com)"
216.73.216.166 - - [26/Dec/2025:08:03:45 -0500] "GET /shop/complement/banker87276336943.html HTTP/1.1" 200 12888 "-" "Mozilla/5.0 AppleWebKit/537.36 (KHTML, like Gecko; compatible; ClaudeBot/1.0; +claudebot@anthropic.com)"
216.73.216.166 - - [26/Dec/2025:08:03:45 -0500] "GET /shop/yeong/caudill89464154667.html HTTP/1.1" 200 12888 "-" "Mozilla/5.0 AppleWebKit/537.36 (KHTML, like Gecko; compatible; ClaudeBot/1.0; +claudebot@anthropic.com)"
216.73.216.166 - - [26/Dec/2025:08:03:46 -0500] "GET /shop/internationalist/throughput87276302567.html HTTP/1.1" 200 12888 "-" "Mozilla/5.0 AppleWebKit/537.36 (KHTML, like Gecko; compatible; ClaudeBot/1.0; +claudebot@anthropic.com)"
66.249.77.1 - - [26/Dec/2025:08:03:45 -0500] "GET /?commodity/increases/teaspoon92591173866 HTTP/1.1" 200 26315 "-" "Mozilla/5.0 (Linux; Android 6.0.1; Nexus 5X Build/MMB29P) AppleWebKit/537.36 (KHTML, like Gecko) Chrome/141.0.7390.122 Mobile Safari/537.36 (compatible; Googlebot/2.1; +http://www.google.com/bot.html)"
216.73.216.166 - - [26/Dec/2025:08:03:46 -0500] "GET /shop/rightly/tbogg44527290280.html HTTP/1.1" 200 12888 "-" "Mozilla/5.0 AppleWebKit/537.36 (KHTML, like Gecko; compatible; ClaudeBot/1.0; +claudebot@anthropic.com)"
216.73.216.166 - - [26/Dec/2025:08:03:47 -0500] "GET /shop/maphack/dreamers1614636928.html HTTP/1.1" 200 12888 "-" "Mozilla/5.0 AppleWebKit/537.36 (KHTML, like Gecko; compatible; ClaudeBot/1.0; +claudebot@anthropic.com)"
66.249.77.1 - - [26/Dec/2025:08:03:46 -0500] "GET /?commodity/ease/transexuales9258746666 HTTP/1.1" 200 26741 "-" "Mozilla/5.0 (Linux; Android 6.0.1; Nexus 5X Build/MMB29P) AppleWebKit/537.36 (KHTML, like Gecko) Chrome/141.0.7390.122 Mobile Safari/537.36 (compatible; Googlebot/2.1; +http://www.google.com/bot.html)"
216.73.216.166 - - [26/Dec/2025:08:03:47 -0500] "GET /shop/reuniting/unmatched8008477433.html HTTP/1.1" 200 12888 "-" "Mozilla/5.0 AppleWebKit/537.36 (KHTML, like Gecko; compatible; ClaudeBot/1.0; +claudebot@anthropic.com)"
136.243.228.193 - - [26/Dec/2025:08:03:47 -0500] "GET /?commodity/already/gdp925912679743 HTTP/1.1" 200 12888 "-" "Mozilla/5.0 (compatible; DataForSeoBot/1.0; +https://dataforseo.com/dataforseo-bot)"
216.73.216.166 - - [26/Dec/2025:08:03:48 -0500] "GET /shop/infamous/serrano87276337773.html HTTP/1.1" 200 12888 "-" "Mozilla/5.0 AppleWebKit/537.36 (KHTML, like Gecko; compatible; ClaudeBot/1.0; +claudebot@anthropic.com)"
216.73.216.166 - - [26/Dec/2025:08:03:48 -0500] "GET /shop/musing/garneau46740123290.html HTTP/1.1" 200 12888 "-" "Mozilla/5.0 AppleWebKit/537.36 (KHTML, like Gecko; compatible; ClaudeBot/1.0; +claudebot@anthropic.com)"
216.73.216.166 - - [26/Dec/2025:08:03:49 -0500] "GET /shop/puzzler/mecklenburg86263267919.html HTTP/1.1" 200 12888 "-" "Mozilla/5.0 AppleWebKit/537.36 (KHTML, like Gecko; compatible; ClaudeBot/1.0; +claudebot@anthropic.com)"
216.73.216.166 - - [26/Dec/2025:08:03:49 -0500] "GET /shop/vraag/dalgaard16146302163.html HTTP/1.1" 200 12888 "-" "Mozilla/5.0 AppleWebKit/537.36 (KHTML, like Gecko; compatible; ClaudeBot/1.0; +claudebot@anthropic.com)"
216.73.216.166 - - [26/Dec/2025:08:03:50 -0500] "GET /shop/neurosurgeons/resourced86263219590.html HTTP/1.1" 200 12888 "-" "Mozilla/5.0 AppleWebKit/537.36 (KHTML, like Gecko; compatible; ClaudeBot/1.0; +claudebot@anthropic.com)"
216.73.216.166 - - [26/Dec/2025:08:03:50 -0500] "GET /shop/please/ansett8557037508.html HTTP/1.1" 200 12888 "-" "Mozilla/5.0 AppleWebKit/537.36 (KHTML, like Gecko; compatible; ClaudeBot/1.0; +claudebot@anthropic.com)"
216.73.216.166 - - [26/Dec/2025:08:03:51 -0500] "GET /shop/guang/prequalify67030138100.html HTTP/1.1" 200 12888 "-" "Mozilla/5.0 AppleWebKit/537.36 (KHTML, like Gecko; compatible; ClaudeBot/1.0; +claudebot@anthropic.com)"
216.73.216.166 - - [26/Dec/2025:08:03:51 -0500] "GET /shop/nifer/cobbled80084112049.html HTTP/1.1" 200 12888 "-" "Mozilla/5.0 AppleWebKit/537.36 (KHTML, like Gecko; compatible; ClaudeBot/1.0; +claudebot@anthropic.com)"
66.249.77.2 - - [26/Dec/2025:08:03:50 -0500] "GET /?commodity/val/rhode92612322900 HTTP/1.1" 200 25544 "-" "Mozilla/5.0 (Linux; Android 6.0.1; Nexus 5X Build/MMB29P) AppleWebKit/537.36 (KHTML, like Gecko) Chrome/141.0.7390.122 Mobile Safari/537.36 (compatible; Googlebot/2.1; +http://www.google.com/bot.html)"
216.73.216.166 - - [26/Dec/2025:08:03:52 -0500] "GET /shop/tolle/nardin8008452745.html HTTP/1.1" 200 12888 "-" "Mozilla/5.0 AppleWebKit/537.36 (KHTML, like Gecko; compatible; ClaudeBot/1.0; +claudebot@anthropic.com)"
136.243.228.193 - - [26/Dec/2025:08:03:52 -0500] "GET /?commodity/mcafee/suv925817758986 HTTP/1.1" 200 12888 "-" "Mozilla/5.0 (compatible; DataForSeoBot/1.0; +https://dataforseo.com/dataforseo-bot)"
216.73.216.166 - - [26/Dec/2025:08:03:52 -0500] "GET /shop/ginkgo/clarkston8626391189.html HTTP/1.1" 200 12888 "-" "Mozilla/5.0 AppleWebKit/537.36 (KHTML, like Gecko; compatible; ClaudeBot/1.0; +claudebot@anthropic.com)"
216.73.216.166 - - [26/Dec/2025:08:03:53 -0500] "GET /shop/relaxed/squirm87276177565.html HTTP/1.1" 200 12888 "-" "Mozilla/5.0 AppleWebKit/537.36 (KHTML, like Gecko; compatible; ClaudeBot/1.0; +claudebot@anthropic.com)"
216.73.216.166 - - [26/Dec/2025:08:03:53 -0500] "GET /shop/lighters/friedlander44527299764.html HTTP/1.1" 200 12888 "-" "Mozilla/5.0 AppleWebKit/537.36 (KHTML, like Gecko; compatible; ClaudeBot/1.0; +claudebot@anthropic.com)"
216.73.216.166 - - [26/Dec/2025:08:03:54 -0500] "GET /shop/diary/cherubim16146268491.html HTTP/1.1" 200 12888 "-" "Mozilla/5.0 AppleWebKit/537.36 (KHTML, like Gecko; compatible; ClaudeBot/1.0; +claudebot@anthropic.com)"
216.73.216.166 - - [26/Dec/2025:08:03:54 -0500] "GET /shop/lindows/affleck87276293374.html HTTP/1.1" 200 12888 "-" "Mozilla/5.0 AppleWebKit/537.36 (KHTML, like Gecko; compatible; ClaudeBot/1.0; +claudebot@anthropic.com)"
216.73.216.166 - - [26/Dec/2025:08:03:55 -0500] "GET /shop/orderline/kevan1614629523.html HTTP/1.1" 200 12888 "-" "Mozilla/5.0 AppleWebKit/537.36 (KHTML, like Gecko; compatible; ClaudeBot/1.0; +claudebot@anthropic.com)"
216.73.216.166 - - [26/Dec/2025:08:03:55 -0500] "GET /shop/consecrated/criticism8946493141.html HTTP/1.1" 200 12888 "-" "Mozilla/5.0 AppleWebKit/537.36 (KHTML, like Gecko; compatible; ClaudeBot/1.0; +claudebot@anthropic.com)"
216.73.216.166 - - [26/Dec/2025:08:03:56 -0500] "GET /shop/existing/ramses67030239088.html HTTP/1.1" 200 12888 "-" "Mozilla/5.0 AppleWebKit/537.36 (KHTML, like Gecko; compatible; ClaudeBot/1.0; +claudebot@anthropic.com)"
66.249.77.2 - - [26/Dec/2025:08:03:55 -0500] "GET /?commodity/funeral/author92622558754 HTTP/1.1" 200 26251 "-" "Mozilla/5.0 (Linux; Android 6.0.1; Nexus 5X Build/MMB29P) AppleWebKit/537.36 (KHTML, like Gecko) Chrome/141.0.7390.122 Mobile Safari/537.36 (compatible; Googlebot/2.1; +http://www.google.com/bot.html)"
136.243.228.193 - - [26/Dec/2025:08:03:56 -0500] "GET /?commodity/affordable/newborn925711424324 HTTP/1.1" 200 12888 "-" "Mozilla/5.0 (compatible; DataForSeoBot/1.0; +https://dataforseo.com/dataforseo-bot)"
216.73.216.166 - - [26/Dec/2025:08:03:56 -0500] "GET /shop/mandeville/weiss67030203802.html HTTP/1.1" 200 12888 "-" "Mozilla/5.0 AppleWebKit/537.36 (KHTML, like Gecko; compatible; ClaudeBot/1.0; +claudebot@anthropic.com)"
216.73.216.166 - - [26/Dec/2025:08:03:57 -0500] "GET /shop/engineeri/heilemann67030308312.html HTTP/1.1" 200 12888 "-" "Mozilla/5.0 AppleWebKit/537.36 (KHTML, like Gecko; compatible; ClaudeBot/1.0; +claudebot@anthropic.com)"
216.73.216.166 - - [26/Dec/2025:08:03:57 -0500] "GET /shop/mcgarry/paragliding8946495820.html HTTP/1.1" 200 12888 "-" "Mozilla/5.0 AppleWebKit/537.36 (KHTML, like Gecko; compatible; ClaudeBot/1.0; +claudebot@anthropic.com)"
216.73.216.166 - - [26/Dec/2025:08:03:58 -0500] "GET /shop/karelia/expenditures44527169896.html HTTP/1.1" 200 12888 "-" "Mozilla/5.0 AppleWebKit/537.36 (KHTML, like Gecko; compatible; ClaudeBot/1.0; +claudebot@anthropic.com)"
216.73.216.166 - - [26/Dec/2025:08:03:59 -0500] "GET /shop/devises/economistcom8557098583.html HTTP/1.1" 200 12888 "-" "Mozilla/5.0 AppleWebKit/537.36 (KHTML, like Gecko; compatible; ClaudeBot/1.0; +claudebot@anthropic.com)"
216.73.216.166 - - [26/Dec/2025:08:03:59 -0500] "GET /shop/theist/brunson8626349905.html HTTP/1.1" 200 12888 "-" "Mozilla/5.0 AppleWebKit/537.36 (KHTML, like Gecko; compatible; ClaudeBot/1.0; +claudebot@anthropic.com)"
216.73.216.166 - - [26/Dec/2025:08:03:59 -0500] "GET /shop/heightens/accesible85570204959.html HTTP/1.1" 200 12888 "-" "Mozilla/5.0 AppleWebKit/537.36 (KHTML, like Gecko; compatible; ClaudeBot/1.0; +claudebot@anthropic.com)"
136.243.228.193 - - [26/Dec/2025:08:04:00 -0500] "GET /?commodity/rulings/living925918128949 HTTP/1.1" 200 12888 "-" "Mozilla/5.0 (compatible; DataForSeoBot/1.0; +https://dataforseo.com/dataforseo-bot)"
216.73.216.166 - - [26/Dec/2025:08:04:00 -0500] "GET /shop/striper/rennaisance44527137943.html HTTP/1.1" 200 12888 "-" "Mozilla/5.0 AppleWebKit/537.36 (KHTML, like Gecko; compatible; ClaudeBot/1.0; +claudebot@anthropic.com)"
216.73.216.166 - - [26/Dec/2025:08:04:00 -0500] "GET /shop/falsehood/phenylpropanolamine89464119967.html HTTP/1.1" 200 12888 "-" "Mozilla/5.0 AppleWebKit/537.36 (KHTML, like Gecko; compatible; ClaudeBot/1.0; +claudebot@anthropic.com)"
216.73.216.166 - - [26/Dec/2025:08:04:01 -0500] "GET /shop/elevator/eccleston16146205378.html HTTP/1.1" 200 12888 "-" "Mozilla/5.0 AppleWebKit/537.36 (KHTML, like Gecko; compatible; ClaudeBot/1.0; +claudebot@anthropic.com)"
66.249.77.1 - - [26/Dec/2025:08:04:00 -0500] "GET /?commodity/apc/violates92612075337 HTTP/1.1" 200 26427 "-" "Mozilla/5.0 (Linux; Android 6.0.1; Nexus 5X Build/MMB29P) AppleWebKit/537.36 (KHTML, like Gecko) Chrome/141.0.7390.122 Mobile Safari/537.36 (compatible; Googlebot/2.1; +http://www.google.com/bot.html)"
216.73.216.166 - - [26/Dec/2025:08:04:01 -0500] "GET /shop/venda/semesters8727660567.html HTTP/1.1" 200 12888 "-" "Mozilla/5.0 AppleWebKit/537.36 (KHTML, like Gecko; compatible; ClaudeBot/1.0; +claudebot@anthropic.com)"
216.73.216.166 - - [26/Dec/2025:08:04:02 -0500] "GET /shop/chinchilla/nguoi87276319634.html HTTP/1.1" 200 12888 "-" "Mozilla/5.0 AppleWebKit/537.36 (KHTML, like Gecko; compatible; ClaudeBot/1.0; +claudebot@anthropic.com)"
216.73.216.166 - - [26/Dec/2025:08:04:02 -0500] "GET /shop/yucaipa/faxes80084148947.html HTTP/1.1" 200 12888 "-" "Mozilla/5.0 AppleWebKit/537.36 (KHTML, like Gecko; compatible; ClaudeBot/1.0; +claudebot@anthropic.com)"
216.73.216.166 - - [26/Dec/2025:08:04:03 -0500] "GET /shop/antik/ember46740159643.html HTTP/1.1" 200 12888 "-" "Mozilla/5.0 AppleWebKit/537.36 (KHTML, like Gecko; compatible; ClaudeBot/1.0; +claudebot@anthropic.com)"
216.73.216.166 - - [26/Dec/2025:08:04:03 -0500] "GET /shop/farms/ladakh46740205537.html HTTP/1.1" 200 12888 "-" "Mozilla/5.0 AppleWebKit/537.36 (KHTML, like Gecko; compatible; ClaudeBot/1.0; +claudebot@anthropic.com)"
136.243.228.193 - - [26/Dec/2025:08:04:04 -0500] "GET /?commodity/eventually/unhappy926013365879 HTTP/1.1" 200 12888 "-" "Mozilla/5.0 (compatible; DataForSeoBot/1.0; +https://dataforseo.com/dataforseo-bot)"
216.73.216.166 - - [26/Dec/2025:08:04:04 -0500] "GET /shop/microelectronic/dynex8689751848.html HTTP/1.1" 200 12888 "-" "Mozilla/5.0 AppleWebKit/537.36 (KHTML, like Gecko; compatible; ClaudeBot/1.0; +claudebot@anthropic.com)"
216.73.216.166 - - [26/Dec/2025:08:04:04 -0500] "GET /shop/brooksville/preprogrammed46740218234.html HTTP/1.1" 200 12888 "-" "Mozilla/5.0 AppleWebKit/537.36 (KHTML, like Gecko; compatible; ClaudeBot/1.0; +claudebot@anthropic.com)"
66.249.77.1 - - [26/Dec/2025:08:04:04 -0500] "GET /?commodity/tic/supplies92622619332 HTTP/1.1" 200 26237 "-" "Mozilla/5.0 (Linux; Android 6.0.1; Nexus 5X Build/MMB29P) AppleWebKit/537.36 (KHTML, like Gecko) Chrome/141.0.7390.122 Mobile Safari/537.36 (compatible; Googlebot/2.1; +http://www.google.com/bot.html)"
216.73.216.166 - - [26/Dec/2025:08:04:05 -0500] "GET /shop/perrot/boating80084122960.html HTTP/1.1" 200 12888 "-" "Mozilla/5.0 AppleWebKit/537.36 (KHTML, like Gecko; compatible; ClaudeBot/1.0; +claudebot@anthropic.com)"
216.73.216.166 - - [26/Dec/2025:08:04:05 -0500] "GET /shop/istar/discolored8008439008.html HTTP/1.1" 200 12888 "-" "Mozilla/5.0 AppleWebKit/537.36 (KHTML, like Gecko; compatible; ClaudeBot/1.0; +claudebot@anthropic.com)"
216.73.216.166 - - [26/Dec/2025:08:04:06 -0500] "GET /shop/vijayawada/madmen80084106351.html HTTP/1.1" 200 12888 "-" "Mozilla/5.0 AppleWebKit/537.36 (KHTML, like Gecko; compatible; ClaudeBot/1.0; +claudebot@anthropic.com)"
216.73.216.166 - - [26/Dec/2025:08:04:06 -0500] "GET /shop/baume/treadmill44527237787.html HTTP/1.1" 200 12888 "-" "Mozilla/5.0 AppleWebKit/537.36 (KHTML, like Gecko; compatible; ClaudeBot/1.0; +claudebot@anthropic.com)"
216.73.216.166 - - [26/Dec/2025:08:04:07 -0500] "GET /shop/constituted/rabat46740105229.html HTTP/1.1" 200 12888 "-" "Mozilla/5.0 AppleWebKit/537.36 (KHTML, like Gecko; compatible; ClaudeBot/1.0; +claudebot@anthropic.com)"
136.243.228.193 - - [26/Dec/2025:08:04:07 -0500] "GET /?commodity/motivate/outcomes925912696474 HTTP/1.1" 200 12888 "-" "Mozilla/5.0 (compatible; DataForSeoBot/1.0; +https://dataforseo.com/dataforseo-bot)"
216.73.216.166 - - [26/Dec/2025:08:04:07 -0500] "GET /shop/morgana/fernanda86897262460.html HTTP/1.1" 200 12888 "-" "Mozilla/5.0 AppleWebKit/537.36 (KHTML, like Gecko; compatible; ClaudeBot/1.0; +claudebot@anthropic.com)"
216.73.216.166 - - [26/Dec/2025:08:04:08 -0500] "GET /shop/weightings/subfolders80084189989.html HTTP/1.1" 200 12888 "-" "Mozilla/5.0 AppleWebKit/537.36 (KHTML, like Gecko; compatible; ClaudeBot/1.0; +claudebot@anthropic.com)"
216.73.216.166 - - [26/Dec/2025:08:04:08 -0500] "GET /shop/leninist/unsuspected44527229730.html HTTP/1.1" 200 12888 "-" "Mozilla/5.0 AppleWebKit/537.36 (KHTML, like Gecko; compatible; ClaudeBot/1.0; +claudebot@anthropic.com)"
216.73.216.166 - - [26/Dec/2025:08:04:09 -0500] "GET /shop/scofield/gmxnet67030208525.html HTTP/1.1" 200 12888 "-" "Mozilla/5.0 AppleWebKit/537.36 (KHTML, like Gecko; compatible; ClaudeBot/1.0; +claudebot@anthropic.com)"
66.249.77.2 - - [26/Dec/2025:08:04:08 -0500] "GET /?commodity/monogram/championships92612426380 HTTP/1.1" 200 26087 "-" "Mozilla/5.0 (Linux; Android 6.0.1; Nexus 5X Build/MMB29P) AppleWebKit/537.36 (KHTML, like Gecko) Chrome/141.0.7390.122 Mobile Safari/537.36 (compatible; Googlebot/2.1; +http://www.google.com/bot.html)"
216.73.216.166 - - [26/Dec/2025:08:04:09 -0500] "GET /shop/briana/calorieking89464101643.html HTTP/1.1" 200 12888 "-" "Mozilla/5.0 AppleWebKit/537.36 (KHTML, like Gecko; compatible; ClaudeBot/1.0; +claudebot@anthropic.com)"
216.73.216.166 - - [26/Dec/2025:08:04:10 -0500] "GET /shop/maxed/repack67030100986.html HTTP/1.1" 200 12888 "-" "Mozilla/5.0 AppleWebKit/537.36 (KHTML, like Gecko; compatible; ClaudeBot/1.0; +claudebot@anthropic.com)"
216.73.216.166 - - [26/Dec/2025:08:04:10 -0500] "GET /shop/cobbler/caesarean86263214136.html HTTP/1.1" 200 12888 "-" "Mozilla/5.0 AppleWebKit/537.36 (KHTML, like Gecko; compatible; ClaudeBot/1.0; +claudebot@anthropic.com)"
202.76.172.237 - - [26/Dec/2025:08:04:10 -0500] "GET /shop/mathematics/betis1614643001.html HTTP/1.1" 200 14464 "-" "Mozilla/5.0 (Windows NT 6.2) AppleWebKit/536.3 (KHTML, like Gecko) Chrome/19.0.1061.0 Safari/536.3"
136.243.228.193 - - [26/Dec/2025:08:04:11 -0500] "GET /?commodity/grease/previews925711698878 HTTP/1.1" 200 12888 "-" "Mozilla/5.0 (compatible; DataForSeoBot/1.0; +https://dataforseo.com/dataforseo-bot)"
216.73.216.166 - - [26/Dec/2025:08:04:11 -0500] "GET /shop/crutchfield/roadkill44527217543.html HTTP/1.1" 200 12888 "-" "Mozilla/5.0 AppleWebKit/537.36 (KHTML, like Gecko; compatible; ClaudeBot/1.0; +claudebot@anthropic.com)"
216.73.216.166 - - [26/Dec/2025:08:04:11 -0500] "GET /shop/ellos/reject8008417653.html HTTP/1.1" 200 12888 "-" "Mozilla/5.0 AppleWebKit/537.36 (KHTML, like Gecko; compatible; ClaudeBot/1.0; +claudebot@anthropic.com)"
216.73.216.166 - - [26/Dec/2025:08:04:12 -0500] "GET /shop/towcester/stolen6703033417.html HTTP/1.1" 200 12888 "-" "Mozilla/5.0 AppleWebKit/537.36 (KHTML, like Gecko; compatible; ClaudeBot/1.0; +claudebot@anthropic.com)"
216.73.216.166 - - [26/Dec/2025:08:04:12 -0500] "GET /shop/boondock/goole46740187716.html HTTP/1.1" 200 12888 "-" "Mozilla/5.0 AppleWebKit/537.36 (KHTML, like Gecko; compatible; ClaudeBot/1.0; +claudebot@anthropic.com)"
216.73.216.166 - - [26/Dec/2025:08:04:13 -0500] "GET /shop/downtrack/howrah85570277931.html HTTP/1.1" 200 12888 "-" "Mozilla/5.0 AppleWebKit/537.36 (KHTML, like Gecko; compatible; ClaudeBot/1.0; +claudebot@anthropic.com)"
66.249.77.1 - - [26/Dec/2025:08:04:12 -0500] "GET /?commodity/rehabilitation/biscuit92601937897 HTTP/1.1" 200 26094 "-" "Mozilla/5.0 (Linux; Android 6.0.1; Nexus 5X Build/MMB29P) AppleWebKit/537.36 (KHTML, like Gecko) Chrome/141.0.7390.122 Mobile Safari/537.36 (compatible; Googlebot/2.1; +http://www.google.com/bot.html)"
216.73.216.166 - - [26/Dec/2025:08:04:13 -0500] "GET /shop/pusher/tabbing44527296149.html HTTP/1.1" 200 12888 "-" "Mozilla/5.0 AppleWebKit/537.36 (KHTML, like Gecko; compatible; ClaudeBot/1.0; +claudebot@anthropic.com)"
216.73.216.166 - - [26/Dec/2025:08:04:14 -0500] "GET /shop/onefit/ragnar89464308659.html HTTP/1.1" 200 12888 "-" "Mozilla/5.0 AppleWebKit/537.36 (KHTML, like Gecko; compatible; ClaudeBot/1.0; +claudebot@anthropic.com)"
216.73.216.166 - - [26/Dec/2025:08:04:14 -0500] "GET /shop/figuratively/connect8626361524.html HTTP/1.1" 200 12888 "-" "Mozilla/5.0 AppleWebKit/537.36 (KHTML, like Gecko; compatible; ClaudeBot/1.0; +claudebot@anthropic.com)"
216.73.216.166 - - [26/Dec/2025:08:04:15 -0500] "GET /shop/synergistic/insecurities87276162148.html HTTP/1.1" 200 12888 "-" "Mozilla/5.0 AppleWebKit/537.36 (KHTML, like Gecko; compatible; ClaudeBot/1.0; +claudebot@anthropic.com)"
136.243.228.193 - - [26/Dec/2025:08:04:15 -0500] "GET /?commodity/discovered/chocolate926211315904 HTTP/1.1" 200 12888 "-" "Mozilla/5.0 (compatible; DataForSeoBot/1.0; +https://dataforseo.com/dataforseo-bot)"
216.73.216.166 - - [26/Dec/2025:08:04:15 -0500] "GET /shop/wordfast/aphrodisiacs8689754514.html HTTP/1.1" 200 12888 "-" "Mozilla/5.0 AppleWebKit/537.36 (KHTML, like Gecko; compatible; ClaudeBot/1.0; +claudebot@anthropic.com)"
216.73.216.166 - - [26/Dec/2025:08:04:16 -0500] "GET /shop/zusammen/harnessing80084239771.html HTTP/1.1" 200 12888 "-" "Mozilla/5.0 AppleWebKit/537.36 (KHTML, like Gecko; compatible; ClaudeBot/1.0; +claudebot@anthropic.com)"
216.73.216.166 - - [26/Dec/2025:08:04:16 -0500] "GET /shop/upwind/chaska87276278169.html HTTP/1.1" 200 12888 "-" "Mozilla/5.0 AppleWebKit/537.36 (KHTML, like Gecko; compatible; ClaudeBot/1.0; +claudebot@anthropic.com)"
216.73.216.166 - - [26/Dec/2025:08:04:17 -0500] "GET /shop/subtracted/whither86263120318.html HTTP/1.1" 200 12888 "-" "Mozilla/5.0 AppleWebKit/537.36 (KHTML, like Gecko; compatible; ClaudeBot/1.0; +claudebot@anthropic.com)"
216.73.216.166 - - [26/Dec/2025:08:04:17 -0500] "GET /shop/eubank/wanted8008463904.html HTTP/1.1" 200 12888 "-" "Mozilla/5.0 AppleWebKit/537.36 (KHTML, like Gecko; compatible; ClaudeBot/1.0; +claudebot@anthropic.com)"
216.73.216.166 - - [26/Dec/2025:08:04:18 -0500] "GET /shop/precis/cookingcom80084179277.html HTTP/1.1" 200 12888 "-" "Mozilla/5.0 AppleWebKit/537.36 (KHTML, like Gecko; compatible; ClaudeBot/1.0; +claudebot@anthropic.com)"
216.73.216.166 - - [26/Dec/2025:08:04:18 -0500] "GET /shop/weinberg/quilted80084132436.html HTTP/1.1" 200 12888 "-" "Mozilla/5.0 AppleWebKit/537.36 (KHTML, like Gecko; compatible; ClaudeBot/1.0; +claudebot@anthropic.com)"
216.73.216.166 - - [26/Dec/2025:08:04:19 -0500] "GET /shop/lapierre/blackout85570113039.html HTTP/1.1" 200 12888 "-" "Mozilla/5.0 AppleWebKit/537.36 (KHTML, like Gecko; compatible; ClaudeBot/1.0; +claudebot@anthropic.com)"
136.243.228.193 - - [26/Dec/2025:08:04:19 -0500] "GET /?commodity/vance/byte926013097436 HTTP/1.1" 200 12888 "-" "Mozilla/5.0 (compatible; DataForSeoBot/1.0; +https://dataforseo.com/dataforseo-bot)"
216.73.216.166 - - [26/Dec/2025:08:04:19 -0500] "GET /shop/loral/reflects80084180407.html HTTP/1.1" 200 12888 "-" "Mozilla/5.0 AppleWebKit/537.36 (KHTML, like Gecko; compatible; ClaudeBot/1.0; +claudebot@anthropic.com)"
216.73.216.166 - - [26/Dec/2025:08:04:20 -0500] "GET /shop/intell/cineplex87276133853.html HTTP/1.1" 200 12888 "-" "Mozilla/5.0 AppleWebKit/537.36 (KHTML, like Gecko; compatible; ClaudeBot/1.0; +claudebot@anthropic.com)"
216.73.216.166 - - [26/Dec/2025:08:04:21 -0500] "GET /shop/firsts/autoresponders1614653147.html HTTP/1.1" 200 12888 "-" "Mozilla/5.0 AppleWebKit/537.36 (KHTML, like Gecko; compatible; ClaudeBot/1.0; +claudebot@anthropic.com)"
216.73.216.166 - - [26/Dec/2025:08:04:21 -0500] "GET /shop/upgraded/objectivism1614611174.html HTTP/1.1" 200 12888 "-" "Mozilla/5.0 AppleWebKit/537.36 (KHTML, like Gecko; compatible; ClaudeBot/1.0; +claudebot@anthropic.com)"
216.73.216.166 - - [26/Dec/2025:08:04:22 -0500] "GET /shop/grenadine/alkaloid46740239784.html HTTP/1.1" 200 12888 "-" "Mozilla/5.0 AppleWebKit/537.36 (KHTML, like Gecko; compatible; ClaudeBot/1.0; +claudebot@anthropic.com)"
216.73.216.166 - - [26/Dec/2025:08:04:22 -0500] "GET /shop/tasting/soley86897107152.html HTTP/1.1" 200 12888 "-" "Mozilla/5.0 AppleWebKit/537.36 (KHTML, like Gecko; compatible; ClaudeBot/1.0; +claudebot@anthropic.com)"
216.73.216.166 - - [26/Dec/2025:08:04:23 -0500] "GET /shop/mistaking/graze46740304718.html HTTP/1.1" 200 12888 "-" "Mozilla/5.0 AppleWebKit/537.36 (KHTML, like Gecko; compatible; ClaudeBot/1.0; +claudebot@anthropic.com)"
136.243.228.193 - - [26/Dec/2025:08:04:23 -0500] "GET /?commodity/determine/accents925714501949 HTTP/1.1" 200 12888 "-" "Mozilla/5.0 (compatible; DataForSeoBot/1.0; +https://dataforseo.com/dataforseo-bot)"
216.73.216.166 - - [26/Dec/2025:08:04:23 -0500] "GET /shop/loveseat/pariah86897224982.html HTTP/1.1" 200 12888 "-" "Mozilla/5.0 AppleWebKit/537.36 (KHTML, like Gecko; compatible; ClaudeBot/1.0; +claudebot@anthropic.com)"
216.73.216.166 - - [26/Dec/2025:08:04:24 -0500] "GET /shop/myhollywood/pcworldcom86263103071.html HTTP/1.1" 200 12888 "-" "Mozilla/5.0 AppleWebKit/537.36 (KHTML, like Gecko; compatible; ClaudeBot/1.0; +claudebot@anthropic.com)"
216.73.216.166 - - [26/Dec/2025:08:04:24 -0500] "GET /shop/biasing/redgoldfish87276120594.html HTTP/1.1" 200 12888 "-" "Mozilla/5.0 AppleWebKit/537.36 (KHTML, like Gecko; compatible; ClaudeBot/1.0; +claudebot@anthropic.com)"
216.73.216.166 - - [26/Dec/2025:08:04:25 -0500] "GET /shop/luscious/cronies87276268429.html HTTP/1.1" 200 12888 "-" "Mozilla/5.0 AppleWebKit/537.36 (KHTML, like Gecko; compatible; ClaudeBot/1.0; +claudebot@anthropic.com)"
216.73.216.166 - - [26/Dec/2025:08:04:25 -0500] "GET /shop/launceston/retailing4452717813.html HTTP/1.1" 200 12888 "-" "Mozilla/5.0 AppleWebKit/537.36 (KHTML, like Gecko; compatible; ClaudeBot/1.0; +claudebot@anthropic.com)"
216.73.216.166 - - [26/Dec/2025:08:04:26 -0500] "GET /shop/slags/darphin16146157573.html HTTP/1.1" 200 12888 "-" "Mozilla/5.0 AppleWebKit/537.36 (KHTML, like Gecko; compatible; ClaudeBot/1.0; +claudebot@anthropic.com)"
216.73.216.166 - - [26/Dec/2025:08:04:26 -0500] "GET /shop/thawed/armidale85570121251.html HTTP/1.1" 200 12888 "-" "Mozilla/5.0 AppleWebKit/537.36 (KHTML, like Gecko; compatible; ClaudeBot/1.0; +claudebot@anthropic.com)"
216.73.216.166 - - [26/Dec/2025:08:04:27 -0500] "GET /shop/revising/ballymena8946416959.html HTTP/1.1" 200 12888 "-" "Mozilla/5.0 AppleWebKit/537.36 (KHTML, like Gecko; compatible; ClaudeBot/1.0; +claudebot@anthropic.com)"
136.243.228.193 - - [26/Dec/2025:08:04:27 -0500] "GET /?commodity/missionaries/affiliation925912480054 HTTP/1.1" 200 12888 "-" "Mozilla/5.0 (compatible; DataForSeoBot/1.0; +https://dataforseo.com/dataforseo-bot)"
216.73.216.166 - - [26/Dec/2025:08:04:27 -0500] "GET /shop/clinica/soledad87276281718.html HTTP/1.1" 200 12888 "-" "Mozilla/5.0 AppleWebKit/537.36 (KHTML, like Gecko; compatible; ClaudeBot/1.0; +claudebot@anthropic.com)"
