216.73.216.20 - - [26/Dec/2025:09:27:05 -0500] "GET /?d=3800537 HTTP/1.1" 500 0 "-" "Mozilla/5.0 AppleWebKit/537.36 (KHTML, like Gecko; compatible; ClaudeBot/1.0; +claudebot@anthropic.com)"
216.73.216.20 - - [26/Dec/2025:09:27:10 -0500] "GET /?d=777914 HTTP/1.1" 500 0 "-" "Mozilla/5.0 AppleWebKit/537.36 (KHTML, like Gecko; compatible; ClaudeBot/1.0; +claudebot@anthropic.com)"
85.208.96.197 - - [26/Dec/2025:09:27:11 -0500] "GET /?d=1673100 HTTP/1.1" 500 0 "-" "Mozilla/5.0 (compatible; SemrushBot/7~bl; +http://www.semrush.com/bot.html)"
154.0.175.202 - - [26/Dec/2025:09:27:13 -0500] "GET / HTTP/1.1" 500 0 "-" "Mozilla/5.0 (iPhone; CPU iPhone OS 17_2 like Mac OS X) AppleWebKit/605.1.15 (KHTML, like Gecko) Version/17.2 Mobile/15E148 Safari/604.1"
216.73.216.20 - - [26/Dec/2025:09:27:15 -0500] "GET /?d=4153757 HTTP/1.1" 500 0 "-" "Mozilla/5.0 AppleWebKit/537.36 (KHTML, like Gecko; compatible; ClaudeBot/1.0; +claudebot@anthropic.com)"
216.73.216.20 - - [26/Dec/2025:09:27:20 -0500] "GET /?d=449188 HTTP/1.1" 500 0 "-" "Mozilla/5.0 AppleWebKit/537.36 (KHTML, like Gecko; compatible; ClaudeBot/1.0; +claudebot@anthropic.com)"
216.73.216.20 - - [26/Dec/2025:09:27:25 -0500] "GET /?d=3286149 HTTP/1.1" 500 0 "-" "Mozilla/5.0 AppleWebKit/537.36 (KHTML, like Gecko; compatible; ClaudeBot/1.0; +claudebot@anthropic.com)"
132.148.74.71 - - [26/Dec/2025:09:27:27 -0500] "GET / HTTP/1.1" 500 0 "-" "Mozilla/5.0 (Windows NT 10.0; Win64; x64) AppleWebKit/537.36 (KHTML, like Gecko) Chrome/100.0.4896.75 Safari/537.36"
216.73.216.20 - - [26/Dec/2025:09:27:30 -0500] "GET /?d=70956 HTTP/1.1" 500 0 "-" "Mozilla/5.0 AppleWebKit/537.36 (KHTML, like Gecko; compatible; ClaudeBot/1.0; +claudebot@anthropic.com)"
216.73.216.20 - - [26/Dec/2025:09:27:35 -0500] "GET /?d=475328 HTTP/1.1" 500 0 "-" "Mozilla/5.0 AppleWebKit/537.36 (KHTML, like Gecko; compatible; ClaudeBot/1.0; +claudebot@anthropic.com)"
216.73.216.20 - - [26/Dec/2025:09:27:40 -0500] "GET /?d=1240106 HTTP/1.1" 500 0 "-" "Mozilla/5.0 AppleWebKit/537.36 (KHTML, like Gecko; compatible; ClaudeBot/1.0; +claudebot@anthropic.com)"
216.73.216.20 - - [26/Dec/2025:09:27:45 -0500] "GET /?d=1806271 HTTP/1.1" 500 0 "-" "Mozilla/5.0 AppleWebKit/537.36 (KHTML, like Gecko; compatible; ClaudeBot/1.0; +claudebot@anthropic.com)"
216.73.216.20 - - [26/Dec/2025:09:27:50 -0500] "GET /?d=2584950 HTTP/1.1" 500 0 "-" "Mozilla/5.0 AppleWebKit/537.36 (KHTML, like Gecko; compatible; ClaudeBot/1.0; +claudebot@anthropic.com)"
216.73.216.20 - - [26/Dec/2025:09:27:55 -0500] "GET /?d=3452155 HTTP/1.1" 500 0 "-" "Mozilla/5.0 AppleWebKit/537.36 (KHTML, like Gecko; compatible; ClaudeBot/1.0; +claudebot@anthropic.com)"
216.73.216.20 - - [26/Dec/2025:09:28:00 -0500] "GET /?d=4094772 HTTP/1.1" 500 0 "-" "Mozilla/5.0 AppleWebKit/537.36 (KHTML, like Gecko; compatible; ClaudeBot/1.0; +claudebot@anthropic.com)"
216.73.216.20 - - [26/Dec/2025:09:28:05 -0500] "GET /?d=4949293 HTTP/1.1" 500 0 "-" "Mozilla/5.0 AppleWebKit/537.36 (KHTML, like Gecko; compatible; ClaudeBot/1.0; +claudebot@anthropic.com)"
216.73.216.20 - - [26/Dec/2025:09:28:10 -0500] "GET /?d=560400 HTTP/1.1" 500 0 "-" "Mozilla/5.0 AppleWebKit/537.36 (KHTML, like Gecko; compatible; ClaudeBot/1.0; +claudebot@anthropic.com)"
185.191.171.1 - - [26/Dec/2025:09:28:12 -0500] "GET /?d=3601 HTTP/1.1" 500 0 "-" "Mozilla/5.0 (compatible; SemrushBot/7~bl; +http://www.semrush.com/bot.html)"
216.73.216.20 - - [26/Dec/2025:09:28:15 -0500] "GET /?d=5373607 HTTP/1.1" 500 0 "-" "Mozilla/5.0 AppleWebKit/537.36 (KHTML, like Gecko; compatible; ClaudeBot/1.0; +claudebot@anthropic.com)"
216.73.216.20 - - [26/Dec/2025:09:28:20 -0500] "GET /?d=204679 HTTP/1.1" 500 0 "-" "Mozilla/5.0 AppleWebKit/537.36 (KHTML, like Gecko; compatible; ClaudeBot/1.0; +claudebot@anthropic.com)"
216.73.216.20 - - [26/Dec/2025:09:28:25 -0500] "GET /?d=660457 HTTP/1.1" 500 0 "-" "Mozilla/5.0 AppleWebKit/537.36 (KHTML, like Gecko; compatible; ClaudeBot/1.0; +claudebot@anthropic.com)"
216.73.216.20 - - [26/Dec/2025:09:28:30 -0500] "GET /?d=837565 HTTP/1.1" 500 0 "-" "Mozilla/5.0 AppleWebKit/537.36 (KHTML, like Gecko; compatible; ClaudeBot/1.0; +claudebot@anthropic.com)"
216.73.216.20 - - [26/Dec/2025:09:28:35 -0500] "GET /?d=4069296 HTTP/1.1" 500 0 "-" "Mozilla/5.0 AppleWebKit/537.36 (KHTML, like Gecko; compatible; ClaudeBot/1.0; +claudebot@anthropic.com)"
216.73.216.20 - - [26/Dec/2025:09:28:40 -0500] "GET /?d=37821 HTTP/1.1" 500 0 "-" "Mozilla/5.0 AppleWebKit/537.36 (KHTML, like Gecko; compatible; ClaudeBot/1.0; +claudebot@anthropic.com)"
216.73.216.20 - - [26/Dec/2025:09:28:45 -0500] "GET /?d=898458 HTTP/1.1" 500 0 "-" "Mozilla/5.0 AppleWebKit/537.36 (KHTML, like Gecko; compatible; ClaudeBot/1.0; +claudebot@anthropic.com)"
216.73.216.20 - - [26/Dec/2025:09:28:50 -0500] "GET /?d=517355 HTTP/1.1" 500 0 "-" "Mozilla/5.0 AppleWebKit/537.36 (KHTML, like Gecko; compatible; ClaudeBot/1.0; +claudebot@anthropic.com)"
216.73.216.20 - - [26/Dec/2025:09:28:56 -0500] "GET /sitemap.xml HTTP/1.1" 200 4530 "-" "Mozilla/5.0 AppleWebKit/537.36 (KHTML, like Gecko; compatible; ClaudeBot/1.0; +claudebot@anthropic.com)"
62.171.144.198 - - [26/Dec/2025:09:29:00 -0500] "GET /wp-admin/css/ HTTP/1.1" 200 3724 "binance.com" "Mozilla/5.0 (Windows NT 10.0; Win64; x64) AppleWebKit/537.36 (KHTML, like Gecko) Chrome/90.0.4430.85 Safari/537.36"
216.73.216.20 - - [26/Dec/2025:09:29:01 -0500] "GET /loggertrait.php HTTP/1.1" 403 4986 "-" "Mozilla/5.0 AppleWebKit/537.36 (KHTML, like Gecko; compatible; ClaudeBot/1.0; +claudebot@anthropic.com)"
62.171.144.198 - - [26/Dec/2025:09:29:05 -0500] "GET /wp-content/uploads/2025/12/ HTTP/1.1" 200 690 "binance.com" "Mozilla/5.0 (Windows NT 10.0; Win64; x64) AppleWebKit/537.36 (KHTML, like Gecko) Chrome/90.0.4430.85 Safari/537.36"
216.73.216.20 - - [26/Dec/2025:09:29:06 -0500] "GET /?d=374483 HTTP/1.1" 500 0 "-" "Mozilla/5.0 AppleWebKit/537.36 (KHTML, like Gecko; compatible; ClaudeBot/1.0; +claudebot@anthropic.com)"
62.171.144.198 - - [26/Dec/2025:09:29:10 -0500] "GET /wp-content/uploads/2025/11/ HTTP/1.1" 200 690 "binance.com" "Mozilla/5.0 (Windows NT 10.0; Win64; x64) AppleWebKit/537.36 (KHTML, like Gecko) Chrome/90.0.4430.85 Safari/537.36"
216.73.216.20 - - [26/Dec/2025:09:29:11 -0500] "GET /?d=3045501 HTTP/1.1" 500 0 "-" "Mozilla/5.0 AppleWebKit/537.36 (KHTML, like Gecko; compatible; ClaudeBot/1.0; +claudebot@anthropic.com)"
85.208.96.210 - - [26/Dec/2025:09:29:13 -0500] "GET /?d=4755978 HTTP/1.1" 500 0 "-" "Mozilla/5.0 (compatible; SemrushBot/7~bl; +http://www.semrush.com/bot.html)"
62.171.144.198 - - [26/Dec/2025:09:29:14 -0500] "GET /wp-content/uploads/ HTTP/1.1" 200 1816 "binance.com" "Mozilla/5.0 (Windows NT 10.0; Win64; x64) AppleWebKit/537.36 (KHTML, like Gecko) Chrome/90.0.4430.85 Safari/537.36"
216.73.216.20 - - [26/Dec/2025:09:29:16 -0500] "GET /?d=2889587 HTTP/1.1" 500 0 "-" "Mozilla/5.0 AppleWebKit/537.36 (KHTML, like Gecko; compatible; ClaudeBot/1.0; +claudebot@anthropic.com)"
62.171.144.198 - - [26/Dec/2025:09:29:17 -0500] "GET /wp-content/upgrade/ HTTP/1.1" 200 682 "binance.com" "Mozilla/5.0 (Windows NT 10.0; Win64; x64) AppleWebKit/537.36 (KHTML, like Gecko) Chrome/90.0.4430.85 Safari/537.36"
62.171.144.198 - - [26/Dec/2025:09:29:20 -0500] "GET /wp-content/languages/ HTTP/1.1" 200 0 "binance.com" "Mozilla/5.0 (Windows NT 10.0; Win64; x64) AppleWebKit/537.36 (KHTML, like Gecko) Chrome/90.0.4430.85 Safari/537.36"
216.73.216.20 - - [26/Dec/2025:09:29:21 -0500] "GET /?d=34168 HTTP/1.1" 500 0 "-" "Mozilla/5.0 AppleWebKit/537.36 (KHTML, like Gecko; compatible; ClaudeBot/1.0; +claudebot@anthropic.com)"
62.171.144.198 - - [26/Dec/2025:09:29:24 -0500] "GET /wp-admin/includes/ HTTP/1.1" 200 4348 "binance.com" "Mozilla/5.0 (Windows NT 10.0; Win64; x64) AppleWebKit/537.36 (KHTML, like Gecko) Chrome/90.0.4430.85 Safari/537.36"
216.73.216.20 - - [26/Dec/2025:09:29:26 -0500] "GET /?d=2397978 HTTP/1.1" 500 0 "-" "Mozilla/5.0 AppleWebKit/537.36 (KHTML, like Gecko; compatible; ClaudeBot/1.0; +claudebot@anthropic.com)"
62.171.144.198 - - [26/Dec/2025:09:29:28 -0500] "GET /wp-admin/includes/ HTTP/1.1" 200 4323 "binance.com" "Mozilla/5.0 (Windows NT 10.0; Win64; x64) AppleWebKit/537.36 (KHTML, like Gecko) Chrome/90.0.4430.85 Safari/537.36"
216.73.216.20 - - [26/Dec/2025:09:29:31 -0500] "GET /?d=87395 HTTP/1.1" 500 0 "-" "Mozilla/5.0 AppleWebKit/537.36 (KHTML, like Gecko; compatible; ClaudeBot/1.0; +claudebot@anthropic.com)"
216.73.216.20 - - [26/Dec/2025:09:29:36 -0500] "GET /?d=4014822 HTTP/1.1" 500 0 "-" "Mozilla/5.0 AppleWebKit/537.36 (KHTML, like Gecko; compatible; ClaudeBot/1.0; +claudebot@anthropic.com)"
216.73.216.20 - - [26/Dec/2025:09:29:41 -0500] "GET /?d=893074 HTTP/1.1" 500 0 "-" "Mozilla/5.0 AppleWebKit/537.36 (KHTML, like Gecko; compatible; ClaudeBot/1.0; +claudebot@anthropic.com)"
216.73.216.20 - - [26/Dec/2025:09:29:46 -0500] "GET /?d=4472503 HTTP/1.1" 500 0 "-" "Mozilla/5.0 AppleWebKit/537.36 (KHTML, like Gecko; compatible; ClaudeBot/1.0; +claudebot@anthropic.com)"
62.171.144.198 - - [26/Dec/2025:09:29:47 -0500] "GET /wp-admin/maint/ HTTP/1.1" 200 827 "binance.com" "Mozilla/5.0 (Windows NT 10.0; Win64; x64) AppleWebKit/537.36 (KHTML, like Gecko) Chrome/90.0.4430.85 Safari/537.36"
216.73.216.20 - - [26/Dec/2025:09:29:51 -0500] "GET /?d=5113752 HTTP/1.1" 500 0 "-" "Mozilla/5.0 AppleWebKit/537.36 (KHTML, like Gecko; compatible; ClaudeBot/1.0; +claudebot@anthropic.com)"
62.171.144.198 - - [26/Dec/2025:09:29:51 -0500] "GET /wp-admin/maint/ HTTP/1.1" 200 827 "binance.com" "Mozilla/5.0 (Windows NT 10.0; Win64; x64) AppleWebKit/537.36 (KHTML, like Gecko) Chrome/90.0.4430.85 Safari/537.36"
62.171.144.198 - - [26/Dec/2025:09:29:55 -0500] "GET /wp-admin/network/ HTTP/1.1" 500 0 "binance.com" "Mozilla/5.0 (Windows NT 10.0; Win64; x64) AppleWebKit/537.36 (KHTML, like Gecko) Chrome/90.0.4430.85 Safari/537.36"
216.73.216.20 - - [26/Dec/2025:09:29:56 -0500] "GET /?d=1967484 HTTP/1.1" 500 0 "-" "Mozilla/5.0 AppleWebKit/537.36 (KHTML, like Gecko; compatible; ClaudeBot/1.0; +claudebot@anthropic.com)"
62.171.144.198 - - [26/Dec/2025:09:29:59 -0500] "GET /wp-admin/user/ HTTP/1.1" 500 0 "binance.com" "Mozilla/5.0 (Windows NT 10.0; Win64; x64) AppleWebKit/537.36 (KHTML, like Gecko) Chrome/90.0.4430.85 Safari/537.36"
216.73.216.20 - - [26/Dec/2025:09:30:01 -0500] "GET /?d=317644 HTTP/1.1" 500 0 "-" "Mozilla/5.0 AppleWebKit/537.36 (KHTML, like Gecko; compatible; ClaudeBot/1.0; +claudebot@anthropic.com)"
62.171.144.198 - - [26/Dec/2025:09:30:03 -0500] "GET /wp-admin/css/ HTTP/1.1" 200 3677 "binance.com" "Mozilla/5.0 (Windows NT 10.0; Win64; x64) AppleWebKit/537.36 (KHTML, like Gecko) Chrome/90.0.4430.85 Safari/537.36"
216.73.216.20 - - [26/Dec/2025:09:30:06 -0500] "GET /?d=5453985 HTTP/1.1" 500 0 "-" "Mozilla/5.0 AppleWebKit/537.36 (KHTML, like Gecko; compatible; ClaudeBot/1.0; +claudebot@anthropic.com)"
62.171.144.198 - - [26/Dec/2025:09:30:08 -0500] "GET /wp-admin/css/colors/ HTTP/1.1" 200 1436 "binance.com" "Mozilla/5.0 (Windows NT 10.0; Win64; x64) AppleWebKit/537.36 (KHTML, like Gecko) Chrome/90.0.4430.85 Safari/537.36"
216.73.216.20 - - [26/Dec/2025:09:30:11 -0500] "GET /?d=580106 HTTP/1.1" 500 0 "-" "Mozilla/5.0 AppleWebKit/537.36 (KHTML, like Gecko; compatible; ClaudeBot/1.0; +claudebot@anthropic.com)"
62.171.144.198 - - [26/Dec/2025:09:30:13 -0500] "GET /wp-admin/css/colors/blue/ HTTP/1.1" 200 904 "binance.com" "Mozilla/5.0 (Windows NT 10.0; Win64; x64) AppleWebKit/537.36 (KHTML, like Gecko) Chrome/90.0.4430.85 Safari/537.36"
185.191.171.5 - - [26/Dec/2025:09:30:14 -0500] "GET /?d=547820 HTTP/1.1" 500 0 "-" "Mozilla/5.0 (compatible; SemrushBot/7~bl; +http://www.semrush.com/bot.html)"
216.73.216.20 - - [26/Dec/2025:09:30:16 -0500] "GET /?d=5221698 HTTP/1.1" 500 0 "-" "Mozilla/5.0 AppleWebKit/537.36 (KHTML, like Gecko; compatible; ClaudeBot/1.0; +claudebot@anthropic.com)"
62.171.144.198 - - [26/Dec/2025:09:30:17 -0500] "GET /wp-admin/css/colors/coffee/ HTTP/1.1" 200 902 "binance.com" "Mozilla/5.0 (Windows NT 10.0; Win64; x64) AppleWebKit/537.36 (KHTML, like Gecko) Chrome/90.0.4430.85 Safari/537.36"
62.171.144.198 - - [26/Dec/2025:09:30:22 -0500] "GET /wp-admin/css/colors/ectoplasm/ HTTP/1.1" 200 1274 "binance.com" "Mozilla/5.0 (Windows NT 10.0; Win64; x64) AppleWebKit/537.36 (KHTML, like Gecko) Chrome/90.0.4430.85 Safari/537.36"
216.73.216.20 - - [26/Dec/2025:09:30:22 -0500] "GET /?d=590106 HTTP/1.1" 500 0 "-" "Mozilla/5.0 AppleWebKit/537.36 (KHTML, like Gecko; compatible; ClaudeBot/1.0; +claudebot@anthropic.com)"
62.171.144.198 - - [26/Dec/2025:09:30:26 -0500] "GET /wp-admin/css/colors/light/ HTTP/1.1" 200 905 "binance.com" "Mozilla/5.0 (Windows NT 10.0; Win64; x64) AppleWebKit/537.36 (KHTML, like Gecko) Chrome/90.0.4430.85 Safari/537.36"
216.73.216.20 - - [26/Dec/2025:09:30:27 -0500] "GET /?d=1820652 HTTP/1.1" 500 0 "-" "Mozilla/5.0 AppleWebKit/537.36 (KHTML, like Gecko; compatible; ClaudeBot/1.0; +claudebot@anthropic.com)"
62.171.144.198 - - [26/Dec/2025:09:30:31 -0500] "GET /wp-admin/css/colors/midnight/ HTTP/1.1" 200 1276 "binance.com" "Mozilla/5.0 (Windows NT 10.0; Win64; x64) AppleWebKit/537.36 (KHTML, like Gecko) Chrome/90.0.4430.85 Safari/537.36"
216.73.216.20 - - [26/Dec/2025:09:30:32 -0500] "GET /?d=498649 HTTP/1.1" 500 0 "-" "Mozilla/5.0 AppleWebKit/537.36 (KHTML, like Gecko; compatible; ClaudeBot/1.0; +claudebot@anthropic.com)"
62.171.144.198 - - [26/Dec/2025:09:30:36 -0500] "GET /wp-admin/css/colors/modern/ HTTP/1.1" 200 907 "binance.com" "Mozilla/5.0 (Windows NT 10.0; Win64; x64) AppleWebKit/537.36 (KHTML, like Gecko) Chrome/90.0.4430.85 Safari/537.36"
216.73.216.20 - - [26/Dec/2025:09:30:38 -0500] "GET /?d=911652 HTTP/1.1" 500 0 "-" "Mozilla/5.0 AppleWebKit/537.36 (KHTML, like Gecko; compatible; ClaudeBot/1.0; +claudebot@anthropic.com)"
62.171.144.198 - - [26/Dec/2025:09:30:41 -0500] "GET /wp-admin/css/colors/ocean/ HTTP/1.1" 200 904 "binance.com" "Mozilla/5.0 (Windows NT 10.0; Win64; x64) AppleWebKit/537.36 (KHTML, like Gecko) Chrome/90.0.4430.85 Safari/537.36"
216.73.216.20 - - [26/Dec/2025:09:30:43 -0500] "GET /?d=53364 HTTP/1.1" 500 0 "-" "Mozilla/5.0 AppleWebKit/537.36 (KHTML, like Gecko; compatible; ClaudeBot/1.0; +claudebot@anthropic.com)"
62.171.144.198 - - [26/Dec/2025:09:30:46 -0500] "GET /wp-admin/css/colors/sunrise/%20 HTTP/1.1" 500 0 "binance.com" "Mozilla/5.0 (Windows NT 10.0; Win64; x64) AppleWebKit/537.36 (KHTML, like Gecko) Chrome/90.0.4430.85 Safari/537.36"
216.73.216.20 - - [26/Dec/2025:09:30:48 -0500] "GET /?d=4810367 HTTP/1.1" 500 0 "-" "Mozilla/5.0 AppleWebKit/537.36 (KHTML, like Gecko; compatible; ClaudeBot/1.0; +claudebot@anthropic.com)"
62.171.144.198 - - [26/Dec/2025:09:30:50 -0500] "GET /wp-admin/images/ HTTP/1.1" 200 3359 "binance.com" "Mozilla/5.0 (Windows NT 10.0; Win64; x64) AppleWebKit/537.36 (KHTML, like Gecko) Chrome/90.0.4430.85 Safari/537.36"
216.73.216.20 - - [26/Dec/2025:09:30:53 -0500] "GET /?d=422787 HTTP/1.1" 500 0 "-" "Mozilla/5.0 AppleWebKit/537.36 (KHTML, like Gecko; compatible; ClaudeBot/1.0; +claudebot@anthropic.com)"
62.171.144.198 - - [26/Dec/2025:09:30:55 -0500] "GET /wp-admin/js/ HTTP/1.1" 200 3901 "binance.com" "Mozilla/5.0 (Windows NT 10.0; Win64; x64) AppleWebKit/537.36 (KHTML, like Gecko) Chrome/90.0.4430.85 Safari/537.36"
216.73.216.20 - - [26/Dec/2025:09:30:58 -0500] "GET /?d=2147678 HTTP/1.1" 500 0 "-" "Mozilla/5.0 AppleWebKit/537.36 (KHTML, like Gecko; compatible; ClaudeBot/1.0; +claudebot@anthropic.com)"
62.171.144.198 - - [26/Dec/2025:09:30:58 -0500] "GET /wp-admin/js/widgets/ HTTP/1.1" 200 1610 "binance.com" "Mozilla/5.0 (Windows NT 10.0; Win64; x64) AppleWebKit/537.36 (KHTML, like Gecko) Chrome/90.0.4430.85 Safari/537.36"
62.171.144.198 - - [26/Dec/2025:09:31:03 -0500] "GET /wp-includes/ HTTP/1.1" 200 9436 "binance.com" "Mozilla/5.0 (Windows NT 10.0; Win64; x64) AppleWebKit/537.36 (KHTML, like Gecko) Chrome/90.0.4430.85 Safari/537.36"
216.73.216.20 - - [26/Dec/2025:09:31:03 -0500] "GET /?d=1109352 HTTP/1.1" 500 0 "-" "Mozilla/5.0 AppleWebKit/537.36 (KHTML, like Gecko; compatible; ClaudeBot/1.0; +claudebot@anthropic.com)"
62.171.144.198 - - [26/Dec/2025:09:31:08 -0500] "GET /wp-includes/ HTTP/1.1" 200 9436 "binance.com" "Mozilla/5.0 (Windows NT 10.0; Win64; x64) AppleWebKit/537.36 (KHTML, like Gecko) Chrome/90.0.4430.85 Safari/537.36"
62.171.144.198 - - [26/Dec/2025:09:31:14 -0500] "GET /wp-includes/abilities-api.php HTTP/1.1" 403 4986 "binance.com" "Mozilla/5.0 (Windows NT 10.0; Win64; x64) AppleWebKit/537.36 (KHTML, like Gecko) Chrome/90.0.4430.85 Safari/537.36"
185.191.171.18 - - [26/Dec/2025:09:31:15 -0500] "GET /?d=5293936 HTTP/1.1" 500 0 "-" "Mozilla/5.0 (compatible; SemrushBot/7~bl; +http://www.semrush.com/bot.html)"
62.171.144.198 - - [26/Dec/2025:09:31:17 -0500] "GET /wp-includes/abilities.php HTTP/1.1" 403 4986 "binance.com" "Mozilla/5.0 (Windows NT 10.0; Win64; x64) AppleWebKit/537.36 (KHTML, like Gecko) Chrome/90.0.4430.85 Safari/537.36"
62.171.144.198 - - [26/Dec/2025:09:31:20 -0500] "GET /wp-includes/block-bindings.php HTTP/1.1" 403 4986 "binance.com" "Mozilla/5.0 (Windows NT 10.0; Win64; x64) AppleWebKit/537.36 (KHTML, like Gecko) Chrome/90.0.4430.85 Safari/537.36"
62.171.144.198 - - [26/Dec/2025:09:31:22 -0500] "GET /wp-includes/block-editor.php HTTP/1.1" 403 4986 "binance.com" "Mozilla/5.0 (Windows NT 10.0; Win64; x64) AppleWebKit/537.36 (KHTML, like Gecko) Chrome/90.0.4430.85 Safari/537.36"
185.191.171.13 - - [26/Dec/2025:09:31:23 -0500] "GET /robots.txt HTTP/1.1" 200 231 "-" "Mozilla/5.0 (compatible; SemrushBot/7~bl; +http://www.semrush.com/bot.html)"
62.171.144.198 - - [26/Dec/2025:09:31:28 -0500] "GET /wp-includes/block-template-utils.php HTTP/1.1" 403 4986 "binance.com" "Mozilla/5.0 (Windows NT 10.0; Win64; x64) AppleWebKit/537.36 (KHTML, like Gecko) Chrome/90.0.4430.85 Safari/537.36"
216.73.216.20 - - [26/Dec/2025:09:31:31 -0500] "GET /robots.txt HTTP/1.1" 200 158 "-" "Mozilla/5.0 AppleWebKit/537.36 (KHTML, like Gecko; compatible; ClaudeBot/1.0; +claudebot@anthropic.com)"
216.73.216.20 - - [26/Dec/2025:09:31:31 -0500] "GET /?d=222255 HTTP/1.1" 500 0 "-" "Mozilla/5.0 AppleWebKit/537.36 (KHTML, like Gecko; compatible; ClaudeBot/1.0; +claudebot@anthropic.com)"
62.171.144.198 - - [26/Dec/2025:09:31:32 -0500] "GET /wp-includes/block-template.php HTTP/1.1" 403 4986 "binance.com" "Mozilla/5.0 (Windows NT 10.0; Win64; x64) AppleWebKit/537.36 (KHTML, like Gecko) Chrome/90.0.4430.85 Safari/537.36"
62.171.144.198 - - [26/Dec/2025:09:31:36 -0500] "GET /wp-includes/class-avif-info.php HTTP/1.1" 403 4986 "binance.com" "Mozilla/5.0 (Windows NT 10.0; Win64; x64) AppleWebKit/537.36 (KHTML, like Gecko) Chrome/90.0.4430.85 Safari/537.36"
216.73.216.20 - - [26/Dec/2025:09:31:36 -0500] "GET /?d=36973 HTTP/1.1" 500 0 "-" "Mozilla/5.0 AppleWebKit/537.36 (KHTML, like Gecko; compatible; ClaudeBot/1.0; +claudebot@anthropic.com)"
62.171.144.198 - - [26/Dec/2025:09:31:40 -0500] "GET /wp-includes/class-wp-block-bindings-registry.php HTTP/1.1" 403 4986 "binance.com" "Mozilla/5.0 (Windows NT 10.0; Win64; x64) AppleWebKit/537.36 (KHTML, like Gecko) Chrome/90.0.4430.85 Safari/537.36"
103.77.107.57 - - [26/Dec/2025:09:31:40 -0500] "GET /sftp-config.json HTTP/1.1" 403 4988 "-" "Mozilla/5.0 (Macintosh; Intel Mac OS X 10.15; rv:77.0) Gecko/20100101 Firefox/77.0"
216.73.216.20 - - [26/Dec/2025:09:31:41 -0500] "GET /?d=219166 HTTP/1.1" 500 0 "-" "Mozilla/5.0 AppleWebKit/537.36 (KHTML, like Gecko; compatible; ClaudeBot/1.0; +claudebot@anthropic.com)"
103.77.107.57 - - [26/Dec/2025:09:31:42 -0500] "GET /.vscode/sftp.json HTTP/1.1" 500 0 "-" "Mozilla/5.0 (Macintosh; Intel Mac OS X 10.15; rv:77.0) Gecko/20100101 Firefox/77.0"
62.171.144.198 - - [26/Dec/2025:09:31:44 -0500] "GET /wp-includes/class-wp-block-bindings-source.php HTTP/1.1" 403 4986 "binance.com" "Mozilla/5.0 (Windows NT 10.0; Win64; x64) AppleWebKit/537.36 (KHTML, like Gecko) Chrome/90.0.4430.85 Safari/537.36"
216.73.216.20 - - [26/Dec/2025:09:31:46 -0500] "GET /?d=50255 HTTP/1.1" 500 0 "-" "Mozilla/5.0 AppleWebKit/537.36 (KHTML, like Gecko; compatible; ClaudeBot/1.0; +claudebot@anthropic.com)"
62.171.144.198 - - [26/Dec/2025:09:31:48 -0500] "GET /wp-includes/class-wp-block-editor-context.php HTTP/1.1" 403 4986 "binance.com" "Mozilla/5.0 (Windows NT 10.0; Win64; x64) AppleWebKit/537.36 (KHTML, like Gecko) Chrome/90.0.4430.85 Safari/537.36"
216.73.216.20 - - [26/Dec/2025:09:31:52 -0500] "GET /?d=285010 HTTP/1.1" 500 0 "-" "Mozilla/5.0 AppleWebKit/537.36 (KHTML, like Gecko; compatible; ClaudeBot/1.0; +claudebot@anthropic.com)"
62.171.144.198 - - [26/Dec/2025:09:31:53 -0500] "GET /wp-includes/class-wp-block-metadata-registry.php HTTP/1.1" 403 4986 "binance.com" "Mozilla/5.0 (Windows NT 10.0; Win64; x64) AppleWebKit/537.36 (KHTML, like Gecko) Chrome/90.0.4430.85 Safari/537.36"
216.73.216.20 - - [26/Dec/2025:09:31:57 -0500] "GET /?d=5116444 HTTP/1.1" 500 0 "-" "Mozilla/5.0 AppleWebKit/537.36 (KHTML, like Gecko; compatible; ClaudeBot/1.0; +claudebot@anthropic.com)"
62.171.144.198 - - [26/Dec/2025:09:31:57 -0500] "GET /wp-includes/class-wp-block-parser-block.php HTTP/1.1" 403 4986 "binance.com" "Mozilla/5.0 (Windows NT 10.0; Win64; x64) AppleWebKit/537.36 (KHTML, like Gecko) Chrome/90.0.4430.85 Safari/537.36"
216.73.216.20 - - [26/Dec/2025:09:32:02 -0500] "GET /?d=5113369 HTTP/1.1" 500 0 "-" "Mozilla/5.0 AppleWebKit/537.36 (KHTML, like Gecko; compatible; ClaudeBot/1.0; +claudebot@anthropic.com)"
62.171.144.198 - - [26/Dec/2025:09:32:02 -0500] "GET /wp-includes/class-wp-block-parser-frame.php HTTP/1.1" 403 4986 "binance.com" "Mozilla/5.0 (Windows NT 10.0; Win64; x64) AppleWebKit/537.36 (KHTML, like Gecko) Chrome/90.0.4430.85 Safari/537.36"
62.171.144.198 - - [26/Dec/2025:09:32:06 -0500] "GET /wp-includes/class-wp-block-processor.php HTTP/1.1" 403 4986 "binance.com" "Mozilla/5.0 (Windows NT 10.0; Win64; x64) AppleWebKit/537.36 (KHTML, like Gecko) Chrome/90.0.4430.85 Safari/537.36"
216.73.216.20 - - [26/Dec/2025:09:32:07 -0500] "GET /?d=3333181 HTTP/1.1" 500 0 "-" "Mozilla/5.0 AppleWebKit/537.36 (KHTML, like Gecko; compatible; ClaudeBot/1.0; +claudebot@anthropic.com)"
62.171.144.198 - - [26/Dec/2025:09:32:09 -0500] "GET /wp-includes/class-wp-block-template.php HTTP/1.1" 403 4986 "binance.com" "Mozilla/5.0 (Windows NT 10.0; Win64; x64) AppleWebKit/537.36 (KHTML, like Gecko) Chrome/90.0.4430.85 Safari/537.36"
216.73.216.20 - - [26/Dec/2025:09:32:12 -0500] "GET /?d=9797 HTTP/1.1" 500 0 "-" "Mozilla/5.0 AppleWebKit/537.36 (KHTML, like Gecko; compatible; ClaudeBot/1.0; +claudebot@anthropic.com)"
62.171.144.198 - - [26/Dec/2025:09:32:12 -0500] "GET /wp-includes/class-wp-block-templates-registry.php HTTP/1.1" 403 4986 "binance.com" "Mozilla/5.0 (Windows NT 10.0; Win64; x64) AppleWebKit/537.36 (KHTML, like Gecko) Chrome/90.0.4430.85 Safari/537.36"
85.208.96.212 - - [26/Dec/2025:09:32:15 -0500] "GET /?d=582906 HTTP/1.1" 500 0 "-" "Mozilla/5.0 (compatible; SemrushBot/7~bl; +http://www.semrush.com/bot.html)"
216.73.216.20 - - [26/Dec/2025:09:32:17 -0500] "GET /?d=487495 HTTP/1.1" 500 0 "-" "Mozilla/5.0 AppleWebKit/537.36 (KHTML, like Gecko; compatible; ClaudeBot/1.0; +claudebot@anthropic.com)"
62.171.144.198 - - [26/Dec/2025:09:32:18 -0500] "GET /wp-includes/class-wp-classic-to-block-menu-converter.php HTTP/1.1" 403 4986 "binance.com" "Mozilla/5.0 (Windows NT 10.0; Win64; x64) AppleWebKit/537.36 (KHTML, like Gecko) Chrome/90.0.4430.85 Safari/537.36"
216.73.216.20 - - [26/Dec/2025:09:32:22 -0500] "GET /?d=960209 HTTP/1.1" 500 0 "-" "Mozilla/5.0 AppleWebKit/537.36 (KHTML, like Gecko; compatible; ClaudeBot/1.0; +claudebot@anthropic.com)"
62.171.144.198 - - [26/Dec/2025:09:32:24 -0500] "GET /wp-includes/class-wp-dependencies.php HTTP/1.1" 403 4986 "binance.com" "Mozilla/5.0 (Windows NT 10.0; Win64; x64) AppleWebKit/537.36 (KHTML, like Gecko) Chrome/90.0.4430.85 Safari/537.36"
216.73.216.20 - - [26/Dec/2025:09:32:27 -0500] "GET /?d=836731 HTTP/1.1" 500 0 "-" "Mozilla/5.0 AppleWebKit/537.36 (KHTML, like Gecko; compatible; ClaudeBot/1.0; +claudebot@anthropic.com)"
62.171.144.198 - - [26/Dec/2025:09:32:27 -0500] "GET /wp-includes/class-wp-duotone.php HTTP/1.1" 403 4986 "binance.com" "Mozilla/5.0 (Windows NT 10.0; Win64; x64) AppleWebKit/537.36 (KHTML, like Gecko) Chrome/90.0.4430.85 Safari/537.36"
62.171.144.198 - - [26/Dec/2025:09:32:32 -0500] "GET /wp-includes/class-wp-exception.php HTTP/1.1" 403 4986 "binance.com" "Mozilla/5.0 (Windows NT 10.0; Win64; x64) AppleWebKit/537.36 (KHTML, like Gecko) Chrome/90.0.4430.85 Safari/537.36"
216.73.216.20 - - [26/Dec/2025:09:32:32 -0500] "GET /?d=358593 HTTP/1.1" 500 0 "-" "Mozilla/5.0 AppleWebKit/537.36 (KHTML, like Gecko; compatible; ClaudeBot/1.0; +claudebot@anthropic.com)"
89.46.104.170 - - [26/Dec/2025:09:32:35 -0500] "GET / HTTP/1.1" 500 0 "-" "Mozilla/5.0 (Windows NT 10.0; Win64; x64) AppleWebKit/537.36 (KHTML, like Gecko) Chrome/110.0.0.0 Safari/537.36"
62.171.144.198 - - [26/Dec/2025:09:32:36 -0500] "GET /wp-includes/class-wp-http.php HTTP/1.1" 403 4986 "binance.com" "Mozilla/5.0 (Windows NT 10.0; Win64; x64) AppleWebKit/537.36 (KHTML, like Gecko) Chrome/90.0.4430.85 Safari/537.36"
57.130.20.252 - - [26/Dec/2025:09:32:36 -0500] "GET / HTTP/1.1" 500 0 "-" "Mozilla/5.0 (Macintosh; Intel Mac OS X 10_15_7) AppleWebKit/537.36 (KHTML, like Gecko) Chrome/119.0.0.0 Safari/537.36"
216.73.216.20 - - [26/Dec/2025:09:32:37 -0500] "GET /?d=949151 HTTP/1.1" 500 0 "-" "Mozilla/5.0 AppleWebKit/537.36 (KHTML, like Gecko; compatible; ClaudeBot/1.0; +claudebot@anthropic.com)"
160.187.68.131 - - [26/Dec/2025:09:32:39 -0500] "GET / HTTP/1.1" 500 0 "-" "Mozilla/5.0 (Windows NT 10.0; Win64; x64) AppleWebKit/537.36 (KHTML, like Gecko) Chrome/116.0.0.0 Safari/537.36"
62.171.144.198 - - [26/Dec/2025:09:32:40 -0500] "GET /wp-includes/class-wp-navigation-fallback.php HTTP/1.1" 403 4986 "binance.com" "Mozilla/5.0 (Windows NT 10.0; Win64; x64) AppleWebKit/537.36 (KHTML, like Gecko) Chrome/90.0.4430.85 Safari/537.36"
18.178.112.1 - - [26/Dec/2025:09:32:40 -0500] "GET / HTTP/1.1" 500 0 "-" "Mozilla/5.0 (Windows NT 10.0; Win64; x64) AppleWebKit/537.36 (KHTML, like Gecko) Chrome/116.0.0.0 Safari/537.36"
216.73.216.20 - - [26/Dec/2025:09:32:42 -0500] "GET /?d=10262 HTTP/1.1" 500 0 "-" "Mozilla/5.0 AppleWebKit/537.36 (KHTML, like Gecko; compatible; ClaudeBot/1.0; +claudebot@anthropic.com)"
62.171.144.198 - - [26/Dec/2025:09:32:43 -0500] "GET /wp-includes/class-wp-phpmailer.php HTTP/1.1" 403 4986 "binance.com" "Mozilla/5.0 (Windows NT 10.0; Win64; x64) AppleWebKit/537.36 (KHTML, like Gecko) Chrome/90.0.4430.85 Safari/537.36"
216.73.216.20 - - [26/Dec/2025:09:32:47 -0500] "GET /?d=334161 HTTP/1.1" 500 0 "-" "Mozilla/5.0 AppleWebKit/537.36 (KHTML, like Gecko; compatible; ClaudeBot/1.0; +claudebot@anthropic.com)"
62.171.144.198 - - [26/Dec/2025:09:32:48 -0500] "GET /wp-includes/class-wp-plugin-dependencies.php HTTP/1.1" 403 4986 "binance.com" "Mozilla/5.0 (Windows NT 10.0; Win64; x64) AppleWebKit/537.36 (KHTML, like Gecko) Chrome/90.0.4430.85 Safari/537.36"
193.19.109.163 - - [26/Dec/2025:09:32:50 -0500] "GET /wp-login.php HTTP/1.1" 500 0 "-" "Mozilla/5.0"
62.171.144.198 - - [26/Dec/2025:09:32:51 -0500] "GET /wp-includes/class-wp-script-modules.php HTTP/1.1" 403 4986 "binance.com" "Mozilla/5.0 (Windows NT 10.0; Win64; x64) AppleWebKit/537.36 (KHTML, like Gecko) Chrome/90.0.4430.85 Safari/537.36"
216.73.216.20 - - [26/Dec/2025:09:32:52 -0500] "GET /?d=2426537 HTTP/1.1" 500 0 "-" "Mozilla/5.0 AppleWebKit/537.36 (KHTML, like Gecko; compatible; ClaudeBot/1.0; +claudebot@anthropic.com)"
62.171.144.198 - - [26/Dec/2025:09:32:56 -0500] "GET /wp-includes/class-wp-scripts.php HTTP/1.1" 403 4986 "binance.com" "Mozilla/5.0 (Windows NT 10.0; Win64; x64) AppleWebKit/537.36 (KHTML, like Gecko) Chrome/90.0.4430.85 Safari/537.36"
216.73.216.20 - - [26/Dec/2025:09:32:57 -0500] "GET /?d=196458 HTTP/1.1" 500 0 "-" "Mozilla/5.0 AppleWebKit/537.36 (KHTML, like Gecko; compatible; ClaudeBot/1.0; +claudebot@anthropic.com)"
62.171.144.198 - - [26/Dec/2025:09:32:59 -0500] "GET /wp-includes/class-wp-speculation-rules.php HTTP/1.1" 403 4986 "binance.com" "Mozilla/5.0 (Windows NT 10.0; Win64; x64) AppleWebKit/537.36 (KHTML, like Gecko) Chrome/90.0.4430.85 Safari/537.36"
13.76.156.231 - - [26/Dec/2025:09:33:02 -0500] "GET / HTTP/1.1" 500 0 "-" "Mozilla/5.0 (Windows NT 10.0; Win64; x64) AppleWebKit/537.36 (KHTML, like Gecko) Chrome/99.0.4844.51 Safari/537.36"
216.73.216.20 - - [26/Dec/2025:09:33:02 -0500] "GET /?d=34256 HTTP/1.1" 500 0 "-" "Mozilla/5.0 AppleWebKit/537.36 (KHTML, like Gecko; compatible; ClaudeBot/1.0; +claudebot@anthropic.com)"
62.171.144.198 - - [26/Dec/2025:09:33:03 -0500] "GET /wp-includes/class-wp-styles.php HTTP/1.1" 403 4986 "binance.com" "Mozilla/5.0 (Windows NT 10.0; Win64; x64) AppleWebKit/537.36 (KHTML, like Gecko) Chrome/90.0.4430.85 Safari/537.36"
216.73.216.20 - - [26/Dec/2025:09:33:07 -0500] "GET /?d=3341990 HTTP/1.1" 500 0 "-" "Mozilla/5.0 AppleWebKit/537.36 (KHTML, like Gecko; compatible; ClaudeBot/1.0; +claudebot@anthropic.com)"
62.171.144.198 - - [26/Dec/2025:09:33:08 -0500] "GET /wp-includes/class-wp-textdomain-registry.php HTTP/1.1" 403 4986 "binance.com" "Mozilla/5.0 (Windows NT 10.0; Win64; x64) AppleWebKit/537.36 (KHTML, like Gecko) Chrome/90.0.4430.85 Safari/537.36"
216.73.216.20 - - [26/Dec/2025:09:33:12 -0500] "GET /?d=1979339 HTTP/1.1" 500 0 "-" "Mozilla/5.0 AppleWebKit/537.36 (KHTML, like Gecko; compatible; ClaudeBot/1.0; +claudebot@anthropic.com)"
62.171.144.198 - - [26/Dec/2025:09:33:13 -0500] "GET /wp-includes/class-wp-theme-json-data.php HTTP/1.1" 403 4986 "binance.com" "Mozilla/5.0 (Windows NT 10.0; Win64; x64) AppleWebKit/537.36 (KHTML, like Gecko) Chrome/90.0.4430.85 Safari/537.36"
185.191.171.3 - - [26/Dec/2025:09:33:16 -0500] "GET /?d=586209 HTTP/1.1" 500 0 "-" "Mozilla/5.0 (compatible; SemrushBot/7~bl; +http://www.semrush.com/bot.html)"
216.73.216.20 - - [26/Dec/2025:09:33:17 -0500] "GET /?d=503592 HTTP/1.1" 500 0 "-" "Mozilla/5.0 AppleWebKit/537.36 (KHTML, like Gecko; compatible; ClaudeBot/1.0; +claudebot@anthropic.com)"
62.171.144.198 - - [26/Dec/2025:09:33:18 -0500] "GET /wp-includes/class-wp-theme-json-resolver.php HTTP/1.1" 403 4986 "binance.com" "Mozilla/5.0 (Windows NT 10.0; Win64; x64) AppleWebKit/537.36 (KHTML, like Gecko) Chrome/90.0.4430.85 Safari/537.36"
62.171.144.198 - - [26/Dec/2025:09:33:22 -0500] "GET /wp-includes/class-wp-theme-json-schema.php HTTP/1.1" 403 4986 "binance.com" "Mozilla/5.0 (Windows NT 10.0; Win64; x64) AppleWebKit/537.36 (KHTML, like Gecko) Chrome/90.0.4430.85 Safari/537.36"
216.73.216.20 - - [26/Dec/2025:09:33:22 -0500] "GET /?d=2522014 HTTP/1.1" 500 0 "-" "Mozilla/5.0 AppleWebKit/537.36 (KHTML, like Gecko; compatible; ClaudeBot/1.0; +claudebot@anthropic.com)"
62.171.144.198 - - [26/Dec/2025:09:33:24 -0500] "GET /wp-includes/class-wp-theme-json.php HTTP/1.1" 403 4986 "binance.com" "Mozilla/5.0 (Windows NT 10.0; Win64; x64) AppleWebKit/537.36 (KHTML, like Gecko) Chrome/90.0.4430.85 Safari/537.36"
216.73.216.20 - - [26/Dec/2025:09:33:27 -0500] "GET /?d=485282 HTTP/1.1" 500 0 "-" "Mozilla/5.0 AppleWebKit/537.36 (KHTML, like Gecko; compatible; ClaudeBot/1.0; +claudebot@anthropic.com)"
62.171.144.198 - - [26/Dec/2025:09:33:27 -0500] "GET /wp-includes/class-wp-token-map.php HTTP/1.1" 403 4986 "binance.com" "Mozilla/5.0 (Windows NT 10.0; Win64; x64) AppleWebKit/537.36 (KHTML, like Gecko) Chrome/90.0.4430.85 Safari/537.36"
62.171.144.198 - - [26/Dec/2025:09:33:29 -0500] "GET /wp-includes/class-wp-url-pattern-prefixer.php HTTP/1.1" 403 4986 "binance.com" "Mozilla/5.0 (Windows NT 10.0; Win64; x64) AppleWebKit/537.36 (KHTML, like Gecko) Chrome/90.0.4430.85 Safari/537.36"
62.171.144.198 - - [26/Dec/2025:09:33:31 -0500] "GET /wp-includes/class-wpdb.php HTTP/1.1" 403 4986 "binance.com" "Mozilla/5.0 (Windows NT 10.0; Win64; x64) AppleWebKit/537.36 (KHTML, like Gecko) Chrome/90.0.4430.85 Safari/537.36"
216.73.216.20 - - [26/Dec/2025:09:33:32 -0500] "GET /?d=607692 HTTP/1.1" 500 0 "-" "Mozilla/5.0 AppleWebKit/537.36 (KHTML, like Gecko; compatible; ClaudeBot/1.0; +claudebot@anthropic.com)"
62.171.144.198 - - [26/Dec/2025:09:33:35 -0500] "GET /wp-includes/compat-utf8.php HTTP/1.1" 403 4986 "binance.com" "Mozilla/5.0 (Windows NT 10.0; Win64; x64) AppleWebKit/537.36 (KHTML, like Gecko) Chrome/90.0.4430.85 Safari/537.36"
62.171.144.198 - - [26/Dec/2025:09:33:37 -0500] "GET /wp-includes/fonts.php HTTP/1.1" 403 4986 "binance.com" "Mozilla/5.0 (Windows NT 10.0; Win64; x64) AppleWebKit/537.36 (KHTML, like Gecko) Chrome/90.0.4430.85 Safari/537.36"
216.73.216.20 - - [26/Dec/2025:09:33:37 -0500] "GET /?d=47101 HTTP/1.1" 500 0 "-" "Mozilla/5.0 AppleWebKit/537.36 (KHTML, like Gecko; compatible; ClaudeBot/1.0; +claudebot@anthropic.com)"
62.171.144.198 - - [26/Dec/2025:09:33:39 -0500] "GET /wp-includes/global-styles-and-settings.php HTTP/1.1" 403 4986 "binance.com" "Mozilla/5.0 (Windows NT 10.0; Win64; x64) AppleWebKit/537.36 (KHTML, like Gecko) Chrome/90.0.4430.85 Safari/537.36"
62.171.144.198 - - [26/Dec/2025:09:33:41 -0500] "GET /wp-includes/https-detection.php HTTP/1.1" 403 4986 "binance.com" "Mozilla/5.0 (Windows NT 10.0; Win64; x64) AppleWebKit/537.36 (KHTML, like Gecko) Chrome/90.0.4430.85 Safari/537.36"
216.73.216.20 - - [26/Dec/2025:09:33:42 -0500] "GET /?d=1986342 HTTP/1.1" 500 0 "-" "Mozilla/5.0 AppleWebKit/537.36 (KHTML, like Gecko; compatible; ClaudeBot/1.0; +claudebot@anthropic.com)"
62.171.144.198 - - [26/Dec/2025:09:33:44 -0500] "GET /wp-includes/https-migration.php HTTP/1.1" 403 4986 "binance.com" "Mozilla/5.0 (Windows NT 10.0; Win64; x64) AppleWebKit/537.36 (KHTML, like Gecko) Chrome/90.0.4430.85 Safari/537.36"
62.171.144.198 - - [26/Dec/2025:09:33:48 -0500] "GET /wp-includes/robots-template.php HTTP/1.1" 403 4986 "binance.com" "Mozilla/5.0 (Windows NT 10.0; Win64; x64) AppleWebKit/537.36 (KHTML, like Gecko) Chrome/90.0.4430.85 Safari/537.36"
216.73.216.20 - - [26/Dec/2025:09:33:48 -0500] "GET /?d=667207 HTTP/1.1" 500 0 "-" "Mozilla/5.0 AppleWebKit/537.36 (KHTML, like Gecko; compatible; ClaudeBot/1.0; +claudebot@anthropic.com)"
62.171.144.198 - - [26/Dec/2025:09:33:51 -0500] "GET /wp-includes/script-modules.php HTTP/1.1" 403 4986 "binance.com" "Mozilla/5.0 (Windows NT 10.0; Win64; x64) AppleWebKit/537.36 (KHTML, like Gecko) Chrome/90.0.4430.85 Safari/537.36"
216.73.216.20 - - [26/Dec/2025:09:33:53 -0500] "GET /?d=185048 HTTP/1.1" 500 0 "-" "Mozilla/5.0 AppleWebKit/537.36 (KHTML, like Gecko; compatible; ClaudeBot/1.0; +claudebot@anthropic.com)"
62.171.144.198 - - [26/Dec/2025:09:33:57 -0500] "GET /wp-includes/speculative-loading.php HTTP/1.1" 403 4986 "binance.com" "Mozilla/5.0 (Windows NT 10.0; Win64; x64) AppleWebKit/537.36 (KHTML, like Gecko) Chrome/90.0.4430.85 Safari/537.36"
216.73.216.20 - - [26/Dec/2025:09:33:58 -0500] "GET /?d=115137 HTTP/1.1" 500 0 "-" "Mozilla/5.0 AppleWebKit/537.36 (KHTML, like Gecko; compatible; ClaudeBot/1.0; +claudebot@anthropic.com)"
62.171.144.198 - - [26/Dec/2025:09:34:02 -0500] "GET /wp-includes/style-engine.php HTTP/1.1" 403 4986 "binance.com" "Mozilla/5.0 (Windows NT 10.0; Win64; x64) AppleWebKit/537.36 (KHTML, like Gecko) Chrome/90.0.4430.85 Safari/537.36"
216.73.216.20 - - [26/Dec/2025:09:34:03 -0500] "GET /?d=1982005 HTTP/1.1" 500 0 "-" "Mozilla/5.0 AppleWebKit/537.36 (KHTML, like Gecko; compatible; ClaudeBot/1.0; +claudebot@anthropic.com)"
216.73.216.20 - - [26/Dec/2025:09:34:08 -0500] "GET /?d=808906 HTTP/1.1" 500 0 "-" "Mozilla/5.0 AppleWebKit/537.36 (KHTML, like Gecko; compatible; ClaudeBot/1.0; +claudebot@anthropic.com)"
62.171.144.198 - - [26/Dec/2025:09:34:09 -0500] "GET /wp-includes/template-canvas.php HTTP/1.1" 403 4986 "binance.com" "Mozilla/5.0 (Windows NT 10.0; Win64; x64) AppleWebKit/537.36 (KHTML, like Gecko) Chrome/90.0.4430.85 Safari/537.36"
62.171.144.198 - - [26/Dec/2025:09:34:12 -0500] "GET /wp-includes/theme-previews.php HTTP/1.1" 403 4986 "binance.com" "Mozilla/5.0 (Windows NT 10.0; Win64; x64) AppleWebKit/537.36 (KHTML, like Gecko) Chrome/90.0.4430.85 Safari/537.36"
216.73.216.20 - - [26/Dec/2025:09:34:13 -0500] "GET /?d=533119 HTTP/1.1" 500 0 "-" "Mozilla/5.0 AppleWebKit/537.36 (KHTML, like Gecko; compatible; ClaudeBot/1.0; +claudebot@anthropic.com)"
62.171.144.198 - - [26/Dec/2025:09:34:17 -0500] "GET /wp-includes/theme-templates.php HTTP/1.1" 403 4986 "binance.com" "Mozilla/5.0 (Windows NT 10.0; Win64; x64) AppleWebKit/537.36 (KHTML, like Gecko) Chrome/90.0.4430.85 Safari/537.36"
85.208.96.210 - - [26/Dec/2025:09:34:17 -0500] "GET /?d=4327861 HTTP/1.1" 500 0 "-" "Mozilla/5.0 (compatible; SemrushBot/7~bl; +http://www.semrush.com/bot.html)"
216.73.216.20 - - [26/Dec/2025:09:34:18 -0500] "GET /?d=4521187 HTTP/1.1" 500 0 "-" "Mozilla/5.0 AppleWebKit/537.36 (KHTML, like Gecko; compatible; ClaudeBot/1.0; +claudebot@anthropic.com)"
62.171.144.198 - - [26/Dec/2025:09:34:21 -0500] "GET /wp-includes/utf8.php HTTP/1.1" 403 4986 "binance.com" "Mozilla/5.0 (Windows NT 10.0; Win64; x64) AppleWebKit/537.36 (KHTML, like Gecko) Chrome/90.0.4430.85 Safari/537.36"
216.73.216.20 - - [26/Dec/2025:09:34:23 -0500] "GET /?d=4516670 HTTP/1.1" 500 0 "-" "Mozilla/5.0 AppleWebKit/537.36 (KHTML, like Gecko; compatible; ClaudeBot/1.0; +claudebot@anthropic.com)"
216.73.216.20 - - [26/Dec/2025:09:34:28 -0500] "GET /?d=4544449 HTTP/1.1" 500 0 "-" "Mozilla/5.0 AppleWebKit/537.36 (KHTML, like Gecko; compatible; ClaudeBot/1.0; +claudebot@anthropic.com)"
62.171.144.198 - - [26/Dec/2025:09:34:31 -0500] "GET /wp-includes/ID3/ HTTP/1.1" 200 1739 "binance.com" "Mozilla/5.0 (Windows NT 10.0; Win64; x64) AppleWebKit/537.36 (KHTML, like Gecko) Chrome/90.0.4430.85 Safari/537.36"
216.73.216.20 - - [26/Dec/2025:09:34:33 -0500] "GET /?d=950197 HTTP/1.1" 500 0 "-" "Mozilla/5.0 AppleWebKit/537.36 (KHTML, like Gecko; compatible; ClaudeBot/1.0; +claudebot@anthropic.com)"
62.171.144.198 - - [26/Dec/2025:09:34:35 -0500] "GET /wp-includes/ID3/ HTTP/1.1" 200 1739 "binance.com" "Mozilla/5.0 (Windows NT 10.0; Win64; x64) AppleWebKit/537.36 (KHTML, like Gecko) Chrome/90.0.4430.85 Safari/537.36"
62.171.144.198 - - [26/Dec/2025:09:34:38 -0500] "GET /wp-includes/IXR/ HTTP/1.1" 200 1418 "binance.com" "Mozilla/5.0 (Windows NT 10.0; Win64; x64) AppleWebKit/537.36 (KHTML, like Gecko) Chrome/90.0.4430.85 Safari/537.36"
216.73.216.20 - - [26/Dec/2025:09:34:38 -0500] "GET /?d=4202166 HTTP/1.1" 500 0 "-" "Mozilla/5.0 AppleWebKit/537.36 (KHTML, like Gecko; compatible; ClaudeBot/1.0; +claudebot@anthropic.com)"
62.171.144.198 - - [26/Dec/2025:09:34:40 -0500] "GET /wp-includes/IXR/ HTTP/1.1" 200 1418 "binance.com" "Mozilla/5.0 (Windows NT 10.0; Win64; x64) AppleWebKit/537.36 (KHTML, like Gecko) Chrome/90.0.4430.85 Safari/537.36"
157.66.46.84 - - [26/Dec/2025:09:34:41 -0500] "GET / HTTP/1.1" 500 0 "-" "Mozilla/5.0 (Macintosh; Intel Mac OS X 10_15_7) AppleWebKit/605.1.15 (KHTML, like Gecko) Version/15.3 Safari/605.1.15"
216.73.216.20 - - [26/Dec/2025:09:34:43 -0500] "GET /?d=929293 HTTP/1.1" 500 0 "-" "Mozilla/5.0 AppleWebKit/537.36 (KHTML, like Gecko; compatible; ClaudeBot/1.0; +claudebot@anthropic.com)"
62.171.144.198 - - [26/Dec/2025:09:34:44 -0500] "GET /wp-includes/PHPMailer/ HTTP/1.1" 200 1417 "binance.com" "Mozilla/5.0 (Windows NT 10.0; Win64; x64) AppleWebKit/537.36 (KHTML, like Gecko) Chrome/90.0.4430.85 Safari/537.36"
62.171.144.198 - - [26/Dec/2025:09:34:48 -0500] "GET /wp-includes/PHPMailer/ HTTP/1.1" 200 1417 "binance.com" "Mozilla/5.0 (Windows NT 10.0; Win64; x64) AppleWebKit/537.36 (KHTML, like Gecko) Chrome/90.0.4430.85 Safari/537.36"
216.73.216.20 - - [26/Dec/2025:09:34:48 -0500] "GET /?d=652114 HTTP/1.1" 500 0 "-" "Mozilla/5.0 AppleWebKit/537.36 (KHTML, like Gecko; compatible; ClaudeBot/1.0; +claudebot@anthropic.com)"
62.171.144.198 - - [26/Dec/2025:09:34:52 -0500] "GET /wp-includes/PHPMailer/DSNConfigurator.php HTTP/1.1" 403 4986 "binance.com" "Mozilla/5.0 (Windows NT 10.0; Win64; x64) AppleWebKit/537.36 (KHTML, like Gecko) Chrome/90.0.4430.85 Safari/537.36"
216.73.216.20 - - [26/Dec/2025:09:34:53 -0500] "GET /?d=348193 HTTP/1.1" 500 0 "-" "Mozilla/5.0 AppleWebKit/537.36 (KHTML, like Gecko; compatible; ClaudeBot/1.0; +claudebot@anthropic.com)"
62.171.144.198 - - [26/Dec/2025:09:34:55 -0500] "GET /wp-includes/PHPMailer/OAuth.php HTTP/1.1" 403 4986 "binance.com" "Mozilla/5.0 (Windows NT 10.0; Win64; x64) AppleWebKit/537.36 (KHTML, like Gecko) Chrome/90.0.4430.85 Safari/537.36"
62.171.144.198 - - [26/Dec/2025:09:34:57 -0500] "GET /wp-includes/PHPMailer/OAuthTokenProvider.php HTTP/1.1" 403 4986 "binance.com" "Mozilla/5.0 (Windows NT 10.0; Win64; x64) AppleWebKit/537.36 (KHTML, like Gecko) Chrome/90.0.4430.85 Safari/537.36"
216.73.216.20 - - [26/Dec/2025:09:34:59 -0500] "GET /?d=363453 HTTP/1.1" 500 0 "-" "Mozilla/5.0 AppleWebKit/537.36 (KHTML, like Gecko; compatible; ClaudeBot/1.0; +claudebot@anthropic.com)"
62.171.144.198 - - [26/Dec/2025:09:35:00 -0500] "GET /wp-includes/PHPMailer/POP3.php HTTP/1.1" 403 4986 "binance.com" "Mozilla/5.0 (Windows NT 10.0; Win64; x64) AppleWebKit/537.36 (KHTML, like Gecko) Chrome/90.0.4430.85 Safari/537.36"
62.171.144.198 - - [26/Dec/2025:09:35:03 -0500] "GET /wp-includes/Text/ HTTP/1.1" 200 883 "binance.com" "Mozilla/5.0 (Windows NT 10.0; Win64; x64) AppleWebKit/537.36 (KHTML, like Gecko) Chrome/90.0.4430.85 Safari/537.36"
216.73.216.20 - - [26/Dec/2025:09:35:03 -0500] "GET /?d=4381243 HTTP/1.1" 500 0 "-" "Mozilla/5.0 AppleWebKit/537.36 (KHTML, like Gecko; compatible; ClaudeBot/1.0; +claudebot@anthropic.com)"
62.171.144.198 - - [26/Dec/2025:09:35:06 -0500] "GET /wp-includes/Text/ HTTP/1.1" 200 883 "binance.com" "Mozilla/5.0 (Windows NT 10.0; Win64; x64) AppleWebKit/537.36 (KHTML, like Gecko) Chrome/90.0.4430.85 Safari/537.36"
216.73.216.20 - - [26/Dec/2025:09:35:08 -0500] "GET /?d=3670528 HTTP/1.1" 500 0 "-" "Mozilla/5.0 AppleWebKit/537.36 (KHTML, like Gecko; compatible; ClaudeBot/1.0; +claudebot@anthropic.com)"
62.171.144.198 - - [26/Dec/2025:09:35:09 -0500] "GET /wp-includes/Text/Diff/ HTTP/1.1" 200 865 "binance.com" "Mozilla/5.0 (Windows NT 10.0; Win64; x64) AppleWebKit/537.36 (KHTML, like Gecko) Chrome/90.0.4430.85 Safari/537.36"
62.171.144.198 - - [26/Dec/2025:09:35:10 -0500] "GET /wp-includes/Text/Diff/ HTTP/1.1" 200 865 "binance.com" "Mozilla/5.0 (Windows NT 10.0; Win64; x64) AppleWebKit/537.36 (KHTML, like Gecko) Chrome/90.0.4430.85 Safari/537.36"
62.171.144.198 - - [26/Dec/2025:09:35:12 -0500] "GET /wp-includes/Text/Diff/Engine/ HTTP/1.1" 200 888 "binance.com" "Mozilla/5.0 (Windows NT 10.0; Win64; x64) AppleWebKit/537.36 (KHTML, like Gecko) Chrome/90.0.4430.85 Safari/537.36"
216.73.216.20 - - [26/Dec/2025:09:35:13 -0500] "GET /?d=531807 HTTP/1.1" 500 0 "-" "Mozilla/5.0 AppleWebKit/537.36 (KHTML, like Gecko; compatible; ClaudeBot/1.0; +claudebot@anthropic.com)"
62.171.144.198 - - [26/Dec/2025:09:35:14 -0500] "GET /wp-includes/Text/Diff/Engine/ HTTP/1.1" 200 888 "binance.com" "Mozilla/5.0 (Windows NT 10.0; Win64; x64) AppleWebKit/537.36 (KHTML, like Gecko) Chrome/90.0.4430.85 Safari/537.36"
62.171.144.198 - - [26/Dec/2025:09:35:18 -0500] "GET /wp-includes/Text/Diff/Renderer/ HTTP/1.1" 200 785 "binance.com" "Mozilla/5.0 (Windows NT 10.0; Win64; x64) AppleWebKit/537.36 (KHTML, like Gecko) Chrome/90.0.4430.85 Safari/537.36"
216.73.216.20 - - [26/Dec/2025:09:35:18 -0500] "GET /?d=519609 HTTP/1.1" 500 0 "-" "Mozilla/5.0 AppleWebKit/537.36 (KHTML, like Gecko; compatible; ClaudeBot/1.0; +claudebot@anthropic.com)"
85.208.96.210 - - [26/Dec/2025:09:35:19 -0500] "GET /?d=5006712 HTTP/1.1" 500 0 "-" "Mozilla/5.0 (compatible; SemrushBot/7~bl; +http://www.semrush.com/bot.html)"
62.171.144.198 - - [26/Dec/2025:09:35:22 -0500] "GET /wp-includes/Text/Diff/Renderer/ HTTP/1.1" 200 785 "binance.com" "Mozilla/5.0 (Windows NT 10.0; Win64; x64) AppleWebKit/537.36 (KHTML, like Gecko) Chrome/90.0.4430.85 Safari/537.36"
216.73.216.20 - - [26/Dec/2025:09:35:23 -0500] "GET /?d=960777 HTTP/1.1" 500 0 "-" "Mozilla/5.0 AppleWebKit/537.36 (KHTML, like Gecko; compatible; ClaudeBot/1.0; +claudebot@anthropic.com)"
62.171.144.198 - - [26/Dec/2025:09:35:26 -0500] "GET /wp-includes/blocks/ HTTP/1.1" 200 22 "binance.com" "Mozilla/5.0 (Windows NT 10.0; Win64; x64) AppleWebKit/537.36 (KHTML, like Gecko) Chrome/90.0.4430.85 Safari/537.36"
216.73.216.20 - - [26/Dec/2025:09:35:28 -0500] "GET /?d=417836 HTTP/1.1" 500 0 "-" "Mozilla/5.0 AppleWebKit/537.36 (KHTML, like Gecko; compatible; ClaudeBot/1.0; +claudebot@anthropic.com)"
62.171.144.198 - - [26/Dec/2025:09:35:29 -0500] "GET /wp-includes/pomo/ HTTP/1.1" 200 1285 "binance.com" "Mozilla/5.0 (Windows NT 10.0; Win64; x64) AppleWebKit/537.36 (KHTML, like Gecko) Chrome/90.0.4430.85 Safari/537.36"
62.171.144.198 - - [26/Dec/2025:09:35:33 -0500] "GET /wp-includes/pomo/ HTTP/1.1" 200 1285 "binance.com" "Mozilla/5.0 (Windows NT 10.0; Win64; x64) AppleWebKit/537.36 (KHTML, like Gecko) Chrome/90.0.4430.85 Safari/537.36"
216.73.216.20 - - [26/Dec/2025:09:35:33 -0500] "GET /?d=4456528 HTTP/1.1" 500 0 "-" "Mozilla/5.0 AppleWebKit/537.36 (KHTML, like Gecko; compatible; ClaudeBot/1.0; +claudebot@anthropic.com)"
62.171.144.198 - - [26/Dec/2025:09:35:35 -0500] "GET /wp-includes/sitemaps/ HTTP/1.1" 200 1345 "binance.com" "Mozilla/5.0 (Windows NT 10.0; Win64; x64) AppleWebKit/537.36 (KHTML, like Gecko) Chrome/90.0.4430.85 Safari/537.36"
62.171.144.198 - - [26/Dec/2025:09:35:37 -0500] "GET /wp-includes/sitemaps/ HTTP/1.1" 200 1345 "binance.com" "Mozilla/5.0 (Windows NT 10.0; Win64; x64) AppleWebKit/537.36 (KHTML, like Gecko) Chrome/90.0.4430.85 Safari/537.36"
216.73.216.20 - - [26/Dec/2025:09:35:38 -0500] "GET /?d=654436 HTTP/1.1" 500 0 "-" "Mozilla/5.0 AppleWebKit/537.36 (KHTML, like Gecko; compatible; ClaudeBot/1.0; +claudebot@anthropic.com)"
62.171.144.198 - - [26/Dec/2025:09:35:39 -0500] "GET /wp-includes/sitemaps/providers/ HTTP/1.1" 200 948 "binance.com" "Mozilla/5.0 (Windows NT 10.0; Win64; x64) AppleWebKit/537.36 (KHTML, like Gecko) Chrome/90.0.4430.85 Safari/537.36"
62.171.144.198 - - [26/Dec/2025:09:35:41 -0500] "GET /wp-includes/sitemaps/providers/ HTTP/1.1" 200 948 "binance.com" "Mozilla/5.0 (Windows NT 10.0; Win64; x64) AppleWebKit/537.36 (KHTML, like Gecko) Chrome/90.0.4430.85 Safari/537.36"
62.171.144.198 - - [26/Dec/2025:09:35:43 -0500] "GET /wp-includes/widgets/ HTTP/1.1" 200 1763 "binance.com" "Mozilla/5.0 (Windows NT 10.0; Win64; x64) AppleWebKit/537.36 (KHTML, like Gecko) Chrome/90.0.4430.85 Safari/537.36"
216.73.216.20 - - [26/Dec/2025:09:35:44 -0500] "GET /?d=237747 HTTP/1.1" 500 0 "-" "Mozilla/5.0 AppleWebKit/537.36 (KHTML, like Gecko; compatible; ClaudeBot/1.0; +claudebot@anthropic.com)"
62.171.144.198 - - [26/Dec/2025:09:35:45 -0500] "GET /wp-includes/widgets/ HTTP/1.1" 200 1763 "binance.com" "Mozilla/5.0 (Windows NT 10.0; Win64; x64) AppleWebKit/537.36 (KHTML, like Gecko) Chrome/90.0.4430.85 Safari/537.36"
62.171.144.198 - - [26/Dec/2025:09:35:49 -0500] "GET /wp-includes/widgets/class-wp-widget-block.php HTTP/1.1" 403 4986 "binance.com" "Mozilla/5.0 (Windows NT 10.0; Win64; x64) AppleWebKit/537.36 (KHTML, like Gecko) Chrome/90.0.4430.85 Safari/537.36"
216.73.216.20 - - [26/Dec/2025:09:35:49 -0500] "GET /?d=283437 HTTP/1.1" 500 0 "-" "Mozilla/5.0 AppleWebKit/537.36 (KHTML, like Gecko; compatible; ClaudeBot/1.0; +claudebot@anthropic.com)"
62.171.144.198 - - [26/Dec/2025:09:35:54 -0500] "GET /wp-includes/css/ HTTP/1.1" 200 2235 "binance.com" "Mozilla/5.0 (Windows NT 10.0; Win64; x64) AppleWebKit/537.36 (KHTML, like Gecko) Chrome/90.0.4430.85 Safari/537.36"
216.73.216.20 - - [26/Dec/2025:09:35:54 -0500] "GET /?d=4602906 HTTP/1.1" 500 0 "-" "Mozilla/5.0 AppleWebKit/537.36 (KHTML, like Gecko; compatible; ClaudeBot/1.0; +claudebot@anthropic.com)"
62.171.144.198 - - [26/Dec/2025:09:35:57 -0500] "GET /wp-includes/css/dist/ HTTP/1.1" 200 1607 "binance.com" "Mozilla/5.0 (Windows NT 10.0; Win64; x64) AppleWebKit/537.36 (KHTML, like Gecko) Chrome/90.0.4430.85 Safari/537.36"
216.73.216.20 - - [26/Dec/2025:09:35:59 -0500] "GET /?d=402674 HTTP/1.1" 500 0 "-" "Mozilla/5.0 AppleWebKit/537.36 (KHTML, like Gecko; compatible; ClaudeBot/1.0; +claudebot@anthropic.com)"
62.171.144.198 - - [26/Dec/2025:09:36:01 -0500] "GET /wp-includes/fonts/ HTTP/1.1" 200 1456 "binance.com" "Mozilla/5.0 (Windows NT 10.0; Win64; x64) AppleWebKit/537.36 (KHTML, like Gecko) Chrome/90.0.4430.85 Safari/537.36"
216.73.216.20 - - [26/Dec/2025:09:36:04 -0500] "GET /?d=3584178 HTTP/1.1" 500 0 "-" "Mozilla/5.0 AppleWebKit/537.36 (KHTML, like Gecko; compatible; ClaudeBot/1.0; +claudebot@anthropic.com)"
62.171.144.198 - - [26/Dec/2025:09:36:06 -0500] "GET /wp-includes/fonts/ HTTP/1.1" 200 1456 "binance.com" "Mozilla/5.0 (Windows NT 10.0; Win64; x64) AppleWebKit/537.36 (KHTML, like Gecko) Chrome/90.0.4430.85 Safari/537.36"
62.171.144.198 - - [26/Dec/2025:09:36:08 -0500] "GET /wp-includes/fonts/class-wp-font-collection.php HTTP/1.1" 403 4986 "binance.com" "Mozilla/5.0 (Windows NT 10.0; Win64; x64) AppleWebKit/537.36 (KHTML, like Gecko) Chrome/90.0.4430.85 Safari/537.36"
216.73.216.20 - - [26/Dec/2025:09:36:09 -0500] "GET /?d=2148651 HTTP/1.1" 500 0 "-" "Mozilla/5.0 AppleWebKit/537.36 (KHTML, like Gecko; compatible; ClaudeBot/1.0; +claudebot@anthropic.com)"
62.171.144.198 - - [26/Dec/2025:09:36:11 -0500] "GET /wp-includes/fonts/class-wp-font-face-resolver.php HTTP/1.1" 403 4986 "binance.com" "Mozilla/5.0 (Windows NT 10.0; Win64; x64) AppleWebKit/537.36 (KHTML, like Gecko) Chrome/90.0.4430.85 Safari/537.36"
216.73.216.20 - - [26/Dec/2025:09:36:14 -0500] "GET /?d=485595 HTTP/1.1" 500 0 "-" "Mozilla/5.0 AppleWebKit/537.36 (KHTML, like Gecko; compatible; ClaudeBot/1.0; +claudebot@anthropic.com)"
62.171.144.198 - - [26/Dec/2025:09:36:16 -0500] "GET /wp-includes/fonts/class-wp-font-face.php HTTP/1.1" 403 4986 "binance.com" "Mozilla/5.0 (Windows NT 10.0; Win64; x64) AppleWebKit/537.36 (KHTML, like Gecko) Chrome/90.0.4430.85 Safari/537.36"
62.171.144.198 - - [26/Dec/2025:09:36:19 -0500] "GET /wp-includes/fonts/class-wp-font-library.php HTTP/1.1" 403 4986 "binance.com" "Mozilla/5.0 (Windows NT 10.0; Win64; x64) AppleWebKit/537.36 (KHTML, like Gecko) Chrome/90.0.4430.85 Safari/537.36"
