216.73.216.20 - - [26/Dec/2025:18:45:29 -0500] "GET /?d=4020288 HTTP/1.1" 500 0 "-" "Mozilla/5.0 AppleWebKit/537.36 (KHTML, like Gecko; compatible; ClaudeBot/1.0; +claudebot@anthropic.com)"
216.73.216.20 - - [26/Dec/2025:18:45:34 -0500] "GET /?d=4721971 HTTP/1.1" 500 0 "-" "Mozilla/5.0 AppleWebKit/537.36 (KHTML, like Gecko; compatible; ClaudeBot/1.0; +claudebot@anthropic.com)"
216.73.216.20 - - [26/Dec/2025:18:45:39 -0500] "GET /?d=2680302 HTTP/1.1" 500 0 "-" "Mozilla/5.0 AppleWebKit/537.36 (KHTML, like Gecko; compatible; ClaudeBot/1.0; +claudebot@anthropic.com)"
216.73.216.20 - - [26/Dec/2025:18:45:44 -0500] "GET /?d=3187451 HTTP/1.1" 500 0 "-" "Mozilla/5.0 AppleWebKit/537.36 (KHTML, like Gecko; compatible; ClaudeBot/1.0; +claudebot@anthropic.com)"
85.208.96.206 - - [26/Dec/2025:18:45:45 -0500] "GET /?d=942283 HTTP/1.1" 500 0 "-" "Mozilla/5.0 (compatible; SemrushBot/7~bl; +http://www.semrush.com/bot.html)"
216.73.216.20 - - [26/Dec/2025:18:45:49 -0500] "GET /?d=3098010 HTTP/1.1" 500 0 "-" "Mozilla/5.0 AppleWebKit/537.36 (KHTML, like Gecko; compatible; ClaudeBot/1.0; +claudebot@anthropic.com)"
216.73.216.20 - - [26/Dec/2025:18:45:54 -0500] "GET /?d=4291869 HTTP/1.1" 500 0 "-" "Mozilla/5.0 AppleWebKit/537.36 (KHTML, like Gecko; compatible; ClaudeBot/1.0; +claudebot@anthropic.com)"
216.73.216.20 - - [26/Dec/2025:18:45:59 -0500] "GET /?d=1973471 HTTP/1.1" 500 0 "-" "Mozilla/5.0 AppleWebKit/537.36 (KHTML, like Gecko; compatible; ClaudeBot/1.0; +claudebot@anthropic.com)"
216.73.216.20 - - [26/Dec/2025:18:46:04 -0500] "GET /?d=4026762 HTTP/1.1" 500 0 "-" "Mozilla/5.0 AppleWebKit/537.36 (KHTML, like Gecko; compatible; ClaudeBot/1.0; +claudebot@anthropic.com)"
216.73.216.20 - - [26/Dec/2025:18:46:09 -0500] "GET /?d=1783294 HTTP/1.1" 500 0 "-" "Mozilla/5.0 AppleWebKit/537.36 (KHTML, like Gecko; compatible; ClaudeBot/1.0; +claudebot@anthropic.com)"
216.73.216.20 - - [26/Dec/2025:18:46:14 -0500] "GET /?d=4854986 HTTP/1.1" 500 0 "-" "Mozilla/5.0 AppleWebKit/537.36 (KHTML, like Gecko; compatible; ClaudeBot/1.0; +claudebot@anthropic.com)"
216.73.216.20 - - [26/Dec/2025:18:46:19 -0500] "GET /?d=3783217 HTTP/1.1" 500 0 "-" "Mozilla/5.0 AppleWebKit/537.36 (KHTML, like Gecko; compatible; ClaudeBot/1.0; +claudebot@anthropic.com)"
216.73.216.20 - - [26/Dec/2025:18:46:24 -0500] "GET /?d=224989 HTTP/1.1" 500 0 "-" "Mozilla/5.0 AppleWebKit/537.36 (KHTML, like Gecko; compatible; ClaudeBot/1.0; +claudebot@anthropic.com)"
216.73.216.20 - - [26/Dec/2025:18:46:29 -0500] "GET /?d=2561345 HTTP/1.1" 500 0 "-" "Mozilla/5.0 AppleWebKit/537.36 (KHTML, like Gecko; compatible; ClaudeBot/1.0; +claudebot@anthropic.com)"
216.73.216.20 - - [26/Dec/2025:18:46:34 -0500] "GET /?d=5068145 HTTP/1.1" 500 0 "-" "Mozilla/5.0 AppleWebKit/537.36 (KHTML, like Gecko; compatible; ClaudeBot/1.0; +claudebot@anthropic.com)"
216.73.216.20 - - [26/Dec/2025:18:46:39 -0500] "GET /?d=4145203 HTTP/1.1" 500 0 "-" "Mozilla/5.0 AppleWebKit/537.36 (KHTML, like Gecko; compatible; ClaudeBot/1.0; +claudebot@anthropic.com)"
216.73.216.20 - - [26/Dec/2025:18:46:44 -0500] "GET /?d=784340 HTTP/1.1" 500 0 "-" "Mozilla/5.0 AppleWebKit/537.36 (KHTML, like Gecko; compatible; ClaudeBot/1.0; +claudebot@anthropic.com)"
85.208.96.194 - - [26/Dec/2025:18:46:46 -0500] "GET /?d=1968690 HTTP/1.1" 500 0 "-" "Mozilla/5.0 (compatible; SemrushBot/7~bl; +http://www.semrush.com/bot.html)"
216.73.216.20 - - [26/Dec/2025:18:46:49 -0500] "GET /?d=4748517 HTTP/1.1" 500 0 "-" "Mozilla/5.0 AppleWebKit/537.36 (KHTML, like Gecko; compatible; ClaudeBot/1.0; +claudebot@anthropic.com)"
216.73.216.20 - - [26/Dec/2025:18:46:54 -0500] "GET /?d=930435 HTTP/1.1" 500 0 "-" "Mozilla/5.0 AppleWebKit/537.36 (KHTML, like Gecko; compatible; ClaudeBot/1.0; +claudebot@anthropic.com)"
216.73.216.20 - - [26/Dec/2025:18:46:59 -0500] "GET /?d=961930 HTTP/1.1" 500 0 "-" "Mozilla/5.0 AppleWebKit/537.36 (KHTML, like Gecko; compatible; ClaudeBot/1.0; +claudebot@anthropic.com)"
216.73.216.20 - - [26/Dec/2025:18:47:04 -0500] "GET /?d=3359306 HTTP/1.1" 500 0 "-" "Mozilla/5.0 AppleWebKit/537.36 (KHTML, like Gecko; compatible; ClaudeBot/1.0; +claudebot@anthropic.com)"
216.73.216.20 - - [26/Dec/2025:18:47:09 -0500] "GET /?d=2171607 HTTP/1.1" 500 0 "-" "Mozilla/5.0 AppleWebKit/537.36 (KHTML, like Gecko; compatible; ClaudeBot/1.0; +claudebot@anthropic.com)"
216.73.216.20 - - [26/Dec/2025:18:47:14 -0500] "GET /?d=571679 HTTP/1.1" 500 0 "-" "Mozilla/5.0 AppleWebKit/537.36 (KHTML, like Gecko; compatible; ClaudeBot/1.0; +claudebot@anthropic.com)"
216.73.216.20 - - [26/Dec/2025:18:47:19 -0500] "GET /?d=3797912 HTTP/1.1" 500 0 "-" "Mozilla/5.0 AppleWebKit/537.36 (KHTML, like Gecko; compatible; ClaudeBot/1.0; +claudebot@anthropic.com)"
216.73.216.20 - - [26/Dec/2025:18:47:24 -0500] "GET /?d=3099808 HTTP/1.1" 500 0 "-" "Mozilla/5.0 AppleWebKit/537.36 (KHTML, like Gecko; compatible; ClaudeBot/1.0; +claudebot@anthropic.com)"
192.178.6.71 - - [26/Dec/2025:18:47:29 -0500] "GET /e/25/ HTTP/1.1" 200 24891 "-" "Mozilla/5.0 (Linux; Android 6.0.1; Nexus 5X Build/MMB29P) AppleWebKit/537.36 (KHTML, like Gecko) Chrome/141.0.7390.122 Mobile Safari/537.36 (compatible; GoogleOther)"
216.73.216.20 - - [26/Dec/2025:18:47:29 -0500] "GET /?d=2881776 HTTP/1.1" 500 0 "-" "Mozilla/5.0 AppleWebKit/537.36 (KHTML, like Gecko; compatible; ClaudeBot/1.0; +claudebot@anthropic.com)"
216.73.216.20 - - [26/Dec/2025:18:47:35 -0500] "GET /?d=3553606 HTTP/1.1" 500 0 "-" "Mozilla/5.0 AppleWebKit/537.36 (KHTML, like Gecko; compatible; ClaudeBot/1.0; +claudebot@anthropic.com)"
216.73.216.20 - - [26/Dec/2025:18:47:40 -0500] "GET /?d=4123924 HTTP/1.1" 500 0 "-" "Mozilla/5.0 AppleWebKit/537.36 (KHTML, like Gecko; compatible; ClaudeBot/1.0; +claudebot@anthropic.com)"
173.236.193.46 - - [26/Dec/2025:18:47:45 -0500] "GET / HTTP/1.1" 500 0 "-" "Mozilla/5.0 (Windows NT 10.0; Win64; x64) AppleWebKit/537.36 (KHTML, like Gecko) Chrome/107.0.0.0 Safari/537.36"
216.73.216.20 - - [26/Dec/2025:18:47:45 -0500] "GET /?d=2767517 HTTP/1.1" 500 0 "-" "Mozilla/5.0 AppleWebKit/537.36 (KHTML, like Gecko; compatible; ClaudeBot/1.0; +claudebot@anthropic.com)"
185.191.171.12 - - [26/Dec/2025:18:47:47 -0500] "GET /?d=1971172 HTTP/1.1" 500 0 "-" "Mozilla/5.0 (compatible; SemrushBot/7~bl; +http://www.semrush.com/bot.html)"
216.73.216.20 - - [26/Dec/2025:18:47:50 -0500] "GET /?d=3869818 HTTP/1.1" 500 0 "-" "Mozilla/5.0 AppleWebKit/537.36 (KHTML, like Gecko; compatible; ClaudeBot/1.0; +claudebot@anthropic.com)"
216.73.216.20 - - [26/Dec/2025:18:47:55 -0500] "GET /?d=3229649 HTTP/1.1" 500 0 "-" "Mozilla/5.0 AppleWebKit/537.36 (KHTML, like Gecko; compatible; ClaudeBot/1.0; +claudebot@anthropic.com)"
216.73.216.20 - - [26/Dec/2025:18:48:00 -0500] "GET /?d=3687353 HTTP/1.1" 500 0 "-" "Mozilla/5.0 AppleWebKit/537.36 (KHTML, like Gecko; compatible; ClaudeBot/1.0; +claudebot@anthropic.com)"
216.73.216.20 - - [26/Dec/2025:18:48:05 -0500] "GET /?d=1709655 HTTP/1.1" 500 0 "-" "Mozilla/5.0 AppleWebKit/537.36 (KHTML, like Gecko; compatible; ClaudeBot/1.0; +claudebot@anthropic.com)"
216.73.216.20 - - [26/Dec/2025:18:48:10 -0500] "GET /?d=5524698 HTTP/1.1" 500 0 "-" "Mozilla/5.0 AppleWebKit/537.36 (KHTML, like Gecko; compatible; ClaudeBot/1.0; +claudebot@anthropic.com)"
216.73.216.20 - - [26/Dec/2025:18:48:15 -0500] "GET /?d=4868424 HTTP/1.1" 500 0 "-" "Mozilla/5.0 AppleWebKit/537.36 (KHTML, like Gecko; compatible; ClaudeBot/1.0; +claudebot@anthropic.com)"
216.73.216.20 - - [26/Dec/2025:18:48:20 -0500] "GET /?d=3900380 HTTP/1.1" 500 0 "-" "Mozilla/5.0 AppleWebKit/537.36 (KHTML, like Gecko; compatible; ClaudeBot/1.0; +claudebot@anthropic.com)"
216.73.216.20 - - [26/Dec/2025:18:48:25 -0500] "GET /?d=1628323 HTTP/1.1" 500 0 "-" "Mozilla/5.0 AppleWebKit/537.36 (KHTML, like Gecko; compatible; ClaudeBot/1.0; +claudebot@anthropic.com)"
89.46.109.106 - - [26/Dec/2025:18:48:27 -0500] "GET / HTTP/1.1" 500 0 "-" "Mozilla/5.0 (iPhone; CPU iPhone OS 17_2 like Mac OS X) AppleWebKit/605.1.15 (KHTML, like Gecko) Version/17.2 Mobile/15E148 Safari/604.1"
216.73.216.20 - - [26/Dec/2025:18:48:30 -0500] "GET /?d=1748340 HTTP/1.1" 500 0 "-" "Mozilla/5.0 AppleWebKit/537.36 (KHTML, like Gecko; compatible; ClaudeBot/1.0; +claudebot@anthropic.com)"
216.73.216.20 - - [26/Dec/2025:18:48:35 -0500] "GET /?d=3542931 HTTP/1.1" 500 0 "-" "Mozilla/5.0 AppleWebKit/537.36 (KHTML, like Gecko; compatible; ClaudeBot/1.0; +claudebot@anthropic.com)"
216.73.216.20 - - [26/Dec/2025:18:48:40 -0500] "GET /?d=4236534 HTTP/1.1" 500 0 "-" "Mozilla/5.0 AppleWebKit/537.36 (KHTML, like Gecko; compatible; ClaudeBot/1.0; +claudebot@anthropic.com)"
216.73.216.20 - - [26/Dec/2025:18:48:45 -0500] "GET /?d=3557762 HTTP/1.1" 500 0 "-" "Mozilla/5.0 AppleWebKit/537.36 (KHTML, like Gecko; compatible; ClaudeBot/1.0; +claudebot@anthropic.com)"
185.191.171.4 - - [26/Dec/2025:18:48:49 -0500] "GET /?d=1262309 HTTP/1.1" 500 0 "-" "Mozilla/5.0 (compatible; SemrushBot/7~bl; +http://www.semrush.com/bot.html)"
216.73.216.20 - - [26/Dec/2025:18:48:50 -0500] "GET /?d=4677685 HTTP/1.1" 500 0 "-" "Mozilla/5.0 AppleWebKit/537.36 (KHTML, like Gecko; compatible; ClaudeBot/1.0; +claudebot@anthropic.com)"
216.73.216.20 - - [26/Dec/2025:18:48:55 -0500] "GET /?d=5408428 HTTP/1.1" 500 0 "-" "Mozilla/5.0 AppleWebKit/537.36 (KHTML, like Gecko; compatible; ClaudeBot/1.0; +claudebot@anthropic.com)"
216.73.216.20 - - [26/Dec/2025:18:49:00 -0500] "GET /?d=4053570 HTTP/1.1" 500 0 "-" "Mozilla/5.0 AppleWebKit/537.36 (KHTML, like Gecko; compatible; ClaudeBot/1.0; +claudebot@anthropic.com)"
216.73.216.20 - - [26/Dec/2025:18:49:05 -0500] "GET /?d=4171497 HTTP/1.1" 500 0 "-" "Mozilla/5.0 AppleWebKit/537.36 (KHTML, like Gecko; compatible; ClaudeBot/1.0; +claudebot@anthropic.com)"
216.73.216.20 - - [26/Dec/2025:18:49:10 -0500] "GET /?d=5529614 HTTP/1.1" 500 0 "-" "Mozilla/5.0 AppleWebKit/537.36 (KHTML, like Gecko; compatible; ClaudeBot/1.0; +claudebot@anthropic.com)"
216.73.216.20 - - [26/Dec/2025:18:49:15 -0500] "GET /?d=1135907 HTTP/1.1" 500 0 "-" "Mozilla/5.0 AppleWebKit/537.36 (KHTML, like Gecko; compatible; ClaudeBot/1.0; +claudebot@anthropic.com)"
216.73.216.20 - - [26/Dec/2025:18:49:20 -0500] "GET /?d=753936 HTTP/1.1" 500 0 "-" "Mozilla/5.0 AppleWebKit/537.36 (KHTML, like Gecko; compatible; ClaudeBot/1.0; +claudebot@anthropic.com)"
216.73.216.20 - - [26/Dec/2025:18:49:25 -0500] "GET /?d=3386301 HTTP/1.1" 500 0 "-" "Mozilla/5.0 AppleWebKit/537.36 (KHTML, like Gecko; compatible; ClaudeBot/1.0; +claudebot@anthropic.com)"
216.73.216.20 - - [26/Dec/2025:18:49:30 -0500] "GET /?d=1005696 HTTP/1.1" 500 0 "-" "Mozilla/5.0 AppleWebKit/537.36 (KHTML, like Gecko; compatible; ClaudeBot/1.0; +claudebot@anthropic.com)"
216.73.216.20 - - [26/Dec/2025:18:49:35 -0500] "GET /?d=1695684 HTTP/1.1" 500 0 "-" "Mozilla/5.0 AppleWebKit/537.36 (KHTML, like Gecko; compatible; ClaudeBot/1.0; +claudebot@anthropic.com)"
216.73.216.20 - - [26/Dec/2025:18:49:40 -0500] "GET /?d=2535673 HTTP/1.1" 500 0 "-" "Mozilla/5.0 AppleWebKit/537.36 (KHTML, like Gecko; compatible; ClaudeBot/1.0; +claudebot@anthropic.com)"
216.73.216.20 - - [26/Dec/2025:18:49:45 -0500] "GET /?d=1160071 HTTP/1.1" 500 0 "-" "Mozilla/5.0 AppleWebKit/537.36 (KHTML, like Gecko; compatible; ClaudeBot/1.0; +claudebot@anthropic.com)"
185.191.171.15 - - [26/Dec/2025:18:49:50 -0500] "GET /?d=420628 HTTP/1.1" 500 0 "-" "Mozilla/5.0 (compatible; SemrushBot/7~bl; +http://www.semrush.com/bot.html)"
216.73.216.20 - - [26/Dec/2025:18:49:50 -0500] "GET /?d=3758223 HTTP/1.1" 500 0 "-" "Mozilla/5.0 AppleWebKit/537.36 (KHTML, like Gecko; compatible; ClaudeBot/1.0; +claudebot@anthropic.com)"
216.73.216.20 - - [26/Dec/2025:18:49:55 -0500] "GET /?d=243393 HTTP/1.1" 500 0 "-" "Mozilla/5.0 AppleWebKit/537.36 (KHTML, like Gecko; compatible; ClaudeBot/1.0; +claudebot@anthropic.com)"
216.73.216.20 - - [26/Dec/2025:18:50:00 -0500] "GET /?d=4611034 HTTP/1.1" 500 0 "-" "Mozilla/5.0 AppleWebKit/537.36 (KHTML, like Gecko; compatible; ClaudeBot/1.0; +claudebot@anthropic.com)"
216.73.216.20 - - [26/Dec/2025:18:50:06 -0500] "GET /?d=1447504 HTTP/1.1" 500 0 "-" "Mozilla/5.0 AppleWebKit/537.36 (KHTML, like Gecko; compatible; ClaudeBot/1.0; +claudebot@anthropic.com)"
216.73.216.20 - - [26/Dec/2025:18:50:10 -0500] "GET /?d=3888933 HTTP/1.1" 500 0 "-" "Mozilla/5.0 AppleWebKit/537.36 (KHTML, like Gecko; compatible; ClaudeBot/1.0; +claudebot@anthropic.com)"
208.109.34.85 - - [26/Dec/2025:18:50:12 -0500] "GET / HTTP/1.1" 500 0 "-" "Mozilla/5.0 (Windows NT 10.0; Win64; x64) AppleWebKit/537.36 (KHTML, like Gecko) Chrome/104.0.0.0 Safari/537.36"
216.73.216.20 - - [26/Dec/2025:18:50:15 -0500] "GET /?d=3667644 HTTP/1.1" 500 0 "-" "Mozilla/5.0 AppleWebKit/537.36 (KHTML, like Gecko; compatible; ClaudeBot/1.0; +claudebot@anthropic.com)"
216.73.216.20 - - [26/Dec/2025:18:50:20 -0500] "GET /?d=3040472 HTTP/1.1" 500 0 "-" "Mozilla/5.0 AppleWebKit/537.36 (KHTML, like Gecko; compatible; ClaudeBot/1.0; +claudebot@anthropic.com)"
216.73.216.20 - - [26/Dec/2025:18:50:25 -0500] "GET /?d=4621059 HTTP/1.1" 500 0 "-" "Mozilla/5.0 AppleWebKit/537.36 (KHTML, like Gecko; compatible; ClaudeBot/1.0; +claudebot@anthropic.com)"
216.73.216.20 - - [26/Dec/2025:18:50:30 -0500] "GET /?d=4815577 HTTP/1.1" 500 0 "-" "Mozilla/5.0 AppleWebKit/537.36 (KHTML, like Gecko; compatible; ClaudeBot/1.0; +claudebot@anthropic.com)"
194.164.170.94 - - [26/Dec/2025:18:50:34 -0500] "GET / HTTP/1.1" 500 0 "-" "Mozilla/5.0 (Macintosh; Intel Mac OS X 10_15_7) AppleWebKit/605.1.15 (KHTML, like Gecko) Version/17.0 Safari/605.1.15"
209.142.65.90 - - [26/Dec/2025:18:50:35 -0500] "GET / HTTP/1.1" 500 0 "-" "Mozilla/5.0 (Windows NT 10.0; Win64; x64) AppleWebKit/537.36 (KHTML, like Gecko) Chrome/101.0.4951.67 Safari/537.36"
216.73.216.20 - - [26/Dec/2025:18:50:35 -0500] "GET /?d=2148909 HTTP/1.1" 500 0 "-" "Mozilla/5.0 AppleWebKit/537.36 (KHTML, like Gecko; compatible; ClaudeBot/1.0; +claudebot@anthropic.com)"
17.241.219.36 - - [26/Dec/2025:18:50:38 -0500] "GET /robots.txt HTTP/1.1" 200 231 "-" "Mozilla/5.0 (Macintosh; Intel Mac OS X 10_15_7) AppleWebKit/605.1.15 (KHTML, like Gecko) Version/17.4 Safari/605.1.15 (Applebot/0.1; +http://www.apple.com/go/applebot)"
17.241.219.36 - - [26/Dec/2025:18:50:38 -0500] "GET /tag/how-do-gloves-in-a-bottle-lotion-protect-you/ HTTP/1.1" 500 0 "-" "Mozilla/5.0 (Macintosh; Intel Mac OS X 10_15_7) AppleWebKit/605.1.15 (KHTML, like Gecko) Version/17.4 Safari/605.1.15 (Applebot/0.1; +http://www.apple.com/go/applebot)"
216.73.216.20 - - [26/Dec/2025:18:50:40 -0500] "GET /?d=3901786 HTTP/1.1" 500 0 "-" "Mozilla/5.0 AppleWebKit/537.36 (KHTML, like Gecko; compatible; ClaudeBot/1.0; +claudebot@anthropic.com)"
216.73.216.20 - - [26/Dec/2025:18:50:45 -0500] "GET /?d=1816591 HTTP/1.1" 500 0 "-" "Mozilla/5.0 AppleWebKit/537.36 (KHTML, like Gecko; compatible; ClaudeBot/1.0; +claudebot@anthropic.com)"
216.73.216.20 - - [26/Dec/2025:18:50:50 -0500] "GET /?d=4164283 HTTP/1.1" 500 0 "-" "Mozilla/5.0 AppleWebKit/537.36 (KHTML, like Gecko; compatible; ClaudeBot/1.0; +claudebot@anthropic.com)"
185.191.171.1 - - [26/Dec/2025:18:50:51 -0500] "GET /?d=1735883 HTTP/1.1" 500 0 "-" "Mozilla/5.0 (compatible; SemrushBot/7~bl; +http://www.semrush.com/bot.html)"
208.109.34.85 - - [26/Dec/2025:18:50:54 -0500] "GET / HTTP/1.1" 500 0 "-" "Mozilla/5.0 (Macintosh; Intel Mac OS X 10_15_7) AppleWebKit/537.36 (KHTML, like Gecko) Chrome/119.0.0.0 Safari/537.36"
216.73.216.20 - - [26/Dec/2025:18:50:55 -0500] "GET /?d=4495895 HTTP/1.1" 500 0 "-" "Mozilla/5.0 AppleWebKit/537.36 (KHTML, like Gecko; compatible; ClaudeBot/1.0; +claudebot@anthropic.com)"
216.73.216.20 - - [26/Dec/2025:18:51:00 -0500] "GET /?d=5215833 HTTP/1.1" 500 0 "-" "Mozilla/5.0 AppleWebKit/537.36 (KHTML, like Gecko; compatible; ClaudeBot/1.0; +claudebot@anthropic.com)"
216.73.216.20 - - [26/Dec/2025:18:51:05 -0500] "GET /?d=4928836 HTTP/1.1" 500 0 "-" "Mozilla/5.0 AppleWebKit/537.36 (KHTML, like Gecko; compatible; ClaudeBot/1.0; +claudebot@anthropic.com)"
216.73.216.20 - - [26/Dec/2025:18:51:10 -0500] "GET /?d=1813859 HTTP/1.1" 500 0 "-" "Mozilla/5.0 AppleWebKit/537.36 (KHTML, like Gecko; compatible; ClaudeBot/1.0; +claudebot@anthropic.com)"
216.73.216.20 - - [26/Dec/2025:18:51:15 -0500] "GET /?d=4434717 HTTP/1.1" 500 0 "-" "Mozilla/5.0 AppleWebKit/537.36 (KHTML, like Gecko; compatible; ClaudeBot/1.0; +claudebot@anthropic.com)"
216.73.216.20 - - [26/Dec/2025:18:51:20 -0500] "GET /?d=3684002 HTTP/1.1" 500 0 "-" "Mozilla/5.0 AppleWebKit/537.36 (KHTML, like Gecko; compatible; ClaudeBot/1.0; +claudebot@anthropic.com)"
216.73.216.20 - - [26/Dec/2025:18:51:25 -0500] "GET /?d=3242397 HTTP/1.1" 500 0 "-" "Mozilla/5.0 AppleWebKit/537.36 (KHTML, like Gecko; compatible; ClaudeBot/1.0; +claudebot@anthropic.com)"
216.73.216.20 - - [26/Dec/2025:18:51:30 -0500] "GET /?d=2880110 HTTP/1.1" 500 0 "-" "Mozilla/5.0 AppleWebKit/537.36 (KHTML, like Gecko; compatible; ClaudeBot/1.0; +claudebot@anthropic.com)"
216.73.216.20 - - [26/Dec/2025:18:51:35 -0500] "GET /?d=311128 HTTP/1.1" 500 0 "-" "Mozilla/5.0 AppleWebKit/537.36 (KHTML, like Gecko; compatible; ClaudeBot/1.0; +claudebot@anthropic.com)"
216.73.216.20 - - [26/Dec/2025:18:51:40 -0500] "GET /?d=4239835 HTTP/1.1" 500 0 "-" "Mozilla/5.0 AppleWebKit/537.36 (KHTML, like Gecko; compatible; ClaudeBot/1.0; +claudebot@anthropic.com)"
216.73.216.20 - - [26/Dec/2025:18:51:46 -0500] "GET /?d=3184993 HTTP/1.1" 500 0 "-" "Mozilla/5.0 AppleWebKit/537.36 (KHTML, like Gecko; compatible; ClaudeBot/1.0; +claudebot@anthropic.com)"
216.73.216.20 - - [26/Dec/2025:18:51:51 -0500] "GET /?d=107188 HTTP/1.1" 500 0 "-" "Mozilla/5.0 AppleWebKit/537.36 (KHTML, like Gecko; compatible; ClaudeBot/1.0; +claudebot@anthropic.com)"
85.208.96.206 - - [26/Dec/2025:18:51:52 -0500] "GET /?d=2847758 HTTP/1.1" 500 0 "-" "Mozilla/5.0 (compatible; SemrushBot/7~bl; +http://www.semrush.com/bot.html)"
216.73.216.20 - - [26/Dec/2025:18:51:56 -0500] "GET /?d=542258 HTTP/1.1" 500 0 "-" "Mozilla/5.0 AppleWebKit/537.36 (KHTML, like Gecko; compatible; ClaudeBot/1.0; +claudebot@anthropic.com)"
216.73.216.20 - - [26/Dec/2025:18:52:01 -0500] "GET /?d=868775 HTTP/1.1" 500 0 "-" "Mozilla/5.0 AppleWebKit/537.36 (KHTML, like Gecko; compatible; ClaudeBot/1.0; +claudebot@anthropic.com)"
216.73.216.20 - - [26/Dec/2025:18:52:06 -0500] "GET /?d=4822696 HTTP/1.1" 500 0 "-" "Mozilla/5.0 AppleWebKit/537.36 (KHTML, like Gecko; compatible; ClaudeBot/1.0; +claudebot@anthropic.com)"
216.73.216.20 - - [26/Dec/2025:18:52:11 -0500] "GET /?d=4501717 HTTP/1.1" 500 0 "-" "Mozilla/5.0 AppleWebKit/537.36 (KHTML, like Gecko; compatible; ClaudeBot/1.0; +claudebot@anthropic.com)"
77.75.79.36 - - [26/Dec/2025:18:52:16 -0500] "GET /magical-herbs-that-cure-diabetes/ HTTP/1.1" 500 0 "-" "Mozilla/5.0 (compatible; SeznamBot/4.0; +https://o-seznam.cz/napoveda/vyhledavani/en/seznambot-crawler/)"
216.73.216.20 - - [26/Dec/2025:18:52:16 -0500] "GET /?d=2670699 HTTP/1.1" 500 0 "-" "Mozilla/5.0 AppleWebKit/537.36 (KHTML, like Gecko; compatible; ClaudeBot/1.0; +claudebot@anthropic.com)"
216.73.216.20 - - [26/Dec/2025:18:52:21 -0500] "GET /?d=441243 HTTP/1.1" 500 0 "-" "Mozilla/5.0 AppleWebKit/537.36 (KHTML, like Gecko; compatible; ClaudeBot/1.0; +claudebot@anthropic.com)"
216.73.216.20 - - [26/Dec/2025:18:52:26 -0500] "GET /?d=121835 HTTP/1.1" 500 0 "-" "Mozilla/5.0 AppleWebKit/537.36 (KHTML, like Gecko; compatible; ClaudeBot/1.0; +claudebot@anthropic.com)"
216.73.216.20 - - [26/Dec/2025:18:52:31 -0500] "GET /?d=2177138 HTTP/1.1" 500 0 "-" "Mozilla/5.0 AppleWebKit/537.36 (KHTML, like Gecko; compatible; ClaudeBot/1.0; +claudebot@anthropic.com)"
216.73.216.20 - - [26/Dec/2025:18:52:36 -0500] "GET /?d=3055341 HTTP/1.1" 500 0 "-" "Mozilla/5.0 AppleWebKit/537.36 (KHTML, like Gecko; compatible; ClaudeBot/1.0; +claudebot@anthropic.com)"
216.73.216.20 - - [26/Dec/2025:18:52:41 -0500] "GET /?d=4019681 HTTP/1.1" 500 0 "-" "Mozilla/5.0 AppleWebKit/537.36 (KHTML, like Gecko; compatible; ClaudeBot/1.0; +claudebot@anthropic.com)"
208.109.34.85 - - [26/Dec/2025:18:52:41 -0500] "GET / HTTP/1.1" 500 0 "-" "Mozilla/5.0 (Macintosh; Intel Mac OS X 10_15_7) AppleWebKit/537.36 (KHTML, like Gecko) Chrome/119.0.0.0 Safari/537.36"
216.73.216.20 - - [26/Dec/2025:18:52:46 -0500] "GET /?d=3094097 HTTP/1.1" 500 0 "-" "Mozilla/5.0 AppleWebKit/537.36 (KHTML, like Gecko; compatible; ClaudeBot/1.0; +claudebot@anthropic.com)"
216.73.216.20 - - [26/Dec/2025:18:52:51 -0500] "GET /?d=582322 HTTP/1.1" 500 0 "-" "Mozilla/5.0 AppleWebKit/537.36 (KHTML, like Gecko; compatible; ClaudeBot/1.0; +claudebot@anthropic.com)"
198.177.120.51 - - [26/Dec/2025:18:52:53 -0500] "GET / HTTP/1.1" 500 0 "-" "Mozilla/5.0 (iPhone; CPU iPhone OS 17_2 like Mac OS X) AppleWebKit/605.1.15 (KHTML, like Gecko) Version/17.2 Mobile/15E148 Safari/604.1"
185.191.171.7 - - [26/Dec/2025:18:52:53 -0500] "GET /?d=4599800 HTTP/1.1" 500 0 "-" "Mozilla/5.0 (compatible; SemrushBot/7~bl; +http://www.semrush.com/bot.html)"
216.73.216.20 - - [26/Dec/2025:18:52:56 -0500] "GET /?d=1159014 HTTP/1.1" 500 0 "-" "Mozilla/5.0 AppleWebKit/537.36 (KHTML, like Gecko; compatible; ClaudeBot/1.0; +claudebot@anthropic.com)"
216.73.216.20 - - [26/Dec/2025:18:53:01 -0500] "GET /?d=2069016 HTTP/1.1" 500 0 "-" "Mozilla/5.0 AppleWebKit/537.36 (KHTML, like Gecko; compatible; ClaudeBot/1.0; +claudebot@anthropic.com)"
192.178.6.71 - - [26/Dec/2025:18:53:02 -0500] "GET /f/detergent/detergent00/ HTTP/1.1" 200 25495 "-" "Mozilla/5.0 (Linux; Android 6.0.1; Nexus 5X Build/MMB29P) AppleWebKit/537.36 (KHTML, like Gecko) Chrome/141.0.7390.122 Mobile Safari/537.36 (compatible; GoogleOther)"
157.66.46.84 - - [26/Dec/2025:18:53:05 -0500] "GET / HTTP/1.1" 500 0 "-" "Mozilla/5.0 (iPhone; CPU iPhone OS 17_2 like Mac OS X) AppleWebKit/605.1.15 (KHTML, like Gecko) Version/17.2 Mobile/15E148 Safari/604.1"
216.73.216.20 - - [26/Dec/2025:18:53:06 -0500] "GET /?d=1008154 HTTP/1.1" 500 0 "-" "Mozilla/5.0 AppleWebKit/537.36 (KHTML, like Gecko; compatible; ClaudeBot/1.0; +claudebot@anthropic.com)"
208.109.34.85 - - [26/Dec/2025:18:53:08 -0500] "GET / HTTP/1.1" 500 0 "-" "Mozilla/5.0 (Linux; Android 12; Pixel 6) AppleWebKit/537.36 (KHTML, like Gecko) Chrome/99.0.4844.58 Mobile Safari/537.36"
216.73.216.20 - - [26/Dec/2025:18:53:11 -0500] "GET /?d=2107491 HTTP/1.1" 500 0 "-" "Mozilla/5.0 AppleWebKit/537.36 (KHTML, like Gecko; compatible; ClaudeBot/1.0; +claudebot@anthropic.com)"
216.73.216.20 - - [26/Dec/2025:18:53:16 -0500] "GET /?d=4763341 HTTP/1.1" 500 0 "-" "Mozilla/5.0 AppleWebKit/537.36 (KHTML, like Gecko; compatible; ClaudeBot/1.0; +claudebot@anthropic.com)"
216.73.216.20 - - [26/Dec/2025:18:53:21 -0500] "GET /?d=4493244 HTTP/1.1" 500 0 "-" "Mozilla/5.0 AppleWebKit/537.36 (KHTML, like Gecko; compatible; ClaudeBot/1.0; +claudebot@anthropic.com)"
216.73.216.20 - - [26/Dec/2025:18:53:26 -0500] "GET /?d=5387322 HTTP/1.1" 500 0 "-" "Mozilla/5.0 AppleWebKit/537.36 (KHTML, like Gecko; compatible; ClaudeBot/1.0; +claudebot@anthropic.com)"
216.73.216.20 - - [26/Dec/2025:18:53:31 -0500] "GET /?d=4861403 HTTP/1.1" 500 0 "-" "Mozilla/5.0 AppleWebKit/537.36 (KHTML, like Gecko; compatible; ClaudeBot/1.0; +claudebot@anthropic.com)"
69.62.111.181 - - [26/Dec/2025:18:53:35 -0500] "GET / HTTP/1.1" 500 0 "-" "Mozilla/5.0 (Windows NT 10.0; Win64; x64) AppleWebKit/537.36 (KHTML, like Gecko) Chrome/99.0.4844.51 Safari/537.36"
216.73.216.20 - - [26/Dec/2025:18:53:36 -0500] "GET /?d=2780372 HTTP/1.1" 500 0 "-" "Mozilla/5.0 AppleWebKit/537.36 (KHTML, like Gecko; compatible; ClaudeBot/1.0; +claudebot@anthropic.com)"
216.73.216.20 - - [26/Dec/2025:18:53:41 -0500] "GET /?d=164420 HTTP/1.1" 500 0 "-" "Mozilla/5.0 AppleWebKit/537.36 (KHTML, like Gecko; compatible; ClaudeBot/1.0; +claudebot@anthropic.com)"
216.73.216.20 - - [26/Dec/2025:18:53:46 -0500] "GET /?d=2686703 HTTP/1.1" 500 0 "-" "Mozilla/5.0 AppleWebKit/537.36 (KHTML, like Gecko; compatible; ClaudeBot/1.0; +claudebot@anthropic.com)"
216.73.216.20 - - [26/Dec/2025:18:53:51 -0500] "GET /?d=1003480 HTTP/1.1" 500 0 "-" "Mozilla/5.0 AppleWebKit/537.36 (KHTML, like Gecko; compatible; ClaudeBot/1.0; +claudebot@anthropic.com)"
185.191.171.15 - - [26/Dec/2025:18:53:54 -0500] "GET /?d=2052582 HTTP/1.1" 500 0 "-" "Mozilla/5.0 (compatible; SemrushBot/7~bl; +http://www.semrush.com/bot.html)"
216.73.216.20 - - [26/Dec/2025:18:53:56 -0500] "GET /?d=2170104 HTTP/1.1" 500 0 "-" "Mozilla/5.0 AppleWebKit/537.36 (KHTML, like Gecko; compatible; ClaudeBot/1.0; +claudebot@anthropic.com)"
216.73.216.20 - - [26/Dec/2025:18:54:01 -0500] "GET /?d=3789649 HTTP/1.1" 500 0 "-" "Mozilla/5.0 AppleWebKit/537.36 (KHTML, like Gecko; compatible; ClaudeBot/1.0; +claudebot@anthropic.com)"
216.73.216.20 - - [26/Dec/2025:18:54:06 -0500] "GET /?d=4283286 HTTP/1.1" 500 0 "-" "Mozilla/5.0 AppleWebKit/537.36 (KHTML, like Gecko; compatible; ClaudeBot/1.0; +claudebot@anthropic.com)"
216.73.216.20 - - [26/Dec/2025:18:54:11 -0500] "GET /?d=2991733 HTTP/1.1" 500 0 "-" "Mozilla/5.0 AppleWebKit/537.36 (KHTML, like Gecko; compatible; ClaudeBot/1.0; +claudebot@anthropic.com)"
216.73.216.20 - - [26/Dec/2025:18:54:16 -0500] "GET /?d=1374145 HTTP/1.1" 500 0 "-" "Mozilla/5.0 AppleWebKit/537.36 (KHTML, like Gecko; compatible; ClaudeBot/1.0; +claudebot@anthropic.com)"
216.73.216.20 - - [26/Dec/2025:18:54:21 -0500] "GET /?d=2763377 HTTP/1.1" 500 0 "-" "Mozilla/5.0 AppleWebKit/537.36 (KHTML, like Gecko; compatible; ClaudeBot/1.0; +claudebot@anthropic.com)"
216.73.216.20 - - [26/Dec/2025:18:54:26 -0500] "GET /?d=2487490 HTTP/1.1" 500 0 "-" "Mozilla/5.0 AppleWebKit/537.36 (KHTML, like Gecko; compatible; ClaudeBot/1.0; +claudebot@anthropic.com)"
216.73.216.20 - - [26/Dec/2025:18:54:27 -0500] "GET /?d=3605968 HTTP/1.1" 500 0 "-" "Mozilla/5.0 AppleWebKit/537.36 (KHTML, like Gecko; compatible; ClaudeBot/1.0; +claudebot@anthropic.com)"
216.73.216.20 - - [26/Dec/2025:18:54:32 -0500] "GET /?d=4537634 HTTP/1.1" 500 0 "-" "Mozilla/5.0 AppleWebKit/537.36 (KHTML, like Gecko; compatible; ClaudeBot/1.0; +claudebot@anthropic.com)"
216.73.216.20 - - [26/Dec/2025:18:54:37 -0500] "GET /?d=614890 HTTP/1.1" 500 0 "-" "Mozilla/5.0 AppleWebKit/537.36 (KHTML, like Gecko; compatible; ClaudeBot/1.0; +claudebot@anthropic.com)"
216.73.216.20 - - [26/Dec/2025:18:54:42 -0500] "GET /?d=2455833 HTTP/1.1" 500 0 "-" "Mozilla/5.0 AppleWebKit/537.36 (KHTML, like Gecko; compatible; ClaudeBot/1.0; +claudebot@anthropic.com)"
216.73.216.20 - - [26/Dec/2025:18:54:47 -0500] "GET /?d=1108758 HTTP/1.1" 500 0 "-" "Mozilla/5.0 AppleWebKit/537.36 (KHTML, like Gecko; compatible; ClaudeBot/1.0; +claudebot@anthropic.com)"
46.183.27.204 - - [26/Dec/2025:18:54:47 -0500] "GET / HTTP/1.1" 500 0 "-" "Mozilla/5.0 (Linux; Android 12; Pixel 6) AppleWebKit/537.36 (KHTML, like Gecko) Chrome/99.0.4844.58 Mobile Safari/537.36"
216.73.216.20 - - [26/Dec/2025:18:54:52 -0500] "GET /?d=5325516 HTTP/1.1" 500 0 "-" "Mozilla/5.0 AppleWebKit/537.36 (KHTML, like Gecko; compatible; ClaudeBot/1.0; +claudebot@anthropic.com)"
85.208.96.204 - - [26/Dec/2025:18:54:55 -0500] "GET /?d=42325 HTTP/1.1" 500 0 "-" "Mozilla/5.0 (compatible; SemrushBot/7~bl; +http://www.semrush.com/bot.html)"
216.73.216.20 - - [26/Dec/2025:18:54:56 -0500] "GET /?d=320643 HTTP/1.1" 500 0 "-" "Mozilla/5.0 AppleWebKit/537.36 (KHTML, like Gecko; compatible; ClaudeBot/1.0; +claudebot@anthropic.com)"
216.73.216.20 - - [26/Dec/2025:18:55:02 -0500] "GET /?d=166419 HTTP/1.1" 500 0 "-" "Mozilla/5.0 AppleWebKit/537.36 (KHTML, like Gecko; compatible; ClaudeBot/1.0; +claudebot@anthropic.com)"
216.73.216.20 - - [26/Dec/2025:18:55:07 -0500] "GET /?d=269074 HTTP/1.1" 500 0 "-" "Mozilla/5.0 AppleWebKit/537.36 (KHTML, like Gecko; compatible; ClaudeBot/1.0; +claudebot@anthropic.com)"
216.73.216.20 - - [26/Dec/2025:18:55:12 -0500] "GET /?d=5484109 HTTP/1.1" 500 0 "-" "Mozilla/5.0 AppleWebKit/537.36 (KHTML, like Gecko; compatible; ClaudeBot/1.0; +claudebot@anthropic.com)"
216.73.216.20 - - [26/Dec/2025:18:55:17 -0500] "GET /?d=2263916 HTTP/1.1" 500 0 "-" "Mozilla/5.0 AppleWebKit/537.36 (KHTML, like Gecko; compatible; ClaudeBot/1.0; +claudebot@anthropic.com)"
216.73.216.20 - - [26/Dec/2025:18:55:22 -0500] "GET /?d=2532914 HTTP/1.1" 500 0 "-" "Mozilla/5.0 AppleWebKit/537.36 (KHTML, like Gecko; compatible; ClaudeBot/1.0; +claudebot@anthropic.com)"
216.73.216.20 - - [26/Dec/2025:18:55:27 -0500] "GET /?d=4470329 HTTP/1.1" 500 0 "-" "Mozilla/5.0 AppleWebKit/537.36 (KHTML, like Gecko; compatible; ClaudeBot/1.0; +claudebot@anthropic.com)"
31.186.11.171 - - [26/Dec/2025:18:55:29 -0500] "GET / HTTP/1.1" 500 0 "-" "Mozilla/5.0 (Windows NT 10.0; Win64; x64) AppleWebKit/537.36 (KHTML, like Gecko) Chrome/116.0.0.0 Safari/537.36"
216.73.216.20 - - [26/Dec/2025:18:55:32 -0500] "GET /?d=5168147 HTTP/1.1" 500 0 "-" "Mozilla/5.0 AppleWebKit/537.36 (KHTML, like Gecko; compatible; ClaudeBot/1.0; +claudebot@anthropic.com)"
216.73.216.20 - - [26/Dec/2025:18:55:37 -0500] "GET /?d=3467700 HTTP/1.1" 500 0 "-" "Mozilla/5.0 AppleWebKit/537.36 (KHTML, like Gecko; compatible; ClaudeBot/1.0; +claudebot@anthropic.com)"
216.73.216.20 - - [26/Dec/2025:18:55:42 -0500] "GET /?d=2817428 HTTP/1.1" 500 0 "-" "Mozilla/5.0 AppleWebKit/537.36 (KHTML, like Gecko; compatible; ClaudeBot/1.0; +claudebot@anthropic.com)"
216.73.216.20 - - [26/Dec/2025:18:55:47 -0500] "GET /?d=1366686 HTTP/1.1" 500 0 "-" "Mozilla/5.0 AppleWebKit/537.36 (KHTML, like Gecko; compatible; ClaudeBot/1.0; +claudebot@anthropic.com)"
216.73.216.20 - - [26/Dec/2025:18:55:52 -0500] "GET /?d=1832673 HTTP/1.1" 500 0 "-" "Mozilla/5.0 AppleWebKit/537.36 (KHTML, like Gecko; compatible; ClaudeBot/1.0; +claudebot@anthropic.com)"
85.208.96.200 - - [26/Dec/2025:18:55:56 -0500] "GET /?d=1046589 HTTP/1.1" 500 0 "-" "Mozilla/5.0 (compatible; SemrushBot/7~bl; +http://www.semrush.com/bot.html)"
209.133.204.250 - - [26/Dec/2025:18:55:56 -0500] "GET / HTTP/1.1" 500 0 "-" "Mozilla/5.0 (Windows NT 10.0; Win64; x64) AppleWebKit/537.36 (KHTML, like Gecko) Chrome/99.0.4844.51 Safari/537.36 Edg/99.0.1150.30"
216.73.216.20 - - [26/Dec/2025:18:55:57 -0500] "GET /?d=2491247 HTTP/1.1" 500 0 "-" "Mozilla/5.0 AppleWebKit/537.36 (KHTML, like Gecko; compatible; ClaudeBot/1.0; +claudebot@anthropic.com)"
216.73.216.20 - - [26/Dec/2025:18:56:02 -0500] "GET /?d=2903286 HTTP/1.1" 500 0 "-" "Mozilla/5.0 AppleWebKit/537.36 (KHTML, like Gecko; compatible; ClaudeBot/1.0; +claudebot@anthropic.com)"
216.73.216.20 - - [26/Dec/2025:18:56:07 -0500] "GET /?d=2944529 HTTP/1.1" 500 0 "-" "Mozilla/5.0 AppleWebKit/537.36 (KHTML, like Gecko; compatible; ClaudeBot/1.0; +claudebot@anthropic.com)"
216.73.216.20 - - [26/Dec/2025:18:56:12 -0500] "GET /?d=2478413 HTTP/1.1" 500 0 "-" "Mozilla/5.0 AppleWebKit/537.36 (KHTML, like Gecko; compatible; ClaudeBot/1.0; +claudebot@anthropic.com)"
216.73.216.20 - - [26/Dec/2025:18:56:17 -0500] "GET /?d=1776196 HTTP/1.1" 500 0 "-" "Mozilla/5.0 AppleWebKit/537.36 (KHTML, like Gecko; compatible; ClaudeBot/1.0; +claudebot@anthropic.com)"
216.73.216.20 - - [26/Dec/2025:18:56:22 -0500] "GET /?d=4070866 HTTP/1.1" 500 0 "-" "Mozilla/5.0 AppleWebKit/537.36 (KHTML, like Gecko; compatible; ClaudeBot/1.0; +claudebot@anthropic.com)"
216.73.216.20 - - [26/Dec/2025:18:56:27 -0500] "GET /?d=3550437 HTTP/1.1" 500 0 "-" "Mozilla/5.0 AppleWebKit/537.36 (KHTML, like Gecko; compatible; ClaudeBot/1.0; +claudebot@anthropic.com)"
216.73.216.20 - - [26/Dec/2025:18:56:32 -0500] "GET /?d=5209567 HTTP/1.1" 500 0 "-" "Mozilla/5.0 AppleWebKit/537.36 (KHTML, like Gecko; compatible; ClaudeBot/1.0; +claudebot@anthropic.com)"
216.73.216.20 - - [26/Dec/2025:18:56:37 -0500] "GET /?d=3583873 HTTP/1.1" 500 0 "-" "Mozilla/5.0 AppleWebKit/537.36 (KHTML, like Gecko; compatible; ClaudeBot/1.0; +claudebot@anthropic.com)"
216.73.216.20 - - [26/Dec/2025:18:56:42 -0500] "GET /?d=5146297 HTTP/1.1" 500 0 "-" "Mozilla/5.0 AppleWebKit/537.36 (KHTML, like Gecko; compatible; ClaudeBot/1.0; +claudebot@anthropic.com)"
216.73.216.20 - - [26/Dec/2025:18:56:47 -0500] "GET /?d=4420962 HTTP/1.1" 500 0 "-" "Mozilla/5.0 AppleWebKit/537.36 (KHTML, like Gecko; compatible; ClaudeBot/1.0; +claudebot@anthropic.com)"
216.73.216.20 - - [26/Dec/2025:18:56:52 -0500] "GET /?d=3073266 HTTP/1.1" 500 0 "-" "Mozilla/5.0 AppleWebKit/537.36 (KHTML, like Gecko; compatible; ClaudeBot/1.0; +claudebot@anthropic.com)"
216.73.216.20 - - [26/Dec/2025:18:56:57 -0500] "GET /?d=4985394 HTTP/1.1" 500 0 "-" "Mozilla/5.0 AppleWebKit/537.36 (KHTML, like Gecko; compatible; ClaudeBot/1.0; +claudebot@anthropic.com)"
185.191.171.14 - - [26/Dec/2025:18:56:57 -0500] "GET /?d=2358184 HTTP/1.1" 500 0 "-" "Mozilla/5.0 (compatible; SemrushBot/7~bl; +http://www.semrush.com/bot.html)"
216.73.216.20 - - [26/Dec/2025:18:57:02 -0500] "GET /?d=4836692 HTTP/1.1" 500 0 "-" "Mozilla/5.0 AppleWebKit/537.36 (KHTML, like Gecko; compatible; ClaudeBot/1.0; +claudebot@anthropic.com)"
216.73.216.20 - - [26/Dec/2025:18:57:07 -0500] "GET /?d=4064829 HTTP/1.1" 500 0 "-" "Mozilla/5.0 AppleWebKit/537.36 (KHTML, like Gecko; compatible; ClaudeBot/1.0; +claudebot@anthropic.com)"
216.73.216.20 - - [26/Dec/2025:18:57:12 -0500] "GET /?d=1409644 HTTP/1.1" 500 0 "-" "Mozilla/5.0 AppleWebKit/537.36 (KHTML, like Gecko; compatible; ClaudeBot/1.0; +claudebot@anthropic.com)"
216.73.216.20 - - [26/Dec/2025:18:57:17 -0500] "GET /?d=5332572 HTTP/1.1" 500 0 "-" "Mozilla/5.0 AppleWebKit/537.36 (KHTML, like Gecko; compatible; ClaudeBot/1.0; +claudebot@anthropic.com)"
216.73.216.20 - - [26/Dec/2025:18:57:22 -0500] "GET /?d=4735366 HTTP/1.1" 500 0 "-" "Mozilla/5.0 AppleWebKit/537.36 (KHTML, like Gecko; compatible; ClaudeBot/1.0; +claudebot@anthropic.com)"
216.73.216.20 - - [26/Dec/2025:18:57:27 -0500] "GET /?d=4844404 HTTP/1.1" 500 0 "-" "Mozilla/5.0 AppleWebKit/537.36 (KHTML, like Gecko; compatible; ClaudeBot/1.0; +claudebot@anthropic.com)"
216.73.216.20 - - [26/Dec/2025:18:57:32 -0500] "GET /?d=48121 HTTP/1.1" 500 0 "-" "Mozilla/5.0 AppleWebKit/537.36 (KHTML, like Gecko; compatible; ClaudeBot/1.0; +claudebot@anthropic.com)"
216.73.216.20 - - [26/Dec/2025:18:57:37 -0500] "GET /?d=2147285 HTTP/1.1" 500 0 "-" "Mozilla/5.0 AppleWebKit/537.36 (KHTML, like Gecko; compatible; ClaudeBot/1.0; +claudebot@anthropic.com)"
216.73.216.20 - - [26/Dec/2025:18:57:42 -0500] "GET /?d=1998475 HTTP/1.1" 500 0 "-" "Mozilla/5.0 AppleWebKit/537.36 (KHTML, like Gecko; compatible; ClaudeBot/1.0; +claudebot@anthropic.com)"
216.73.216.20 - - [26/Dec/2025:18:57:47 -0500] "GET /?d=210294 HTTP/1.1" 500 0 "-" "Mozilla/5.0 AppleWebKit/537.36 (KHTML, like Gecko; compatible; ClaudeBot/1.0; +claudebot@anthropic.com)"
216.73.216.20 - - [26/Dec/2025:18:57:52 -0500] "GET /?d=5113863 HTTP/1.1" 500 0 "-" "Mozilla/5.0 AppleWebKit/537.36 (KHTML, like Gecko; compatible; ClaudeBot/1.0; +claudebot@anthropic.com)"
216.73.216.20 - - [26/Dec/2025:18:57:57 -0500] "GET /?d=2990551 HTTP/1.1" 500 0 "-" "Mozilla/5.0 AppleWebKit/537.36 (KHTML, like Gecko; compatible; ClaudeBot/1.0; +claudebot@anthropic.com)"
185.191.171.9 - - [26/Dec/2025:18:57:58 -0500] "GET /?d=3947078 HTTP/1.1" 500 0 "-" "Mozilla/5.0 (compatible; SemrushBot/7~bl; +http://www.semrush.com/bot.html)"
216.73.216.20 - - [26/Dec/2025:18:58:02 -0500] "GET /?d=75324 HTTP/1.1" 500 0 "-" "Mozilla/5.0 AppleWebKit/537.36 (KHTML, like Gecko; compatible; ClaudeBot/1.0; +claudebot@anthropic.com)"
216.73.216.20 - - [26/Dec/2025:18:58:07 -0500] "GET /?d=464650 HTTP/1.1" 500 0 "-" "Mozilla/5.0 AppleWebKit/537.36 (KHTML, like Gecko; compatible; ClaudeBot/1.0; +claudebot@anthropic.com)"
216.73.216.20 - - [26/Dec/2025:18:58:12 -0500] "GET /?d=778804 HTTP/1.1" 500 0 "-" "Mozilla/5.0 AppleWebKit/537.36 (KHTML, like Gecko; compatible; ClaudeBot/1.0; +claudebot@anthropic.com)"
216.73.216.20 - - [26/Dec/2025:18:58:17 -0500] "GET /?d=1431671 HTTP/1.1" 500 0 "-" "Mozilla/5.0 AppleWebKit/537.36 (KHTML, like Gecko; compatible; ClaudeBot/1.0; +claudebot@anthropic.com)"
216.73.216.20 - - [26/Dec/2025:18:58:22 -0500] "GET /?d=488197 HTTP/1.1" 500 0 "-" "Mozilla/5.0 AppleWebKit/537.36 (KHTML, like Gecko; compatible; ClaudeBot/1.0; +claudebot@anthropic.com)"
216.73.216.20 - - [26/Dec/2025:18:58:27 -0500] "GET /?d=3554271 HTTP/1.1" 500 0 "-" "Mozilla/5.0 AppleWebKit/537.36 (KHTML, like Gecko; compatible; ClaudeBot/1.0; +claudebot@anthropic.com)"
216.73.216.20 - - [26/Dec/2025:18:58:32 -0500] "GET /?d=853073 HTTP/1.1" 500 0 "-" "Mozilla/5.0 AppleWebKit/537.36 (KHTML, like Gecko; compatible; ClaudeBot/1.0; +claudebot@anthropic.com)"
216.73.216.20 - - [26/Dec/2025:18:58:37 -0500] "GET /?d=495304 HTTP/1.1" 500 0 "-" "Mozilla/5.0 AppleWebKit/537.36 (KHTML, like Gecko; compatible; ClaudeBot/1.0; +claudebot@anthropic.com)"
216.73.216.20 - - [26/Dec/2025:18:58:42 -0500] "GET /?d=2400565 HTTP/1.1" 500 0 "-" "Mozilla/5.0 AppleWebKit/537.36 (KHTML, like Gecko; compatible; ClaudeBot/1.0; +claudebot@anthropic.com)"
216.73.216.20 - - [26/Dec/2025:18:58:47 -0500] "GET /?d=215958 HTTP/1.1" 500 0 "-" "Mozilla/5.0 AppleWebKit/537.36 (KHTML, like Gecko; compatible; ClaudeBot/1.0; +claudebot@anthropic.com)"
216.73.216.20 - - [26/Dec/2025:18:58:52 -0500] "GET /?d=5221574 HTTP/1.1" 500 0 "-" "Mozilla/5.0 AppleWebKit/537.36 (KHTML, like Gecko; compatible; ClaudeBot/1.0; +claudebot@anthropic.com)"
216.73.216.20 - - [26/Dec/2025:18:58:57 -0500] "GET /?d=4065397 HTTP/1.1" 500 0 "-" "Mozilla/5.0 AppleWebKit/537.36 (KHTML, like Gecko; compatible; ClaudeBot/1.0; +claudebot@anthropic.com)"
185.191.171.15 - - [26/Dec/2025:18:59:00 -0500] "GET /?d=3369516 HTTP/1.1" 500 0 "-" "Mozilla/5.0 (compatible; SemrushBot/7~bl; +http://www.semrush.com/bot.html)"
216.73.216.20 - - [26/Dec/2025:18:59:02 -0500] "GET /?d=854076 HTTP/1.1" 500 0 "-" "Mozilla/5.0 AppleWebKit/537.36 (KHTML, like Gecko; compatible; ClaudeBot/1.0; +claudebot@anthropic.com)"
216.73.216.20 - - [26/Dec/2025:18:59:07 -0500] "GET /?d=3376845 HTTP/1.1" 500 0 "-" "Mozilla/5.0 AppleWebKit/537.36 (KHTML, like Gecko; compatible; ClaudeBot/1.0; +claudebot@anthropic.com)"
216.73.216.20 - - [26/Dec/2025:18:59:12 -0500] "GET /?d=969017 HTTP/1.1" 500 0 "-" "Mozilla/5.0 AppleWebKit/537.36 (KHTML, like Gecko; compatible; ClaudeBot/1.0; +claudebot@anthropic.com)"
216.73.216.20 - - [26/Dec/2025:18:59:17 -0500] "GET /?d=761016 HTTP/1.1" 500 0 "-" "Mozilla/5.0 AppleWebKit/537.36 (KHTML, like Gecko; compatible; ClaudeBot/1.0; +claudebot@anthropic.com)"
216.73.216.20 - - [26/Dec/2025:18:59:22 -0500] "GET /?d=200967 HTTP/1.1" 500 0 "-" "Mozilla/5.0 AppleWebKit/537.36 (KHTML, like Gecko; compatible; ClaudeBot/1.0; +claudebot@anthropic.com)"
216.73.216.20 - - [26/Dec/2025:18:59:27 -0500] "GET /?d=2298437 HTTP/1.1" 500 0 "-" "Mozilla/5.0 AppleWebKit/537.36 (KHTML, like Gecko; compatible; ClaudeBot/1.0; +claudebot@anthropic.com)"
216.73.216.20 - - [26/Dec/2025:18:59:32 -0500] "GET /?d=4512281 HTTP/1.1" 500 0 "-" "Mozilla/5.0 AppleWebKit/537.36 (KHTML, like Gecko; compatible; ClaudeBot/1.0; +claudebot@anthropic.com)"
216.73.216.20 - - [26/Dec/2025:18:59:37 -0500] "GET /?d=4843486 HTTP/1.1" 500 0 "-" "Mozilla/5.0 AppleWebKit/537.36 (KHTML, like Gecko; compatible; ClaudeBot/1.0; +claudebot@anthropic.com)"
185.191.171.17 - - [26/Dec/2025:18:59:42 -0500] "GET /robots.txt HTTP/1.1" 200 231 "-" "Mozilla/5.0 (compatible; SemrushBot/7~bl; +http://www.semrush.com/bot.html)"
216.73.216.20 - - [26/Dec/2025:18:59:42 -0500] "GET /?d=213592 HTTP/1.1" 500 0 "-" "Mozilla/5.0 AppleWebKit/537.36 (KHTML, like Gecko; compatible; ClaudeBot/1.0; +claudebot@anthropic.com)"
216.73.216.20 - - [26/Dec/2025:18:59:47 -0500] "GET /?d=5221029 HTTP/1.1" 500 0 "-" "Mozilla/5.0 AppleWebKit/537.36 (KHTML, like Gecko; compatible; ClaudeBot/1.0; +claudebot@anthropic.com)"
216.73.216.20 - - [26/Dec/2025:18:59:52 -0500] "GET /?d=1669045 HTTP/1.1" 500 0 "-" "Mozilla/5.0 AppleWebKit/537.36 (KHTML, like Gecko; compatible; ClaudeBot/1.0; +claudebot@anthropic.com)"
216.73.216.20 - - [26/Dec/2025:18:59:57 -0500] "GET /?d=3204645 HTTP/1.1" 500 0 "-" "Mozilla/5.0 AppleWebKit/537.36 (KHTML, like Gecko; compatible; ClaudeBot/1.0; +claudebot@anthropic.com)"
185.191.171.4 - - [26/Dec/2025:19:00:01 -0500] "GET /?d=465747 HTTP/1.1" 500 0 "-" "Mozilla/5.0 (compatible; SemrushBot/7~bl; +http://www.semrush.com/bot.html)"
216.73.216.20 - - [26/Dec/2025:19:00:02 -0500] "GET /?d=731385 HTTP/1.1" 500 0 "-" "Mozilla/5.0 AppleWebKit/537.36 (KHTML, like Gecko; compatible; ClaudeBot/1.0; +claudebot@anthropic.com)"
216.73.216.20 - - [26/Dec/2025:19:00:08 -0500] "GET /?d=629913 HTTP/1.1" 500 0 "-" "Mozilla/5.0 AppleWebKit/537.36 (KHTML, like Gecko; compatible; ClaudeBot/1.0; +claudebot@anthropic.com)"
216.73.216.20 - - [26/Dec/2025:19:00:13 -0500] "GET /?d=1120650 HTTP/1.1" 500 0 "-" "Mozilla/5.0 AppleWebKit/537.36 (KHTML, like Gecko; compatible; ClaudeBot/1.0; +claudebot@anthropic.com)"
216.73.216.20 - - [26/Dec/2025:19:00:18 -0500] "GET /?d=1124099 HTTP/1.1" 500 0 "-" "Mozilla/5.0 AppleWebKit/537.36 (KHTML, like Gecko; compatible; ClaudeBot/1.0; +claudebot@anthropic.com)"
216.73.216.20 - - [26/Dec/2025:19:00:23 -0500] "GET /?d=429505 HTTP/1.1" 500 0 "-" "Mozilla/5.0 AppleWebKit/537.36 (KHTML, like Gecko; compatible; ClaudeBot/1.0; +claudebot@anthropic.com)"
216.73.216.20 - - [26/Dec/2025:19:00:28 -0500] "GET /?d=3852297 HTTP/1.1" 500 0 "-" "Mozilla/5.0 AppleWebKit/537.36 (KHTML, like Gecko; compatible; ClaudeBot/1.0; +claudebot@anthropic.com)"
216.73.216.20 - - [26/Dec/2025:19:00:33 -0500] "GET /?d=2235577 HTTP/1.1" 500 0 "-" "Mozilla/5.0 AppleWebKit/537.36 (KHTML, like Gecko; compatible; ClaudeBot/1.0; +claudebot@anthropic.com)"
216.73.216.20 - - [26/Dec/2025:19:00:38 -0500] "GET /?d=3132850 HTTP/1.1" 500 0 "-" "Mozilla/5.0 AppleWebKit/537.36 (KHTML, like Gecko; compatible; ClaudeBot/1.0; +claudebot@anthropic.com)"
216.73.216.20 - - [26/Dec/2025:19:00:43 -0500] "GET /?d=764236 HTTP/1.1" 500 0 "-" "Mozilla/5.0 AppleWebKit/537.36 (KHTML, like Gecko; compatible; ClaudeBot/1.0; +claudebot@anthropic.com)"
216.73.216.20 - - [26/Dec/2025:19:00:48 -0500] "GET /?d=4843686 HTTP/1.1" 500 0 "-" "Mozilla/5.0 AppleWebKit/537.36 (KHTML, like Gecko; compatible; ClaudeBot/1.0; +claudebot@anthropic.com)"
216.73.216.20 - - [26/Dec/2025:19:00:53 -0500] "GET /?d=1845337 HTTP/1.1" 500 0 "-" "Mozilla/5.0 AppleWebKit/537.36 (KHTML, like Gecko; compatible; ClaudeBot/1.0; +claudebot@anthropic.com)"
114.119.147.240 - - [26/Dec/2025:19:00:55 -0500] "GET /?d=887259 HTTP/1.1" 500 0 "https://diabetesjokes.com/sitemap-9.xml" "Mozilla/5.0 (Linux; Android 7.0;) AppleWebKit/537.36 (KHTML, like Gecko) Mobile Safari/537.36 (compatible; PetalBot;+https://webmaster.petalsearch.com/site/petalbot)"
216.73.216.20 - - [26/Dec/2025:19:00:58 -0500] "GET /?d=4882545 HTTP/1.1" 500 0 "-" "Mozilla/5.0 AppleWebKit/537.36 (KHTML, like Gecko; compatible; ClaudeBot/1.0; +claudebot@anthropic.com)"
185.191.171.14 - - [26/Dec/2025:19:01:02 -0500] "GET /?d=4066880 HTTP/1.1" 500 0 "-" "Mozilla/5.0 (compatible; SemrushBot/7~bl; +http://www.semrush.com/bot.html)"
216.73.216.20 - - [26/Dec/2025:19:01:03 -0500] "GET /?d=3848699 HTTP/1.1" 500 0 "-" "Mozilla/5.0 AppleWebKit/537.36 (KHTML, like Gecko; compatible; ClaudeBot/1.0; +claudebot@anthropic.com)"
216.73.216.20 - - [26/Dec/2025:19:01:08 -0500] "GET /?d=3583253 HTTP/1.1" 500 0 "-" "Mozilla/5.0 AppleWebKit/537.36 (KHTML, like Gecko; compatible; ClaudeBot/1.0; +claudebot@anthropic.com)"
216.73.216.20 - - [26/Dec/2025:19:01:13 -0500] "GET /?d=3035313 HTTP/1.1" 500 0 "-" "Mozilla/5.0 AppleWebKit/537.36 (KHTML, like Gecko; compatible; ClaudeBot/1.0; +claudebot@anthropic.com)"
216.73.216.20 - - [26/Dec/2025:19:01:18 -0500] "GET /?d=447792 HTTP/1.1" 500 0 "-" "Mozilla/5.0 AppleWebKit/537.36 (KHTML, like Gecko; compatible; ClaudeBot/1.0; +claudebot@anthropic.com)"
216.73.216.20 - - [26/Dec/2025:19:01:23 -0500] "GET /?d=4972056 HTTP/1.1" 500 0 "-" "Mozilla/5.0 AppleWebKit/537.36 (KHTML, like Gecko; compatible; ClaudeBot/1.0; +claudebot@anthropic.com)"
34.83.14.47 - - [26/Dec/2025:19:01:27 -0500] "HEAD /new/ HTTP/1.1" 500 0 "http://diabetesjokes.com/new/" "Mozilla/5.0 (X11; Linux x86_64) AppleWebKit/537.36 (KHTML, like Gecko) Chrome/125.0.6422.76 Safari/537.36"
34.83.14.47 - - [26/Dec/2025:19:01:27 -0500] "HEAD / HTTP/1.1" 500 0 "http://diabetesjokes.com/" "Mozilla/5.0 (Windows NT 10.0; WOW64) AppleWebKit/537.36 (KHTML, like Gecko) Chrome/118.0.5993.90 Safari/537.36"
34.83.14.47 - - [26/Dec/2025:19:01:28 -0500] "HEAD /blog/ HTTP/1.1" 500 0 "http://diabetesjokes.com/blog/" "Mozilla/5.0 (Linux; Android 14; SM-A146P) AppleWebKit/537.36 (KHTML, like Gecko) SamsungBrowser/25.0 Chrome/123.0.6312.120 Mobile Safari/537.36"
34.83.14.47 - - [26/Dec/2025:19:01:28 -0500] "HEAD /backup/ HTTP/1.1" 500 0 "http://diabetesjokes.com/backup/" "Mozilla/5.0 (Linux; Android 11; RMX2195) AppleWebKit/537.36 (KHTML, like Gecko) Chrome/120.0.6099.210 Mobile Safari/537.36 OPR/75.2.3995.72468"
34.83.14.47 - - [26/Dec/2025:19:01:28 -0500] "HEAD /wp/ HTTP/1.1" 500 0 "http://diabetesjokes.com/wp/" "Mozilla/5.0 (iPad; CPU OS 17_4 like Mac OS X) AppleWebKit/605.1.15 (KHTML, like Gecko) Version/17.4 Mobile/15E148 Safari/604.1"
34.83.14.47 - - [26/Dec/2025:19:01:28 -0500] "HEAD /wordpress/ HTTP/1.1" 500 0 "http://diabetesjokes.com/wordpress/" "Mozilla/5.0 (Windows NT 10.0; Win64; x64) AppleWebKit/537.36 (KHTML, like Gecko) Chrome/126.0.6478.70 Safari/537.36 Vivaldi/6.7.3200.25"
216.73.216.20 - - [26/Dec/2025:19:01:28 -0500] "GET /?d=800803 HTTP/1.1" 500 0 "-" "Mozilla/5.0 AppleWebKit/537.36 (KHTML, like Gecko; compatible; ClaudeBot/1.0; +claudebot@anthropic.com)"
34.83.14.47 - - [26/Dec/2025:19:01:28 -0500] "HEAD /old/ HTTP/1.1" 500 0 "http://diabetesjokes.com/old/" "Mozilla/5.0 (Linux; Android 13; Pixel 7a) AppleWebKit/537.36 (KHTML, like Gecko) Chrome/124.0.6367.82 Mobile Safari/537.36"
216.73.216.20 - - [26/Dec/2025:19:01:34 -0500] "GET /?d=1983303 HTTP/1.1" 500 0 "-" "Mozilla/5.0 AppleWebKit/537.36 (KHTML, like Gecko; compatible; ClaudeBot/1.0; +claudebot@anthropic.com)"
216.73.216.20 - - [26/Dec/2025:19:01:39 -0500] "GET /?d=191371 HTTP/1.1" 500 0 "-" "Mozilla/5.0 AppleWebKit/537.36 (KHTML, like Gecko; compatible; ClaudeBot/1.0; +claudebot@anthropic.com)"
216.73.216.20 - - [26/Dec/2025:19:01:44 -0500] "GET /?d=2805075 HTTP/1.1" 500 0 "-" "Mozilla/5.0 AppleWebKit/537.36 (KHTML, like Gecko; compatible; ClaudeBot/1.0; +claudebot@anthropic.com)"
5.255.231.52 - - [26/Dec/2025:19:01:48 -0500] "GET /robots.txt HTTP/1.1" 200 2202 "-" "Mozilla/5.0 (compatible; YandexBot/3.0; +http://yandex.com/bots)"
216.73.216.20 - - [26/Dec/2025:19:01:49 -0500] "GET /?d=4668944 HTTP/1.1" 500 0 "-" "Mozilla/5.0 AppleWebKit/537.36 (KHTML, like Gecko; compatible; ClaudeBot/1.0; +claudebot@anthropic.com)"
103.255.134.61 - - [26/Dec/2025:19:01:52 -0500] "GET / HTTP/1.1" 500 0 "-" "Mozilla/5.0 (Windows NT 10.0; Win64; x64) AppleWebKit/537.36 (KHTML, like Gecko) Chrome/101.0.4951.64 Safari/537.36 Edg/101.0.1210.47"
216.73.216.20 - - [26/Dec/2025:19:01:54 -0500] "GET /?d=5282431 HTTP/1.1" 500 0 "-" "Mozilla/5.0 AppleWebKit/537.36 (KHTML, like Gecko; compatible; ClaudeBot/1.0; +claudebot@anthropic.com)"
216.73.216.20 - - [26/Dec/2025:19:01:59 -0500] "GET /?d=365585 HTTP/1.1" 500 0 "-" "Mozilla/5.0 AppleWebKit/537.36 (KHTML, like Gecko; compatible; ClaudeBot/1.0; +claudebot@anthropic.com)"
185.191.171.9 - - [26/Dec/2025:19:02:03 -0500] "GET /?d=5109864 HTTP/1.1" 500 0 "-" "Mozilla/5.0 (compatible; SemrushBot/7~bl; +http://www.semrush.com/bot.html)"
216.73.216.20 - - [26/Dec/2025:19:02:04 -0500] "GET /?d=2807095 HTTP/1.1" 500 0 "-" "Mozilla/5.0 AppleWebKit/537.36 (KHTML, like Gecko; compatible; ClaudeBot/1.0; +claudebot@anthropic.com)"
216.73.216.20 - - [26/Dec/2025:19:02:09 -0500] "GET /?d=2679489 HTTP/1.1" 500 0 "-" "Mozilla/5.0 AppleWebKit/537.36 (KHTML, like Gecko; compatible; ClaudeBot/1.0; +claudebot@anthropic.com)"
216.73.216.20 - - [26/Dec/2025:19:02:14 -0500] "GET /?d=2296952 HTTP/1.1" 500 0 "-" "Mozilla/5.0 AppleWebKit/537.36 (KHTML, like Gecko; compatible; ClaudeBot/1.0; +claudebot@anthropic.com)"
194.60.201.96 - - [26/Dec/2025:19:02:14 -0500] "POST /xmlrpc.php HTTP/1.1" 403 42 "-" "Mozilla/5.0 (Windows NT 10.0; Win64; x64; rv:100.0) Gecko/20100101 Firefox/100.0"
216.73.216.20 - - [26/Dec/2025:19:02:19 -0500] "GET /?d=4529281 HTTP/1.1" 500 0 "-" "Mozilla/5.0 AppleWebKit/537.36 (KHTML, like Gecko; compatible; ClaudeBot/1.0; +claudebot@anthropic.com)"
216.73.216.20 - - [26/Dec/2025:19:02:24 -0500] "GET /?d=4539490 HTTP/1.1" 500 0 "-" "Mozilla/5.0 AppleWebKit/537.36 (KHTML, like Gecko; compatible; ClaudeBot/1.0; +claudebot@anthropic.com)"
216.73.216.20 - - [26/Dec/2025:19:02:29 -0500] "GET /?d=3856735 HTTP/1.1" 500 0 "-" "Mozilla/5.0 AppleWebKit/537.36 (KHTML, like Gecko; compatible; ClaudeBot/1.0; +claudebot@anthropic.com)"
216.73.216.20 - - [26/Dec/2025:19:02:34 -0500] "GET /?d=4811577 HTTP/1.1" 500 0 "-" "Mozilla/5.0 AppleWebKit/537.36 (KHTML, like Gecko; compatible; ClaudeBot/1.0; +claudebot@anthropic.com)"
216.73.216.20 - - [26/Dec/2025:19:02:39 -0500] "GET /?d=4602265 HTTP/1.1" 500 0 "-" "Mozilla/5.0 AppleWebKit/537.36 (KHTML, like Gecko; compatible; ClaudeBot/1.0; +claudebot@anthropic.com)"
216.73.216.20 - - [26/Dec/2025:19:02:44 -0500] "GET /?d=4843600 HTTP/1.1" 500 0 "-" "Mozilla/5.0 AppleWebKit/537.36 (KHTML, like Gecko; compatible; ClaudeBot/1.0; +claudebot@anthropic.com)"
216.73.216.20 - - [26/Dec/2025:19:02:49 -0500] "GET /?d=3922883 HTTP/1.1" 500 0 "-" "Mozilla/5.0 AppleWebKit/537.36 (KHTML, like Gecko; compatible; ClaudeBot/1.0; +claudebot@anthropic.com)"
216.73.216.20 - - [26/Dec/2025:19:02:54 -0500] "GET /?d=1460281 HTTP/1.1" 500 0 "-" "Mozilla/5.0 AppleWebKit/537.36 (KHTML, like Gecko; compatible; ClaudeBot/1.0; +claudebot@anthropic.com)"
216.73.216.20 - - [26/Dec/2025:19:02:59 -0500] "GET /?d=684632 HTTP/1.1" 500 0 "-" "Mozilla/5.0 AppleWebKit/537.36 (KHTML, like Gecko; compatible; ClaudeBot/1.0; +claudebot@anthropic.com)"
185.191.171.9 - - [26/Dec/2025:19:03:04 -0500] "GET /?d=4414787 HTTP/1.1" 500 0 "-" "Mozilla/5.0 (compatible; SemrushBot/7~bl; +http://www.semrush.com/bot.html)"
216.73.216.20 - - [26/Dec/2025:19:03:04 -0500] "GET /?d=282764 HTTP/1.1" 500 0 "-" "Mozilla/5.0 AppleWebKit/537.36 (KHTML, like Gecko; compatible; ClaudeBot/1.0; +claudebot@anthropic.com)"
